{"id":696300,"date":"2025-08-27T14:33:51","date_gmt":"2025-08-27T11:33:51","guid":{"rendered":"https:\/\/roveyayinevi.com.tr\/index.php\/urun\/organik-kimyada-spektroskopik-yontemler\/"},"modified":"2026-04-16T02:06:16","modified_gmt":"2026-04-15T23:06:16","slug":"organik-kimyada-spektroskopik-yontemler","status":"publish","type":"product","link":"https:\/\/roveyayinevi.com.tr\/index.php\/urun\/organik-kimyada-spektroskopik-yontemler\/","title":{"rendered":"Organik Kimyada Spektroskopik Y\u00f6ntemler"},"content":{"rendered":"<p>Bu kitap, 1977&#8217;de vermeye ba\u015flad\u0131\u011f\u0131m Organik Kimyada Spektroskopik Y\u00f6ntemler dersinin ders notlar\u0131na dayanarak haz\u0131rlanm\u0131\u015ft\u0131r. Spektroskopik y\u00f6ntemler, g\u00fcn\u00fcm\u00fczde organik bile\u015fiklerin yap\u0131lar\u0131n\u0131n ayd\u0131nlat\u0131lmas\u0131nda ve tan\u0131nmas\u0131nda \u00e7ok kullan\u0131lmaktad\u0131r.Bunun i\u00e7in her organik kimyac\u0131n\u0131n bu y\u00f6ntemlerden ne ama\u00e7la ve nas\u0131l yararlanaca\u011f\u0131n\u0131 \u00e7ok iyi bilmesi gerekir. Bu bilgiyi k\u0131smen lisans d\u00fczeyinde edinmekte; fakat ara\u015ft\u0131rmalar\u0131 s\u0131ras\u0131nda spektrum \u2013 yap\u0131 de\u011ferlendirmeleri i\u00e7in ayr\u0131nt\u0131l\u0131 \u00e7izelgelere ve sorular\u0131n\u0131 \u00e7\u00f6zebilece\u011fi kaynak bilgiye gereksinim duymaktad\u0131r. Bu nedenle kitab\u0131n hem ders kitab\u0131, hem de organik kimyac\u0131n\u0131n \u00e7abuk veya ayr\u0131nt\u0131l\u0131 bir spektroskopik analiz i\u00e7in ba\u015fvuraca\u011f\u0131 bir el kitab\u0131 olmas\u0131na \u00e7al\u0131\u015f\u0131lm\u0131\u015ft\u0131r;Bu \u00f6zellikleri ta\u015f\u0131mas\u0131 i\u00e7in bilginin b\u00f6l\u00fcmlenmesi ayr\u0131nt\u0131l\u0131 yap\u0131lm\u0131\u015f, spektrum\u2013yap\u0131 de\u011ferlendirmesi i\u00e7in \u00e7ok say\u0131da \u00e7\u00f6z\u00fclm\u00fc\u015f \u00f6rne\u011fe yer verilmi\u015f, \u00e7ok say\u0131da soru eklenmi\u015f, spektrum\u2013yap\u0131 de\u011ferlendirmesi bilgisi hem dar ve hem geni\u015f kapsaml\u0131 \u00e7izelgeler ve ayn\u0131 zamanda \u015fekiller halinde d\u00fczenlenmi\u015ftir.Kitapta k\u00fctle spektrumlar\u0131 ve mor \u00f6tesi spektrumlar\u0131 \u00e7izilmi\u015f, k\u0131rm\u0131z\u0131 \u00f6tesi, &#8216;H NMR ve I3C NMR spektrumlannm bir b\u00f6l\u00fcm\u00fc \u00e7izilmi\u015f, di\u011ferleri Katologlardan al\u0131nm\u0131\u015ft\u0131r. <\/p>\n","protected":false},"excerpt":{"rendered":"<p>Bu kitap, 1977&#8217;de vermeye ba\u015flad\u0131\u011f\u0131m Organik Kimyada Spektroskopik Y\u00f6ntemler dersinin ders notlar\u0131na dayanarak haz\u0131rlanm\u0131\u015ft\u0131r. Spektroskopik y\u00f6ntemler, g\u00fcn\u00fcm\u00fczde organik bile\u015fiklerin yap\u0131lar\u0131n\u0131n ayd\u0131nlat\u0131lmas\u0131nda ve tan\u0131nmas\u0131nda \u00e7ok kullan\u0131lmaktad\u0131r.Bunun i\u00e7in<span class=\"excerpt-hellip\"> [\u2026]<\/span><\/p>\n","protected":false},"featured_media":0,"template":"","meta":{"_monsterinsights_skip_tracking":false,"_monsterinsights_sitenote_active":false,"_monsterinsights_sitenote_note":"","_monsterinsights_sitenote_category":0},"product_brand":[],"product_cat":[12573,12566],"product_tag":[],"class_list":{"0":"post-696300","1":"product","2":"type-product","3":"status-publish","5":"product_cat-akademik-kitaplar","6":"product_cat-egitim","7":"pa_cilt-ciltsiz","8":"pa_tur-kitap","9":"pa_yayinevi-gazi-kitabevi","10":"pa_yazar-ender-erdik","12":"first","13":"instock","14":"sale","15":"shipping-taxable","16":"purchasable","17":"product-type-simple"},"_links":{"self":[{"href":"https:\/\/roveyayinevi.com.tr\/index.php\/wp-json\/wp\/v2\/product\/696300","targetHints":{"allow":["GET"]}}],"collection":[{"href":"https:\/\/roveyayinevi.com.tr\/index.php\/wp-json\/wp\/v2\/product"}],"about":[{"href":"https:\/\/roveyayinevi.com.tr\/index.php\/wp-json\/wp\/v2\/types\/product"}],"wp:attachment":[{"href":"https:\/\/roveyayinevi.com.tr\/index.php\/wp-json\/wp\/v2\/media?parent=696300"}],"wp:term":[{"taxonomy":"product_brand","embeddable":true,"href":"https:\/\/roveyayinevi.com.tr\/index.php\/wp-json\/wp\/v2\/product_brand?post=696300"},{"taxonomy":"product_cat","embeddable":true,"href":"https:\/\/roveyayinevi.com.tr\/index.php\/wp-json\/wp\/v2\/product_cat?post=696300"},{"taxonomy":"product_tag","embeddable":true,"href":"https:\/\/roveyayinevi.com.tr\/index.php\/wp-json\/wp\/v2\/product_tag?post=696300"}],"curies":[{"name":"wp","href":"https:\/\/api.w.org\/{rel}","templated":true}]}}