{"id":696298,"date":"2025-08-27T14:33:51","date_gmt":"2025-08-27T11:33:51","guid":{"rendered":"https:\/\/roveyayinevi.com.tr\/index.php\/urun\/dinamik-cozumlu-problemlerle\/"},"modified":"2026-04-16T02:06:16","modified_gmt":"2026-04-15T23:06:16","slug":"dinamik-cozumlu-problemlerle","status":"publish","type":"product","link":"https:\/\/roveyayinevi.com.tr\/index.php\/urun\/dinamik-cozumlu-problemlerle\/","title":{"rendered":"Dinamik \u00c7\u00f6z\u00fcml\u00fc Problemlerle"},"content":{"rendered":"<p>\u0130\u00e7indekilerB\u00d6L\u00dcM I1.NOKTANIN K\u0130NEMAT\u0130\u011e\u01301.1. D\u00fczg\u00fcn Hareket Skaler H\u0131z1.2. Do\u011frusal ve D\u00fczg\u00fcn Harekette H\u0131z1.3. Herhangi Bir Harekette H\u0131z1.4. Koordinat Sisteminde H\u0131z1.5. H\u0131z Birimi1.6. \u0130vme2. DO\u011eRUSAL HAREKET\u0130N K\u0130NEMAT\u0130\u011e\u01302.1. Do\u011frusal Hareket2.2. H\u0131z Diyagram\u01312.3. H\u0131z-Yol Diyagram\u01312.4. Do\u011frusal Hareket Denklemi2.5. D\u00fczg\u00fcn H\u0131zlanan Hareket2.6. Bir D\u00fczlemde E\u011fri Y\u00f6r\u00fcnge \u00dczerinde Hareket2.7. De\u011fi\u015fen Dairesel Hareket2.8. Maddesel Noktan\u0131n Bir Eksen \u00dczerindeki Hareketi2.9. Y\u00f6r\u00fcngenin Bo\u015flukta (\u00dc\u00e7 Eksende) Olmas\u0131 Durumu2.10. Basit Harmonik HareketB\u00d6L\u00dcM II3. MADDESEL NOKTANIN D\u0130NAM\u0130\u011e\u01303.1. Kuvvet-\u0130vme Denklemi3.2. \u0130zafi Kuvvet3.2.1. \u0130zafi Hareket3.3. Merkez Ka\u00e7 Kuvveti3.4. \u0130\u015f3.4.1. E\u011frisel B\u0130r Y\u00f6r\u00fcngede Sabit Kuvvetin Yapt\u0131\u011f\u0131 \u0130\u015f3.5. Potansiyel ve Kinetik Enerji3.5.1. Enerjinin Korunumu3.6. Bir Maddesel Noktan\u0131n veya Bir Cismin Hareket Miklan ve Kinematik Momenti3.6.1. D\u00f6nme \u0130mpulsu ve D\u00f6nme Momenti3.7. \u00c7arpmaB\u00d6L\u00dcM III4. MADDESEL NOKTA S\u0130STEMLER\u0130N\u0130N D\u0130NAM\u0130\u011e\u01304.1. Maddesel Nokta Sistemlerine; Tesir Eden \u0130\u00e7 ve D\u0131\u015f Kuvvetler.4.2. Maddesel Nokta Sisteminin Hareket Miktar\u0131n\u0131n ve Kinetik Momentinin De\u011fi\u015fimi <\/p>\n","protected":false},"excerpt":{"rendered":"<p>\u0130\u00e7indekilerB\u00d6L\u00dcM I1.NOKTANIN K\u0130NEMAT\u0130\u011e\u01301.1. D\u00fczg\u00fcn Hareket Skaler H\u0131z1.2. Do\u011frusal ve D\u00fczg\u00fcn Harekette H\u0131z1.3. Herhangi Bir Harekette H\u0131z1.4. Koordinat Sisteminde H\u0131z1.5. H\u0131z Birimi1.6. \u0130vme2. DO\u011eRUSAL HAREKET\u0130N K\u0130NEMAT\u0130\u011e\u01302.1. Do\u011frusal<span class=\"excerpt-hellip\"> [\u2026]<\/span><\/p>\n","protected":false},"featured_media":0,"template":"","meta":{"_monsterinsights_skip_tracking":false,"_monsterinsights_sitenote_active":false,"_monsterinsights_sitenote_note":"","_monsterinsights_sitenote_category":0},"product_brand":[],"product_cat":[12573,12566],"product_tag":[],"class_list":{"0":"post-696298","1":"product","2":"type-product","3":"status-publish","5":"product_cat-akademik-kitaplar","6":"product_cat-egitim","7":"pa_cilt-ciltsiz","8":"pa_tur-kitap","9":"pa_yayinevi-gazi-kitabevi","10":"pa_yazar-haluk-celik","12":"first","13":"instock","14":"sale","15":"shipping-taxable","16":"purchasable","17":"product-type-simple"},"_links":{"self":[{"href":"https:\/\/roveyayinevi.com.tr\/index.php\/wp-json\/wp\/v2\/product\/696298","targetHints":{"allow":["GET"]}}],"collection":[{"href":"https:\/\/roveyayinevi.com.tr\/index.php\/wp-json\/wp\/v2\/product"}],"about":[{"href":"https:\/\/roveyayinevi.com.tr\/index.php\/wp-json\/wp\/v2\/types\/product"}],"wp:attachment":[{"href":"https:\/\/roveyayinevi.com.tr\/index.php\/wp-json\/wp\/v2\/media?parent=696298"}],"wp:term":[{"taxonomy":"product_brand","embeddable":true,"href":"https:\/\/roveyayinevi.com.tr\/index.php\/wp-json\/wp\/v2\/product_brand?post=696298"},{"taxonomy":"product_cat","embeddable":true,"href":"https:\/\/roveyayinevi.com.tr\/index.php\/wp-json\/wp\/v2\/product_cat?post=696298"},{"taxonomy":"product_tag","embeddable":true,"href":"https:\/\/roveyayinevi.com.tr\/index.php\/wp-json\/wp\/v2\/product_tag?post=696298"}],"curies":[{"name":"wp","href":"https:\/\/api.w.org\/{rel}","templated":true}]}}