{"id":696275,"date":"2025-08-27T14:33:44","date_gmt":"2025-08-27T11:33:44","guid":{"rendered":"https:\/\/roveyayinevi.com.tr\/index.php\/urun\/mekanin-siyasallasmasi\/"},"modified":"2026-04-16T02:06:16","modified_gmt":"2026-04-15T23:06:16","slug":"mekanin-siyasallasmasi","status":"publish","type":"product","link":"https:\/\/roveyayinevi.com.tr\/index.php\/urun\/mekanin-siyasallasmasi\/","title":{"rendered":"Mekan\u0131n Siyasalla\u015fmas\u0131"},"content":{"rendered":"<p>Bilinen insanl\u0131k tarihinde do\u011fal ortam, insanlar taraf\u0131ndan farkl\u0131 \u015fekillerde kullan\u0131la gelmi\u015ftir, insan, giyecek, yiyecek ve bar\u0131nma gibi ihtiya\u00e7lar\u0131na y\u00f6nelik olarak, ya\u015fam\u0131n\u0131 s\u00fcrd\u00fcrebilmek i\u00e7in do\u011fal ortamdan en iyi nas\u0131l yararlanabilece\u011fini s\u00fcrekli planlam\u0131\u015ft\u0131r. Bu ba\u011flamda, hem ki\u015fisel anlamda hem de klan, \u015feflik, devlet gibi \u00f6rg\u00fctsel yap\u0131lanma anlam\u0131nda, rne-k\u00e2n\u0131 kullanmaya dayal\u0131 siyasetler geli\u015ftirmi\u015ftir. Bu siyasetler, zaman zaman do\u011fal ortam\u0131n bir par\u00e7as\u0131 olarak, ya\u015fad\u0131\u011f\u0131 mek\u00e2nda ya\u015fam m\u00fccadelesi, zaman zaman da toplumsal olarak \u00e7\u0131karlar\u0131n\u0131 koruma ve payla\u015fma anlam\u0131nda, mek\u00e2n\u0131 sahiplenmeye dayal\u0131 olmu\u015ftur.Devlet a\u015famas\u0131na ge\u00e7ilmesi ise, mek\u00e2n\u0131n kontrol\u00fc ve kullan\u0131m\u0131n\u0131n de\u011fi\u015fmesine neden olmu\u015ftur. Bu a\u015famadan \u0130tibaren mek\u00e2nsal kullan\u0131m, devlet otoritesi taraf\u0131ndan belirlenen kurallar ve politikalar do\u011frultusunda \u015fekillenir hale gelmi\u015ftir. Dolay\u0131s\u0131yla, g\u00fcn\u00fcm\u00fczde ekonomik, siyasi, \u00e7evresel pek \u00e7ok konunun anla\u015f\u0131labilmesi i\u00e7in devletin olu\u015fum, geli\u015fim ve \u00f6zelliklerinin bilinmesi gerekir. K\u00fcreselle\u015fmeye ba\u011fl\u0131 mek\u00e2na dayal\u0131 de\u011fi\u015fiklikler ve devlet egemenli\u011finin tart\u0131\u015fma konusu olmas\u0131, yeni d\u00fcnya d\u00fczeni senaryolar\u0131na ba\u011fl\u0131 jeopolitik geli\u015fmeler ve yeni siyasi olu\u015fumlar gibi konular, bu kitab\u0131n ortaya \u00e7\u0131kmas\u0131n\u0131 te\u015fvik etmi\u015ftir. <\/p>\n","protected":false},"excerpt":{"rendered":"<p>Bilinen insanl\u0131k tarihinde do\u011fal ortam, insanlar taraf\u0131ndan farkl\u0131 \u015fekillerde kullan\u0131la gelmi\u015ftir, insan, giyecek, yiyecek ve bar\u0131nma gibi ihtiya\u00e7lar\u0131na y\u00f6nelik olarak, ya\u015fam\u0131n\u0131 s\u00fcrd\u00fcrebilmek i\u00e7in do\u011fal ortamdan en<span class=\"excerpt-hellip\"> [\u2026]<\/span><\/p>\n","protected":false},"featured_media":0,"template":"","meta":{"_monsterinsights_skip_tracking":false,"_monsterinsights_sitenote_active":false,"_monsterinsights_sitenote_note":"","_monsterinsights_sitenote_category":0},"product_brand":[],"product_cat":[12573,12566],"product_tag":[],"class_list":{"0":"post-696275","1":"product","2":"type-product","3":"status-publish","5":"product_cat-akademik-kitaplar","6":"product_cat-egitim","7":"pa_cilt-ciltsiz","8":"pa_tur-kitap","9":"pa_yayinevi-gazi-kitabevi","10":"pa_yazar-servet-karabag","12":"first","13":"instock","14":"sale","15":"shipping-taxable","16":"purchasable","17":"product-type-simple"},"_links":{"self":[{"href":"https:\/\/roveyayinevi.com.tr\/index.php\/wp-json\/wp\/v2\/product\/696275","targetHints":{"allow":["GET"]}}],"collection":[{"href":"https:\/\/roveyayinevi.com.tr\/index.php\/wp-json\/wp\/v2\/product"}],"about":[{"href":"https:\/\/roveyayinevi.com.tr\/index.php\/wp-json\/wp\/v2\/types\/product"}],"wp:attachment":[{"href":"https:\/\/roveyayinevi.com.tr\/index.php\/wp-json\/wp\/v2\/media?parent=696275"}],"wp:term":[{"taxonomy":"product_brand","embeddable":true,"href":"https:\/\/roveyayinevi.com.tr\/index.php\/wp-json\/wp\/v2\/product_brand?post=696275"},{"taxonomy":"product_cat","embeddable":true,"href":"https:\/\/roveyayinevi.com.tr\/index.php\/wp-json\/wp\/v2\/product_cat?post=696275"},{"taxonomy":"product_tag","embeddable":true,"href":"https:\/\/roveyayinevi.com.tr\/index.php\/wp-json\/wp\/v2\/product_tag?post=696275"}],"curies":[{"name":"wp","href":"https:\/\/api.w.org\/{rel}","templated":true}]}}