{"id":696262,"date":"2025-08-27T14:33:41","date_gmt":"2025-08-27T11:33:41","guid":{"rendered":"https:\/\/roveyayinevi.com.tr\/index.php\/urun\/iktisat-politikasi-dusuncesinin-evrimi\/"},"modified":"2026-04-16T02:06:15","modified_gmt":"2026-04-15T23:06:15","slug":"iktisat-politikasi-dusuncesinin-evrimi","status":"publish","type":"product","link":"https:\/\/roveyayinevi.com.tr\/index.php\/urun\/iktisat-politikasi-dusuncesinin-evrimi\/","title":{"rendered":"\u0130ktisat Politikas\u0131 D\u00fc\u015f\u00fcncesinin Evrimi"},"content":{"rendered":"<p>Bu \u00e7al\u0131\u015fmada kapitalist toplumlar\u0131n belirmeye ba\u015flad\u0131\u011f\u0131 ticari kapitaliz a\u015famas\u0131ndan g\u00fcn\u00fcm\u00fcze kadar iktisat politikas\u0131 d\u00fc\u015f\u00fcncesinin evrimi anlat\u0131lmaktad\u0131r. Bu anlat\u0131mda birka\u00e7 noktaya \u00f6zel vurgu yap\u0131lmaktad\u0131r. Bunlardan biri, ideolojiyle iktisadi d\u00fc\u015f\u00fcnce ve b\u00f6ylece iktisat politikas\u0131 d\u00fc\u015f\u00fcncesi aras\u0131ndaki yak\u0131n ili\u015fkidir. <\/p>\n","protected":false},"excerpt":{"rendered":"<p>Bu \u00e7al\u0131\u015fmada kapitalist toplumlar\u0131n belirmeye ba\u015flad\u0131\u011f\u0131 ticari kapitaliz a\u015famas\u0131ndan g\u00fcn\u00fcm\u00fcze kadar iktisat politikas\u0131 d\u00fc\u015f\u00fcncesinin evrimi anlat\u0131lmaktad\u0131r. Bu anlat\u0131mda birka\u00e7 noktaya \u00f6zel vurgu yap\u0131lmaktad\u0131r. Bunlardan biri, ideolojiyle<span class=\"excerpt-hellip\"> [\u2026]<\/span><\/p>\n","protected":false},"featured_media":0,"template":"","meta":{"_monsterinsights_skip_tracking":false,"_monsterinsights_sitenote_active":false,"_monsterinsights_sitenote_note":"","_monsterinsights_sitenote_category":0},"product_brand":[],"product_cat":[12573,12566],"product_tag":[],"class_list":{"0":"post-696262","1":"product","2":"type-product","3":"status-publish","5":"product_cat-akademik-kitaplar","6":"product_cat-egitim","7":"pa_cilt-ciltsiz","8":"pa_tur-kitap","9":"pa_yayinevi-gazi-kitabevi","10":"pa_yazar-sabri-cakli","12":"first","13":"instock","14":"sale","15":"shipping-taxable","16":"purchasable","17":"product-type-simple"},"_links":{"self":[{"href":"https:\/\/roveyayinevi.com.tr\/index.php\/wp-json\/wp\/v2\/product\/696262","targetHints":{"allow":["GET"]}}],"collection":[{"href":"https:\/\/roveyayinevi.com.tr\/index.php\/wp-json\/wp\/v2\/product"}],"about":[{"href":"https:\/\/roveyayinevi.com.tr\/index.php\/wp-json\/wp\/v2\/types\/product"}],"wp:attachment":[{"href":"https:\/\/roveyayinevi.com.tr\/index.php\/wp-json\/wp\/v2\/media?parent=696262"}],"wp:term":[{"taxonomy":"product_brand","embeddable":true,"href":"https:\/\/roveyayinevi.com.tr\/index.php\/wp-json\/wp\/v2\/product_brand?post=696262"},{"taxonomy":"product_cat","embeddable":true,"href":"https:\/\/roveyayinevi.com.tr\/index.php\/wp-json\/wp\/v2\/product_cat?post=696262"},{"taxonomy":"product_tag","embeddable":true,"href":"https:\/\/roveyayinevi.com.tr\/index.php\/wp-json\/wp\/v2\/product_tag?post=696262"}],"curies":[{"name":"wp","href":"https:\/\/api.w.org\/{rel}","templated":true}]}}