{"id":696259,"date":"2025-08-27T14:33:40","date_gmt":"2025-08-27T11:33:40","guid":{"rendered":"https:\/\/roveyayinevi.com.tr\/index.php\/urun\/degisim-caginda-teknoloji-yonetimi\/"},"modified":"2026-04-16T02:06:15","modified_gmt":"2026-04-15T23:06:15","slug":"degisim-caginda-teknoloji-yonetimi","status":"publish","type":"product","link":"https:\/\/roveyayinevi.com.tr\/index.php\/urun\/degisim-caginda-teknoloji-yonetimi\/","title":{"rendered":"De\u011fi\u015fim \u00c7a\u011f\u0131nda Teknoloji Y\u00f6netimi"},"content":{"rendered":"<p>Bili\u015fim teknolojilerindeki geli\u015fmelerin bir sonucu olarak ticaret faaliyetlerin yerine getirlmesinde kapsaml\u0131 ve k\u00f6kl\u00fc d\u00f6n\u00fc\u015f\u00fcmler olmu\u015f ve internet ortam\u0131nda y\u00fcr\u00fct\u00fclen elektronik ticaret uygulamalar\u0131 yayg\u0131nla\u015fm\u0131\u015ft\u0131r. \u00dclkeler aras\u0131nda s\u0131n\u0131r tan\u0131madan yap\u0131lan elektronik ticaretin \u00f6neminin ve ba\u015far\u0131s\u0131n\u0131n artmas\u0131yla birlikte i\u015fletmelerin bu sistemlenden daha \u00e7ok yararlanacakalar\u0131 \u00f6ng\u00f6r\u00fclmektedir.Konu Ba\u015fl\u0131klar\u0131K\u00fcresel De\u011fi\u015fim ve De\u011fi\u015fim Y\u00f6netimiBilgi Toplumu ve Yeni Ekonomi SistemiTeknoloji ve Teknoloji Y\u00f6netimiBili\u015fim Teknolojileri ve Uygulama Alanlar\u0131Bili\u015fim Sistemleri ve Uygulamalar\u0131Hizmetler Ekonomisi A\u00e7\u0131s\u0131ndan Y\u00f6netim Teknolojileri Uygulamalar\u0131Elektronik Ticaret ve Uygulamalar\u0131K\u00fcresel Rekabet Sisteminde \u00d6rg\u00fct ve Bili\u015fim Teknolojileri <\/p>\n","protected":false},"excerpt":{"rendered":"<p>Bili\u015fim teknolojilerindeki geli\u015fmelerin bir sonucu olarak ticaret faaliyetlerin yerine getirlmesinde kapsaml\u0131 ve k\u00f6kl\u00fc d\u00f6n\u00fc\u015f\u00fcmler olmu\u015f ve internet ortam\u0131nda y\u00fcr\u00fct\u00fclen elektronik ticaret uygulamalar\u0131 yayg\u0131nla\u015fm\u0131\u015ft\u0131r. \u00dclkeler aras\u0131nda s\u0131n\u0131r<span class=\"excerpt-hellip\"> [\u2026]<\/span><\/p>\n","protected":false},"featured_media":0,"template":"","meta":{"_monsterinsights_skip_tracking":false,"_monsterinsights_sitenote_active":false,"_monsterinsights_sitenote_note":"","_monsterinsights_sitenote_category":0},"product_brand":[],"product_cat":[12573,12566],"product_tag":[],"class_list":{"0":"post-696259","1":"product","2":"type-product","3":"status-publish","5":"product_cat-akademik-kitaplar","6":"product_cat-egitim","7":"pa_cilt-ciltsiz","8":"pa_tur-kitap","9":"pa_yayinevi-gazi-kitabevi","10":"pa_yazar-hasan-kursat-gules","12":"first","13":"instock","14":"sale","15":"shipping-taxable","16":"purchasable","17":"product-type-simple"},"_links":{"self":[{"href":"https:\/\/roveyayinevi.com.tr\/index.php\/wp-json\/wp\/v2\/product\/696259","targetHints":{"allow":["GET"]}}],"collection":[{"href":"https:\/\/roveyayinevi.com.tr\/index.php\/wp-json\/wp\/v2\/product"}],"about":[{"href":"https:\/\/roveyayinevi.com.tr\/index.php\/wp-json\/wp\/v2\/types\/product"}],"wp:attachment":[{"href":"https:\/\/roveyayinevi.com.tr\/index.php\/wp-json\/wp\/v2\/media?parent=696259"}],"wp:term":[{"taxonomy":"product_brand","embeddable":true,"href":"https:\/\/roveyayinevi.com.tr\/index.php\/wp-json\/wp\/v2\/product_brand?post=696259"},{"taxonomy":"product_cat","embeddable":true,"href":"https:\/\/roveyayinevi.com.tr\/index.php\/wp-json\/wp\/v2\/product_cat?post=696259"},{"taxonomy":"product_tag","embeddable":true,"href":"https:\/\/roveyayinevi.com.tr\/index.php\/wp-json\/wp\/v2\/product_tag?post=696259"}],"curies":[{"name":"wp","href":"https:\/\/api.w.org\/{rel}","templated":true}]}}