{"id":696258,"date":"2025-08-27T14:33:39","date_gmt":"2025-08-27T11:33:39","guid":{"rendered":"https:\/\/roveyayinevi.com.tr\/index.php\/urun\/cevre-jeolojisine-giris\/"},"modified":"2026-04-16T02:06:15","modified_gmt":"2026-04-15T23:06:15","slug":"cevre-jeolojisine-giris","status":"publish","type":"product","link":"https:\/\/roveyayinevi.com.tr\/index.php\/urun\/cevre-jeolojisine-giris\/","title":{"rendered":"\u00c7evre Jeolojisine Giri\u015f"},"content":{"rendered":"<p>\u00c7evre jeolojisi \u00fc\u00e7\u00fcnc\u00fc bask\u0131s\u0131n\u0131n temel amac\u0131 \u00f6zellikle tek bir bilim dersi almak isteyen \u00f6\u011frencilerin jeolojik olaylar ve toplum aras\u0131ndaki ili\u015fkileri anlamas\u0131na yard\u0131mc\u0131 olmakt\u0131r. Yirmibirinci y\u00fczy\u0131l\u0131n ilk yar\u0131s\u0131nda insan n\u00fcfusunun artmas\u0131 ile kaynaklar\u0131n kullan\u0131m\u0131 da artt\u0131k\u00e7a; su, toprak, hava, mineral enerjisi ve ya\u015fam ortam\u0131 gibi kaynaklar\u0131 kullanmam\u0131z hakk\u0131nda verece\u011fimiz kararlar, ya\u015fam standard\u0131m\u0131z\u0131 ve \u00e7evremizin kalitesini belirleyecektir.* Bu kitap \u00c7evre Jeolojisinin Temel Kavramlar\u0131 diyece\u011fimiz bir arac\u0131 tan\u0131t\u0131r. Bu be\u015f kavram hat\u0131rlanabilir, s\u0131n\u0131ftan ayr\u0131ld\u0131\u011f\u0131nda beraberinde g\u00f6t\u00fcrebilece\u011fin ve jeolojik olaylarla kar\u015f\u0131la\u015ft\u0131\u011f\u0131nda ak\u0131lc\u0131l tercihler yaparak hayat boyu kullanabilece\u011fin \u00e7er\u00e7evede planlanm\u0131\u015ft\u0131r.* \u0130nsan n\u00fcfusu art\u0131\u015f\u0131: N\u00fcfus art\u0131\u015f\u0131 en \u00f6nemli \u00e7evresel problemdir. N\u00fcfus artt\u0131k\u00e7a \u00e7evre \u00fczerindeki talep ve etkilerimiz artar.* S\u00fcrd\u00fcr\u00fclebilirlik: D\u00fcnyam\u0131z\u0131 payla\u015fan insanlar ve di\u011fer ya\u015fayan canl\u0131lar\u0131n gelece\u011finin sa\u011flanmas\u0131n\u0131 ama\u00e7layan uzun vadeli \u00e7evresel hedeftir.* Bir sistem olarak D\u00fcnya: \u0130nsanlar\u0131n d\u00fcnya \u00fczerindeki aktiviteleri d\u00fcnyadaki t\u00fcm sistemler \u00fczerinde \u00f6nemli etkilere neden olabilir.* Tehlikeli D\u00fcnya olaylar\u0131, risk de\u011ferlendirmesi ve tahmin: D\u00fcnya \u00fczerinde tehlikeli olaylar her zaman olmu\u015ftur ve olmaya devam edecektir. \u0130nsanlar\u0131n bu tehlikeleri bilmek, hayata ve mala olabilecek riskleri de\u011ferlendirmek ve onlardan ka\u00e7\u0131nmak ve onlara g\u00f6re plan yapmalar\u0131 gerekmektedir.* Bilimsel bilgi ve de\u011feri: Bilimsel bilgiler genelde \u00e7evresel problemlere de\u011fi\u015fik potansiyel \u00e7\u00f6z\u00fcmler \u00fcretirler. Se\u00e7ti\u011fimiz \u00e7\u00f6z\u00fcm yolu ise, bizim sisteme verdi\u011fimiz de\u011ferin do\u011frudan yans\u0131mas\u0131d\u0131r. <\/p>\n","protected":false},"excerpt":{"rendered":"<p>\u00c7evre jeolojisi \u00fc\u00e7\u00fcnc\u00fc bask\u0131s\u0131n\u0131n temel amac\u0131 \u00f6zellikle tek bir bilim dersi almak isteyen \u00f6\u011frencilerin jeolojik olaylar ve toplum aras\u0131ndaki ili\u015fkileri anlamas\u0131na yard\u0131mc\u0131 olmakt\u0131r. Yirmibirinci y\u00fczy\u0131l\u0131n ilk<span class=\"excerpt-hellip\"> [\u2026]<\/span><\/p>\n","protected":false},"featured_media":0,"template":"","meta":{"_monsterinsights_skip_tracking":false,"_monsterinsights_sitenote_active":false,"_monsterinsights_sitenote_note":"","_monsterinsights_sitenote_category":0},"product_brand":[],"product_cat":[12573,12566],"product_tag":[],"class_list":{"0":"post-696258","1":"product","2":"type-product","3":"status-publish","5":"product_cat-akademik-kitaplar","6":"product_cat-egitim","7":"pa_cilt-ciltsiz","8":"pa_tur-kitap","9":"pa_yayinevi-gazi-kitabevi","10":"pa_yazar-edward-a-keller","12":"first","13":"instock","14":"sale","15":"shipping-taxable","16":"purchasable","17":"product-type-simple"},"_links":{"self":[{"href":"https:\/\/roveyayinevi.com.tr\/index.php\/wp-json\/wp\/v2\/product\/696258","targetHints":{"allow":["GET"]}}],"collection":[{"href":"https:\/\/roveyayinevi.com.tr\/index.php\/wp-json\/wp\/v2\/product"}],"about":[{"href":"https:\/\/roveyayinevi.com.tr\/index.php\/wp-json\/wp\/v2\/types\/product"}],"wp:attachment":[{"href":"https:\/\/roveyayinevi.com.tr\/index.php\/wp-json\/wp\/v2\/media?parent=696258"}],"wp:term":[{"taxonomy":"product_brand","embeddable":true,"href":"https:\/\/roveyayinevi.com.tr\/index.php\/wp-json\/wp\/v2\/product_brand?post=696258"},{"taxonomy":"product_cat","embeddable":true,"href":"https:\/\/roveyayinevi.com.tr\/index.php\/wp-json\/wp\/v2\/product_cat?post=696258"},{"taxonomy":"product_tag","embeddable":true,"href":"https:\/\/roveyayinevi.com.tr\/index.php\/wp-json\/wp\/v2\/product_tag?post=696258"}],"curies":[{"name":"wp","href":"https:\/\/api.w.org\/{rel}","templated":true}]}}