{"id":696250,"date":"2025-08-27T14:33:37","date_gmt":"2025-08-27T11:33:37","guid":{"rendered":"https:\/\/roveyayinevi.com.tr\/index.php\/urun\/jeopolitik-acidan-sinirlar\/"},"modified":"2026-04-16T02:06:15","modified_gmt":"2026-04-15T23:06:15","slug":"jeopolitik-acidan-sinirlar","status":"publish","type":"product","link":"https:\/\/roveyayinevi.com.tr\/index.php\/urun\/jeopolitik-acidan-sinirlar\/","title":{"rendered":"Jeopolitik A\u00e7\u0131dan S\u0131n\u0131rlar"},"content":{"rendered":"<p>G\u00fcn\u00fcm\u00fcz toplumlar\u0131 yerel, ulusal, b\u00f6lgesel ve k\u00fcresel olarak h\u0131zl\u0131 ve yo\u011fun etkile\u015fimin oldu\u011fu bir ortamda ya\u015famaktad\u0131r. Bu etkile\u015fimler sosyal, ekonomik, k\u00fclt\u00fcrel, \u00e7evresel bir\u00e7ok boyutta ve kar\u015f\u0131l\u0131kl\u0131 ili\u015fki zinciri i\u00e7erisinde ger\u00e7ekle\u015fmektedir. Toplumlar, ge\u00e7mi\u015fte olmad\u0131\u011f\u0131 kadar birbirinden etkilenir hale gelmi\u015flerdir. So\u011fuk Sava\u015f\u0131n sona ermesiyle birlikte, k\u00fcreselle\u015fmenin bu etkile\u015fimlere yol a\u00e7t\u0131\u011f\u0131na vurgu yap\u0131lmakta ve s\u0131n\u0131rlar\u0131n ortadan kalkt\u0131\u011f\u0131 ya da ge\u00e7irgen hale geldi\u011fi temas\u0131 i\u015flenmektedir. Ancak k\u00fcreselle\u015fme g\u00fcn\u00fcm\u00fczde s\u0131k duyulmas\u0131na ra\u011fmen asl\u0131nda uzun bir s\u00fcre\u00e7le ortaya \u00e7\u0131kan bir olgudur. G\u00fcn\u00fcm\u00fczde s\u0131kl\u0131kla duyulmas\u0131, g\u00fcn\u00fcm\u00fcz teknolojilerindeki h\u0131zl\u0131 geli\u015fmelerle ilgilidir. K\u00fcreselle\u015fme siyasi, ekonomik, k\u00fclt\u00fcrel, sosyal, ekolojik vb. bir\u00e7ok boyutu i\u00e7eren ve \u00f6l\u00e7ek olarak d\u00fcnya \u00f6l\u00e7e\u011finde geli\u015fmeleri ve etkile\u015fimleri de tan\u0131mlayan bir kavramd\u0131r. <\/p>\n","protected":false},"excerpt":{"rendered":"<p>G\u00fcn\u00fcm\u00fcz toplumlar\u0131 yerel, ulusal, b\u00f6lgesel ve k\u00fcresel olarak h\u0131zl\u0131 ve yo\u011fun etkile\u015fimin oldu\u011fu bir ortamda ya\u015famaktad\u0131r. Bu etkile\u015fimler sosyal, ekonomik, k\u00fclt\u00fcrel, \u00e7evresel bir\u00e7ok boyutta ve kar\u015f\u0131l\u0131kl\u0131<span class=\"excerpt-hellip\"> [\u2026]<\/span><\/p>\n","protected":false},"featured_media":0,"template":"","meta":{"_monsterinsights_skip_tracking":false,"_monsterinsights_sitenote_active":false,"_monsterinsights_sitenote_note":"","_monsterinsights_sitenote_category":0},"product_brand":[],"product_cat":[12573,12566],"product_tag":[],"class_list":{"0":"post-696250","1":"product","2":"type-product","3":"status-publish","5":"product_cat-akademik-kitaplar","6":"product_cat-egitim","7":"pa_cilt-ciltsiz","8":"pa_tur-kitap","9":"pa_yayinevi-gazi-kitabevi","10":"pa_yazar-servet-karabag","12":"first","13":"instock","14":"sale","15":"shipping-taxable","16":"purchasable","17":"product-type-simple"},"_links":{"self":[{"href":"https:\/\/roveyayinevi.com.tr\/index.php\/wp-json\/wp\/v2\/product\/696250","targetHints":{"allow":["GET"]}}],"collection":[{"href":"https:\/\/roveyayinevi.com.tr\/index.php\/wp-json\/wp\/v2\/product"}],"about":[{"href":"https:\/\/roveyayinevi.com.tr\/index.php\/wp-json\/wp\/v2\/types\/product"}],"wp:attachment":[{"href":"https:\/\/roveyayinevi.com.tr\/index.php\/wp-json\/wp\/v2\/media?parent=696250"}],"wp:term":[{"taxonomy":"product_brand","embeddable":true,"href":"https:\/\/roveyayinevi.com.tr\/index.php\/wp-json\/wp\/v2\/product_brand?post=696250"},{"taxonomy":"product_cat","embeddable":true,"href":"https:\/\/roveyayinevi.com.tr\/index.php\/wp-json\/wp\/v2\/product_cat?post=696250"},{"taxonomy":"product_tag","embeddable":true,"href":"https:\/\/roveyayinevi.com.tr\/index.php\/wp-json\/wp\/v2\/product_tag?post=696250"}],"curies":[{"name":"wp","href":"https:\/\/api.w.org\/{rel}","templated":true}]}}