{"id":696248,"date":"2025-08-27T14:33:36","date_gmt":"2025-08-27T11:33:36","guid":{"rendered":"https:\/\/roveyayinevi.com.tr\/index.php\/urun\/isletmecilikte-cagdas-yonelimler\/"},"modified":"2026-04-16T02:06:15","modified_gmt":"2026-04-15T23:06:15","slug":"isletmecilikte-cagdas-yonelimler","status":"publish","type":"product","link":"https:\/\/roveyayinevi.com.tr\/index.php\/urun\/isletmecilikte-cagdas-yonelimler\/","title":{"rendered":"\u0130\u015fletmecilikte \u00c7a\u011fda\u015f Y\u00f6nelimler"},"content":{"rendered":"<p>\u0130\u015fletmecilik konular\u0131 h\u0131zl\u0131 bir \u015fekilde geli\u015fmekte, geni\u015flemektedir. Yeni y\u00f6nelimler olu\u015fmakta, baz\u0131 konular d\u00f6nem d\u00f6nem \u00f6ne \u00e7\u0131kmatad\u0131r. \u0130\u015fletme yaz\u0131n\u0131nda formal ders kitab\u0131 d\u0131\u015f\u0131nda \u00e7e\u015fitli temel i\u015fletmecilik konular\u0131n\u0131n ele al\u0131nmas\u0131 gereklili\u011fini gidermek, i\u015fletme \u00e7al\u0131\u015fan, y\u00f6netici, sahip ve i\u015fletme konular\u0131na merakl\u0131 ki\u015filerin bilgilerini geli\u015ftirmelerine imkan vermek, meraklar\u0131n\u0131 tatmin etmek amac\u0131yla gen\u00e7 akademisyenlerle beraber \u0130\u015fletmecilikte \u00c7a\u011fda\u015f Y\u00f6nelimler adl\u0131 bu kitap haz\u0131rland\u0131. -Prof. Dr. Birol Bumin-, Kolej Ankara, Ekim 2003 <\/p>\n","protected":false},"excerpt":{"rendered":"<p>\u0130\u015fletmecilik konular\u0131 h\u0131zl\u0131 bir \u015fekilde geli\u015fmekte, geni\u015flemektedir. Yeni y\u00f6nelimler olu\u015fmakta, baz\u0131 konular d\u00f6nem d\u00f6nem \u00f6ne \u00e7\u0131kmatad\u0131r. \u0130\u015fletme yaz\u0131n\u0131nda formal ders kitab\u0131 d\u0131\u015f\u0131nda \u00e7e\u015fitli temel i\u015fletmecilik konular\u0131n\u0131n<span class=\"excerpt-hellip\"> [\u2026]<\/span><\/p>\n","protected":false},"featured_media":0,"template":"","meta":{"_monsterinsights_skip_tracking":false,"_monsterinsights_sitenote_active":false,"_monsterinsights_sitenote_note":"","_monsterinsights_sitenote_category":0},"product_brand":[],"product_cat":[12573,12566],"product_tag":[],"class_list":{"0":"post-696248","1":"product","2":"type-product","3":"status-publish","5":"product_cat-akademik-kitaplar","6":"product_cat-egitim","7":"pa_cilt-ciltsiz","8":"pa_tur-kitap","9":"pa_yayinevi-gazi-kitabevi","10":"pa_yazar-aykut-goksel","12":"first","13":"instock","14":"sale","15":"shipping-taxable","16":"purchasable","17":"product-type-simple"},"_links":{"self":[{"href":"https:\/\/roveyayinevi.com.tr\/index.php\/wp-json\/wp\/v2\/product\/696248","targetHints":{"allow":["GET"]}}],"collection":[{"href":"https:\/\/roveyayinevi.com.tr\/index.php\/wp-json\/wp\/v2\/product"}],"about":[{"href":"https:\/\/roveyayinevi.com.tr\/index.php\/wp-json\/wp\/v2\/types\/product"}],"wp:attachment":[{"href":"https:\/\/roveyayinevi.com.tr\/index.php\/wp-json\/wp\/v2\/media?parent=696248"}],"wp:term":[{"taxonomy":"product_brand","embeddable":true,"href":"https:\/\/roveyayinevi.com.tr\/index.php\/wp-json\/wp\/v2\/product_brand?post=696248"},{"taxonomy":"product_cat","embeddable":true,"href":"https:\/\/roveyayinevi.com.tr\/index.php\/wp-json\/wp\/v2\/product_cat?post=696248"},{"taxonomy":"product_tag","embeddable":true,"href":"https:\/\/roveyayinevi.com.tr\/index.php\/wp-json\/wp\/v2\/product_tag?post=696248"}],"curies":[{"name":"wp","href":"https:\/\/api.w.org\/{rel}","templated":true}]}}