{"id":696246,"date":"2025-08-27T14:33:36","date_gmt":"2025-08-27T11:33:36","guid":{"rendered":"https:\/\/roveyayinevi.com.tr\/index.php\/urun\/jeofizik-aramaya-giris\/"},"modified":"2026-04-16T02:06:15","modified_gmt":"2026-04-15T23:06:15","slug":"jeofizik-aramaya-giris","status":"publish","type":"product","link":"https:\/\/roveyayinevi.com.tr\/index.php\/urun\/jeofizik-aramaya-giris\/","title":{"rendered":"Jeofizik Aramaya Giri\u015f"},"content":{"rendered":"<p>Bu kitapta \u00f6nemli jeofizik arama y\u00f6ntemlerin genel b\u00eer giri\u015fi verilmektedir. Bu y\u00f6ntemler yeralt\u0131mn ara\u015ft\u0131r\u0131lmas\u0131nda ve kar\u015f\u0131la\u015f\u0131lan \u00e7ok \u00e7e\u015fitli problemlerin \u00e7\u00f6z\u00fcm\u00fcne y\u00f6neliktir. Kitab\u0131n ana konusu do\u011fal kaynaklar\u0131n aranmas\u0131na y\u00f6neliktir. Ancak kitapta jeolojik ara\u015ft\u0131rmalara, yer i\u00e7inin fiziksel \u00f6zelliklerinin ara\u015ft\u0131r\u0131lmas\u0131na,m\u00fchendislik ve arkeolojik sit ara\u015ft\u0131rmalar\u0131na da yer verilmi\u015ftir.Sonu\u00e7 olarak; jeofizik arama y\u00f6ntemleri sadece jeofizik\u00e7ilerin kulland\u0131klar\u0131 y\u00f6ntemlerin \u00f6tesinde, jeologlar, fizik\u00e7iler, m\u00fchendisler ve arkeologlar taraf\u0131ndan da kullan\u0131lmaktad\u0131r. Bu kitap fiziksel prensipleri, metotlar\u0131, yoruma y\u00f6nelik de\u011ferlendirmeleri ve \u00e7e\u015fitli \u00f6l\u00e7\u00fcm y\u00f6ntemlerinin arazi uygulamalar\u0131n\u0131 kapsamaktad\u0131r. Kitapta a\u011f\u0131rl\u0131k, en \u00e7ok ba\u015fvurulan ve petrol aramalar\u0131nda s\u0131kl\u0131kla kullan\u0131ld\u0131\u011f\u0131 i\u00e7in, sismik y\u00f6ntemlere verilmi\u015ftir. De\u011finilen y\u00f6ntemler tan\u0131mlay\u0131c\u0131 \u00f6zelliklerde olduklar\u0131ndan,y\u00f6ntemlerin \u00e7ok detaylar\u0131na girilmemi\u015ftir.Daha fazla bilgi i\u00e7in isteyen okuyucu, her b\u00f6l\u00fcm\u00fcn sonunda verilen detay i\u00e7eren ve y\u00f6ntemlerin kapsaml\u0131 olarak i\u015flendikleri kaynaklara ba\u015fvurmal\u0131d\u0131r. Bu kitab\u0131n yukar\u0131da bahsetti\u011fimiz konularda \u00f6\u011frenciler i\u00e7in iyi bir ders kitab\u0131 ve kendi konular\u0131nda uzman olanlar\u0131n da jeofizi\u011fin de\u011ferini daha iyi alg\u0131layabileceklerini \u00fcmit etmekteyiz. Kitap haz\u0131rlarken geni\u015f bir okuyucu kitlesinin matematik d\u00fczeylerinin yeterli olabilece\u011fi g\u00f6z \u00f6n\u00fcne al\u0131nm\u0131\u015ft\u0131r.Bu kitab\u0131n daha \u00f6nceki bask\u0131lar\u0131 ingiltere, Kuzey Amerika ve bir\u00e7ok \u00fclkede okutulan jeofizik y\u00f6ntemler ders kitab\u0131 olmu\u015ftur. \u00dc\u00e7\u00fcnc\u00fc bask\u0131ya jeofizikteki en son geli\u015fmeler eklenmi\u015ftir. \u00d6zellikle \u00fc\u00e7-bile\u015fenli ve 4B sismik y\u00f6ntemlere yeni bilgiler eklenmi\u015f ve sismik tomografiye yeni b\u00f6l\u00fcm eklenmi\u015ftir. Ayr\u0131ca m\u00fchendislik sit ara\u015ft\u0131rmalar\u0131n\u0131 kapsayacak \u015fekilde k\u0131r\u0131lma sismolojisi geni\u015fletilmi\u015ftir. <\/p>\n","protected":false},"excerpt":{"rendered":"<p>Bu kitapta \u00f6nemli jeofizik arama y\u00f6ntemlerin genel b\u00eer giri\u015fi verilmektedir. Bu y\u00f6ntemler yeralt\u0131mn ara\u015ft\u0131r\u0131lmas\u0131nda ve kar\u015f\u0131la\u015f\u0131lan \u00e7ok \u00e7e\u015fitli problemlerin \u00e7\u00f6z\u00fcm\u00fcne y\u00f6neliktir. Kitab\u0131n ana konusu do\u011fal kaynaklar\u0131n<span class=\"excerpt-hellip\"> [\u2026]<\/span><\/p>\n","protected":false},"featured_media":0,"template":"","meta":{"_monsterinsights_skip_tracking":false,"_monsterinsights_sitenote_active":false,"_monsterinsights_sitenote_note":"","_monsterinsights_sitenote_category":0},"product_brand":[],"product_cat":[12573,12566],"product_tag":[],"class_list":{"0":"post-696246","1":"product","2":"type-product","3":"status-publish","5":"product_cat-akademik-kitaplar","6":"product_cat-egitim","7":"pa_cilt-ciltsiz","8":"pa_tur-kitap","9":"pa_yayinevi-gazi-kitabevi","10":"pa_yazar-philip-kearey","12":"first","13":"instock","14":"sale","15":"shipping-taxable","16":"purchasable","17":"product-type-simple"},"_links":{"self":[{"href":"https:\/\/roveyayinevi.com.tr\/index.php\/wp-json\/wp\/v2\/product\/696246","targetHints":{"allow":["GET"]}}],"collection":[{"href":"https:\/\/roveyayinevi.com.tr\/index.php\/wp-json\/wp\/v2\/product"}],"about":[{"href":"https:\/\/roveyayinevi.com.tr\/index.php\/wp-json\/wp\/v2\/types\/product"}],"wp:attachment":[{"href":"https:\/\/roveyayinevi.com.tr\/index.php\/wp-json\/wp\/v2\/media?parent=696246"}],"wp:term":[{"taxonomy":"product_brand","embeddable":true,"href":"https:\/\/roveyayinevi.com.tr\/index.php\/wp-json\/wp\/v2\/product_brand?post=696246"},{"taxonomy":"product_cat","embeddable":true,"href":"https:\/\/roveyayinevi.com.tr\/index.php\/wp-json\/wp\/v2\/product_cat?post=696246"},{"taxonomy":"product_tag","embeddable":true,"href":"https:\/\/roveyayinevi.com.tr\/index.php\/wp-json\/wp\/v2\/product_tag?post=696246"}],"curies":[{"name":"wp","href":"https:\/\/api.w.org\/{rel}","templated":true}]}}