{"id":696238,"date":"2025-08-27T14:33:33","date_gmt":"2025-08-27T11:33:33","guid":{"rendered":"https:\/\/roveyayinevi.com.tr\/index.php\/urun\/girisimcilik-kulturu-ve-kobiler\/"},"modified":"2026-04-16T02:06:15","modified_gmt":"2026-04-15T23:06:15","slug":"girisimcilik-kulturu-ve-kobiler","status":"publish","type":"product","link":"https:\/\/roveyayinevi.com.tr\/index.php\/urun\/girisimcilik-kulturu-ve-kobiler\/","title":{"rendered":"Giri\u015fimcilik K\u00fclt\u00fcr\u00fc ve Kobiler"},"content":{"rendered":"<p>Ticari rekabetin ekonomik sistem olarak benimsendi\u011fi toplumlarda sistemin sa\u011fl\u0131kl\u0131 olarak i\u015fleyi\u015fi ile, K\u00fc\u00e7\u00fck ve Orta Boy \u0130\u015fletme (KOB\u0130) lerin sistem i\u00e7indeki varl\u0131klar\u0131 ve g\u00fc\u00e7leri aras\u0131nda yak\u0131n bir ili\u015fki vard\u0131r. Bir \u00e7ok KOB\u0130, B\u00fcy\u00fck \u00d6l\u00e7ekli \u0130\u015fletmelerin yerine getiremedi\u011fi bir tak\u0131m fonksiyonlar\u0131 yerine getirdi\u011fi i\u00e7in sisteme olduk\u00e7a yararl\u0131 katk\u0131larda bulunabilmektedir. <\/p>\n","protected":false},"excerpt":{"rendered":"<p>Ticari rekabetin ekonomik sistem olarak benimsendi\u011fi toplumlarda sistemin sa\u011fl\u0131kl\u0131 olarak i\u015fleyi\u015fi ile, K\u00fc\u00e7\u00fck ve Orta Boy \u0130\u015fletme (KOB\u0130) lerin sistem i\u00e7indeki varl\u0131klar\u0131 ve g\u00fc\u00e7leri aras\u0131nda yak\u0131n<span class=\"excerpt-hellip\"> [\u2026]<\/span><\/p>\n","protected":false},"featured_media":0,"template":"","meta":{"_monsterinsights_skip_tracking":false,"_monsterinsights_sitenote_active":false,"_monsterinsights_sitenote_note":"","_monsterinsights_sitenote_category":0},"product_brand":[],"product_cat":[12573,12566],"product_tag":[],"class_list":{"0":"post-696238","1":"product","2":"type-product","3":"status-publish","5":"product_cat-akademik-kitaplar","6":"product_cat-egitim","7":"pa_cilt-ciltsiz","8":"pa_tur-kitap","9":"pa_yayinevi-gazi-kitabevi","10":"pa_yazar-tahir-akgemci","12":"first","13":"instock","14":"sale","15":"shipping-taxable","16":"purchasable","17":"product-type-simple"},"_links":{"self":[{"href":"https:\/\/roveyayinevi.com.tr\/index.php\/wp-json\/wp\/v2\/product\/696238","targetHints":{"allow":["GET"]}}],"collection":[{"href":"https:\/\/roveyayinevi.com.tr\/index.php\/wp-json\/wp\/v2\/product"}],"about":[{"href":"https:\/\/roveyayinevi.com.tr\/index.php\/wp-json\/wp\/v2\/types\/product"}],"wp:attachment":[{"href":"https:\/\/roveyayinevi.com.tr\/index.php\/wp-json\/wp\/v2\/media?parent=696238"}],"wp:term":[{"taxonomy":"product_brand","embeddable":true,"href":"https:\/\/roveyayinevi.com.tr\/index.php\/wp-json\/wp\/v2\/product_brand?post=696238"},{"taxonomy":"product_cat","embeddable":true,"href":"https:\/\/roveyayinevi.com.tr\/index.php\/wp-json\/wp\/v2\/product_cat?post=696238"},{"taxonomy":"product_tag","embeddable":true,"href":"https:\/\/roveyayinevi.com.tr\/index.php\/wp-json\/wp\/v2\/product_tag?post=696238"}],"curies":[{"name":"wp","href":"https:\/\/api.w.org\/{rel}","templated":true}]}}