{"id":696226,"date":"2025-08-27T14:33:24","date_gmt":"2025-08-27T11:33:24","guid":{"rendered":"https:\/\/roveyayinevi.com.tr\/index.php\/urun\/egzersiz-ve-antrenmana-endokrinolojik-uyumlar\/"},"modified":"2026-04-16T02:06:15","modified_gmt":"2026-04-15T23:06:15","slug":"egzersiz-ve-antrenmana-endokrinolojik-uyumlar","status":"publish","type":"product","link":"https:\/\/roveyayinevi.com.tr\/index.php\/urun\/egzersiz-ve-antrenmana-endokrinolojik-uyumlar\/","title":{"rendered":"Egzersiz ve Antrenmana Endokrinolojik Uyumlar"},"content":{"rendered":"<p>Egzersiz endokrinolojisi fiziksel akt\u0130vite ve aktiviteleri kontrol eden sistemlerle olan ili\u015fkileri incelemektedir. Egzersiz endokrinolojisi ilmine g\u00f6re egzersizin kontrol\u00fc n\u00f6rohormonal yolla sa\u011flanmaktad\u0131r. Egzersiz de de\u011fi\u015fik \u015fiddet ve s\u00fcrelerde olu\u015fan plazma hormon yo\u011funluklar\u0131m bilmek olduk\u00e7a \u00f6nemlidir. Salg\u0131lanan hormonlar\u0131n egzersizdeki rol\u00fcn\u00fc anlayabilmek i\u00e7in hormonlar\u0131n istirahat, egzersizin de\u011fi\u015fik \u015fiddet, evreleri ve t\u00fcrleri ile toparlanma d\u00f6nemindeki salg\u0131lanma d\u00fczeylerine bakmak gerekir.Egzersizde hormonal sistemin temel g\u00f6revi metabolizmay\u0131 ve kardiyovask\u00fcler sistemleri d\u00fczenlemektir. Egzersizde ve antrenmanda temel endokrin bez hipota\u00eeamus, hipof\u0131z, troid, paratroid, adrenal bezler ve gonadlard\u0131r. Fakat ayr\u0131ca kalp, b\u00f6brek, karaci\u011fer, gastrointestinal organlar da hormon salg\u0131larlar.Egzersizde hormonal de\u011fi\u015fimler MSS ile ba\u015flat\u0131l\u0131r. Sempatik aktivite artar, GH, ACTH, PRL, ADH, TSH sal\u0131mrm artar. Ayr\u0131ca ins\u00fclin bask\u0131lan\u0131r, renin, anjiotensin, ADH, PD (pankrea\u00eeik polipeptid), glukagon, PTH ve gastrit sal\u0131n\u0131m\u0131 uyar\u0131l\u0131r. ACTH1 de adrenal korteksi uyar\u0131r.Hormona! tepkinin derecesi organizman\u0131n egzersiz \u00f6ncesi durumuna ve ki\u015finin kapasitesine ba\u011fl\u0131d\u0131 <\/p>\n","protected":false},"excerpt":{"rendered":"<p>Egzersiz endokrinolojisi fiziksel akt\u0130vite ve aktiviteleri kontrol eden sistemlerle olan ili\u015fkileri incelemektedir. Egzersiz endokrinolojisi ilmine g\u00f6re egzersizin kontrol\u00fc n\u00f6rohormonal yolla sa\u011flanmaktad\u0131r. Egzersiz de de\u011fi\u015fik \u015fiddet ve<span class=\"excerpt-hellip\"> [\u2026]<\/span><\/p>\n","protected":false},"featured_media":0,"template":"","meta":{"_monsterinsights_skip_tracking":false,"_monsterinsights_sitenote_active":false,"_monsterinsights_sitenote_note":"","_monsterinsights_sitenote_category":0},"product_brand":[],"product_cat":[12573,12566],"product_tag":[],"class_list":{"0":"post-696226","1":"product","2":"type-product","3":"status-publish","5":"product_cat-akademik-kitaplar","6":"product_cat-egitim","7":"pa_cilt-ciltsiz","8":"pa_tur-kitap","9":"pa_yayinevi-gazi-kitabevi","10":"pa_yazar-mehmet-gunay","12":"first","13":"instock","14":"sale","15":"shipping-taxable","16":"purchasable","17":"product-type-simple"},"_links":{"self":[{"href":"https:\/\/roveyayinevi.com.tr\/index.php\/wp-json\/wp\/v2\/product\/696226","targetHints":{"allow":["GET"]}}],"collection":[{"href":"https:\/\/roveyayinevi.com.tr\/index.php\/wp-json\/wp\/v2\/product"}],"about":[{"href":"https:\/\/roveyayinevi.com.tr\/index.php\/wp-json\/wp\/v2\/types\/product"}],"wp:attachment":[{"href":"https:\/\/roveyayinevi.com.tr\/index.php\/wp-json\/wp\/v2\/media?parent=696226"}],"wp:term":[{"taxonomy":"product_brand","embeddable":true,"href":"https:\/\/roveyayinevi.com.tr\/index.php\/wp-json\/wp\/v2\/product_brand?post=696226"},{"taxonomy":"product_cat","embeddable":true,"href":"https:\/\/roveyayinevi.com.tr\/index.php\/wp-json\/wp\/v2\/product_cat?post=696226"},{"taxonomy":"product_tag","embeddable":true,"href":"https:\/\/roveyayinevi.com.tr\/index.php\/wp-json\/wp\/v2\/product_tag?post=696226"}],"curies":[{"name":"wp","href":"https:\/\/api.w.org\/{rel}","templated":true}]}}