{"id":696224,"date":"2025-08-27T14:33:23","date_gmt":"2025-08-27T11:33:23","guid":{"rendered":"https:\/\/roveyayinevi.com.tr\/index.php\/urun\/dinamik-iktisadi-cozumleme\/"},"modified":"2026-04-16T02:06:15","modified_gmt":"2026-04-15T23:06:15","slug":"dinamik-iktisadi-cozumleme","status":"publish","type":"product","link":"https:\/\/roveyayinevi.com.tr\/index.php\/urun\/dinamik-iktisadi-cozumleme\/","title":{"rendered":"Dinamik \u0130ktisadi \u00c7\u00f6z\u00fcmleme"},"content":{"rendered":"<p>Kitapta dinamik \u00e7\u00f6z\u00fcmleme ve faz diyagramlar\u0131 yan\u0131nda niteliksel ve niceliksel dinamik sistemler ve bunlar\u0131n s\u00fcrekli ve kesikli dinamik yap\u0131lar\u0131, do\u011frusal ve do\u011frusal olmayan sistemler ile tek denklemli ve birden fazla denklem i\u00e7eren denklem sistemleri ayr\u0131nt\u0131l\u0131 bir bi\u00e7imde ele al\u0131nm\u0131\u015ft\u0131r.Konu Ba\u015fl\u0131klar\u0131Dinamik \u0130ktisadi \u00c7\u00f6z\u00fcmlemeS\u00fcrekli Dinamik SistemlerKesikli Dinamik SistemlerUygulamal\u0131 Dinamik \u0130kitisadi \u00c7\u00f6z\u00fcmlemeDinamik Oligopol TeorisiKapal\u0131 Ekonomi Dinamikli\u011fi <\/p>\n","protected":false},"excerpt":{"rendered":"<p>Kitapta dinamik \u00e7\u00f6z\u00fcmleme ve faz diyagramlar\u0131 yan\u0131nda niteliksel ve niceliksel dinamik sistemler ve bunlar\u0131n s\u00fcrekli ve kesikli dinamik yap\u0131lar\u0131, do\u011frusal ve do\u011frusal olmayan sistemler ile tek<span class=\"excerpt-hellip\"> [\u2026]<\/span><\/p>\n","protected":false},"featured_media":0,"template":"","meta":{"_monsterinsights_skip_tracking":false,"_monsterinsights_sitenote_active":false,"_monsterinsights_sitenote_note":"","_monsterinsights_sitenote_category":0},"product_brand":[],"product_cat":[12312,12304],"product_tag":[],"class_list":{"0":"post-696224","1":"product","2":"type-product","3":"status-publish","5":"product_cat-diger","6":"product_cat-tarih","7":"pa_cilt-ciltsiz","8":"pa_tur-kitap","9":"pa_yayinevi-gazi-kitabevi","10":"pa_yazar-ronald-shone","12":"first","13":"instock","14":"sale","15":"shipping-taxable","16":"purchasable","17":"product-type-simple"},"_links":{"self":[{"href":"https:\/\/roveyayinevi.com.tr\/index.php\/wp-json\/wp\/v2\/product\/696224","targetHints":{"allow":["GET"]}}],"collection":[{"href":"https:\/\/roveyayinevi.com.tr\/index.php\/wp-json\/wp\/v2\/product"}],"about":[{"href":"https:\/\/roveyayinevi.com.tr\/index.php\/wp-json\/wp\/v2\/types\/product"}],"wp:attachment":[{"href":"https:\/\/roveyayinevi.com.tr\/index.php\/wp-json\/wp\/v2\/media?parent=696224"}],"wp:term":[{"taxonomy":"product_brand","embeddable":true,"href":"https:\/\/roveyayinevi.com.tr\/index.php\/wp-json\/wp\/v2\/product_brand?post=696224"},{"taxonomy":"product_cat","embeddable":true,"href":"https:\/\/roveyayinevi.com.tr\/index.php\/wp-json\/wp\/v2\/product_cat?post=696224"},{"taxonomy":"product_tag","embeddable":true,"href":"https:\/\/roveyayinevi.com.tr\/index.php\/wp-json\/wp\/v2\/product_tag?post=696224"}],"curies":[{"name":"wp","href":"https:\/\/api.w.org\/{rel}","templated":true}]}}