{"id":696201,"date":"2025-08-27T14:33:18","date_gmt":"2025-08-27T11:33:18","guid":{"rendered":"https:\/\/roveyayinevi.com.tr\/index.php\/urun\/tansik-1-insanin-uc-buyuk-sirri\/"},"modified":"2026-04-16T02:06:14","modified_gmt":"2026-04-15T23:06:14","slug":"tansik-1-insanin-uc-buyuk-sirri","status":"publish","type":"product","link":"https:\/\/roveyayinevi.com.tr\/index.php\/urun\/tansik-1-insanin-uc-buyuk-sirri\/","title":{"rendered":"Tans\u0131k 1: \u0130nsan\u0131n \u00dc\u00e7 B\u00fcy\u00fck S\u0131rr\u0131"},"content":{"rendered":"<p>Tans\u0131k adl\u0131 edebi roman, felsefe, din ve parapsikoloji gibi konular\u0131n fizik, kimya gibi pozitif bilimle harmanland\u0131\u011f\u0131 bir alt yap\u0131y\u0131, polisiye roman \u00f6rg\u00fcs\u00fcnde veren bir kurguya sahiptir. Ak\u0131c\u0131 \u00fcslubu, anla\u015f\u0131l\u0131r dili ve zekice kurgulanm\u0131\u015f olay \u00f6rg\u00fcs\u00fcyle ufkunuzu geni\u015fletecek bir eserdir. Tans\u0131k mucize demektir. \u0130\u00e7inde ya\u015fad\u0131\u011f\u0131m\u0131z evren b\u00fcy\u00fck s\u0131rlar ve mucizelerle doludur. Bu mucizelerin en b\u00fcy\u00fcklerinden biri de insand\u0131r. \u0130nsan\u0131n \u00fc\u00e7 b\u00fcy\u00fck s\u0131rr\u0131 vard\u0131r. Do\u011fum \u00f6ncesi, \u00f6l\u00fcm sonras\u0131 ve do\u011fum ile \u00f6l\u00fcm aras\u0131nda ya\u015fad\u0131\u011f\u0131m\u0131z s\u00fcre\u00e7. Pek az insan do\u011fum \u00f6ncesinin var olup olmad\u0131\u011f\u0131n\u0131 d\u00fc\u015f\u00fcn\u00fcr. \u00d6l\u00fcm sonras\u0131 ise bizim i\u00e7in b\u00fcy\u00fck bir bilinmezliktir. \u00d6l\u00fcm ile do\u011fum aras\u0131nda ya\u015fad\u0131\u011f\u0131m\u0131z s\u00fcre\u00e7 de b\u00fcy\u00fck bilinmezlikler ve s\u0131rlarla doludur. Ayd\u0131n bir insan \u00f6nce kendini, sonra da \u00fczerinde ya\u015fad\u0131\u011f\u0131 d\u00fcnyay\u0131 ve evreni tan\u0131mal\u0131d\u0131r. Bu nedenle insan\u0131n, d\u00fcnyan\u0131n ve evrenin s\u0131rlar\u0131 \u00fc\u00e7 ayr\u0131 kitap halinde yaz\u0131lm\u0131\u015ft\u0131r. Bu y\u00f6n\u00fcyle Tans\u0131k, insan, d\u00fcnya ve evren ili\u015fkisini felsefi, dini ve bilimsel a\u00e7\u0131dan i\u015fleyen ilk romand\u0131r. Ger\u00e7ek sanat eseri, okuduktan sonra bizi de\u011fi\u015ftiren ve geli\u015ftiren eserdir. Siz de bu eseri okuduktan sonra kendinizi mucizeler evreninde hissedeceksiniz. <\/p>\n","protected":false},"excerpt":{"rendered":"<p>Tans\u0131k adl\u0131 edebi roman, felsefe, din ve parapsikoloji gibi konular\u0131n fizik, kimya gibi pozitif bilimle harmanland\u0131\u011f\u0131 bir alt yap\u0131y\u0131, polisiye roman \u00f6rg\u00fcs\u00fcnde veren bir kurguya sahiptir.<span class=\"excerpt-hellip\"> [\u2026]<\/span><\/p>\n","protected":false},"featured_media":0,"template":"","meta":{"_monsterinsights_skip_tracking":false,"_monsterinsights_sitenote_active":false,"_monsterinsights_sitenote_note":"","_monsterinsights_sitenote_category":0},"product_brand":[],"product_cat":[12291,12745],"product_tag":[],"class_list":{"0":"post-696201","1":"product","2":"type-product","3":"status-publish","5":"product_cat-edebiyat","6":"product_cat-tarihi-roman","7":"pa_tur-kitap","8":"pa_yayinevi-engin-yayinevi","9":"pa_yazar-mehmet-hengirmen","11":"first","12":"instock","13":"sale","14":"shipping-taxable","15":"purchasable","16":"product-type-simple"},"_links":{"self":[{"href":"https:\/\/roveyayinevi.com.tr\/index.php\/wp-json\/wp\/v2\/product\/696201","targetHints":{"allow":["GET"]}}],"collection":[{"href":"https:\/\/roveyayinevi.com.tr\/index.php\/wp-json\/wp\/v2\/product"}],"about":[{"href":"https:\/\/roveyayinevi.com.tr\/index.php\/wp-json\/wp\/v2\/types\/product"}],"wp:attachment":[{"href":"https:\/\/roveyayinevi.com.tr\/index.php\/wp-json\/wp\/v2\/media?parent=696201"}],"wp:term":[{"taxonomy":"product_brand","embeddable":true,"href":"https:\/\/roveyayinevi.com.tr\/index.php\/wp-json\/wp\/v2\/product_brand?post=696201"},{"taxonomy":"product_cat","embeddable":true,"href":"https:\/\/roveyayinevi.com.tr\/index.php\/wp-json\/wp\/v2\/product_cat?post=696201"},{"taxonomy":"product_tag","embeddable":true,"href":"https:\/\/roveyayinevi.com.tr\/index.php\/wp-json\/wp\/v2\/product_tag?post=696201"}],"curies":[{"name":"wp","href":"https:\/\/api.w.org\/{rel}","templated":true}]}}