{"id":696187,"date":"2025-08-27T14:33:14","date_gmt":"2025-08-27T11:33:14","guid":{"rendered":"https:\/\/roveyayinevi.com.tr\/index.php\/urun\/c-net-ile-nesne-temelli-programlamaya-giris-ve-algoritmalar\/"},"modified":"2026-04-16T02:06:14","modified_gmt":"2026-04-15T23:06:14","slug":"c-net-ile-nesne-temelli-programlamaya-giris-ve-algoritmalar","status":"publish","type":"product","link":"https:\/\/roveyayinevi.com.tr\/index.php\/urun\/c-net-ile-nesne-temelli-programlamaya-giris-ve-algoritmalar\/","title":{"rendered":"C#.Net ile Nesne Temelli Programlamaya Giri\u015f ve Algoritmalar"},"content":{"rendered":"<p>G\u00fcn\u00fcm\u00fcz \u015fartlar\u0131nda, \u00f6zellikle i\u015f hayat\u0131nda bir insan\u0131 bir ba\u015fka insandan ay\u0131ran en \u00f6nemli fark bilgidir. Bilgiye sahip olan ki\u015fi ya da toplumlar di\u011ferlerinden her zaman bir ka\u00e7 ad\u0131m \u00f6ndedir. Bilimsel, ekonomik, sosyolojik ve di\u011fer t\u00fcm konulara y\u00f6n vermede s\u00f6z sahibidirler. Bilgiye ula\u015fman\u0131n art\u0131k ne kadar kolay oldu\u011funu d\u00fc\u015f\u00fcnecek olursak, hem \u00f6\u011fretici olarak bizlere hem de \u00f6\u011frenci olarak sizlere d\u00fc\u015fen g\u00f6rev sadece bilgiye ula\u015fma, onu kavrama ve \u00f6\u011frendi\u011fini uygulamad\u0131r. Bilgisayar ba\u015f\u0131nda her g\u00fcn birka\u00e7 saat vakit ge\u00e7irerek meslek edinebilir ve hayat\u0131n\u0131z\u0131 kazanabilirsiniz.Ya\u015f\u0131n\u0131z, bulundu\u011funuz \u015fehir, mesle\u011finiz ne olursa olsun bunu ger\u00e7ekle\u015ftirebilirsiniz. Bir konu belirlemeli ve onun \u00fcst\u00fcne gitmelisiniz. Bu kitapta bilgisayar programc\u0131l\u0131\u011f\u0131na giri\u015fi anlat\u0131lmaktad\u0131r. <\/p>\n","protected":false},"excerpt":{"rendered":"<p>G\u00fcn\u00fcm\u00fcz \u015fartlar\u0131nda, \u00f6zellikle i\u015f hayat\u0131nda bir insan\u0131 bir ba\u015fka insandan ay\u0131ran en \u00f6nemli fark bilgidir. Bilgiye sahip olan ki\u015fi ya da toplumlar di\u011ferlerinden her zaman bir<span class=\"excerpt-hellip\"> [\u2026]<\/span><\/p>\n","protected":false},"featured_media":0,"template":"","meta":{"_monsterinsights_skip_tracking":false,"_monsterinsights_sitenote_active":false,"_monsterinsights_sitenote_note":"","_monsterinsights_sitenote_category":0},"product_brand":[],"product_cat":[12573,12566],"product_tag":[],"class_list":{"0":"post-696187","1":"product","2":"type-product","3":"status-publish","5":"product_cat-akademik-kitaplar","6":"product_cat-egitim","7":"pa_cilt-ciltsiz","8":"pa_tur-kitap","9":"pa_yayinevi-gazi-kitabevi","10":"pa_yazar-ozel-sebetci","12":"first","13":"instock","14":"sale","15":"shipping-taxable","16":"purchasable","17":"product-type-simple"},"_links":{"self":[{"href":"https:\/\/roveyayinevi.com.tr\/index.php\/wp-json\/wp\/v2\/product\/696187","targetHints":{"allow":["GET"]}}],"collection":[{"href":"https:\/\/roveyayinevi.com.tr\/index.php\/wp-json\/wp\/v2\/product"}],"about":[{"href":"https:\/\/roveyayinevi.com.tr\/index.php\/wp-json\/wp\/v2\/types\/product"}],"wp:attachment":[{"href":"https:\/\/roveyayinevi.com.tr\/index.php\/wp-json\/wp\/v2\/media?parent=696187"}],"wp:term":[{"taxonomy":"product_brand","embeddable":true,"href":"https:\/\/roveyayinevi.com.tr\/index.php\/wp-json\/wp\/v2\/product_brand?post=696187"},{"taxonomy":"product_cat","embeddable":true,"href":"https:\/\/roveyayinevi.com.tr\/index.php\/wp-json\/wp\/v2\/product_cat?post=696187"},{"taxonomy":"product_tag","embeddable":true,"href":"https:\/\/roveyayinevi.com.tr\/index.php\/wp-json\/wp\/v2\/product_tag?post=696187"}],"curies":[{"name":"wp","href":"https:\/\/api.w.org\/{rel}","templated":true}]}}