{"id":696182,"date":"2025-08-27T14:33:13","date_gmt":"2025-08-27T11:33:13","guid":{"rendered":"https:\/\/roveyayinevi.com.tr\/index.php\/urun\/cevre-kimyasi\/"},"modified":"2026-04-16T02:06:14","modified_gmt":"2026-04-15T23:06:14","slug":"cevre-kimyasi","status":"publish","type":"product","link":"https:\/\/roveyayinevi.com.tr\/index.php\/urun\/cevre-kimyasi\/","title":{"rendered":"\u00c7evre Kimyas\u0131"},"content":{"rendered":"<p>Kaleme al\u0131nan bu kitap, 1994 y\u0131l\u0131nda ilk bask\u0131s\u0131 yap\u0131lan &#8220;\u00c7evre Sorunlar\u0131&#8221; adl\u0131 eserin g\u00fcncelle\u015ftirilmesi sonucu ortaya \u00e7\u0131km\u0131\u015f olmas\u0131na ra\u011fmen, hem i\u00e7erik hem de hacim bak\u0131m\u0131ndan ondan \u00e7ok farkl\u0131 olmu\u015ftur. Bu nedenle, ad\u0131n\u0131n da de\u011fi\u015ftirilerek &#8220;\u00c7evre Kimyas\u0131&#8221; olmas\u0131 daha uygun bulunmu\u015ftur. Bu kitap \u00e7evrenin korunmas\u0131 amac\u0131yla \u00e7\u0131kar\u0131lan kanun, t\u00fcz\u00fck, standart ve y\u00f6netmeliklerden s\u00f6z etmez. Ayr\u0131ca pek \u00e7ok klasik ve modern analiz metotlar\u0131 ihtiva etmesine ra\u011fmen, bir analiz kitab\u0131 da de\u011fildir. Ancak kitapta verilenlerin hemen hepsi analizle bulunmu\u015f ve evrensel hale gelmi\u015f temel bilgilerdir. Keza verilen metotlar da hep evrensel metotlard\u0131r. \u00c7evre Kimyas\u0131 isimli bu kitap 25 b\u00f6l\u00fcmden meydana gelmektedir. B\u00f6l\u00fcmler \u00e7evre kimyas\u0131na giri\u015f mahiyetinde olan genel bilgileri, \u00e7evrenin kirlenme \u015fekillerini, \u00e7evre kimyas\u0131nda \u00e7ok yararlan\u0131lan evrensel metotlar\u0131, \u00e7evrede ge\u00e7en \u00f6nemli reaksiyonlar\u0131 ve olaylar\u0131, \u00e7evre kimyas\u0131yla ilgili temel bilgileri, do\u011fal ve at\u0131k sular\u0131n art\u0131r\u0131lmas\u0131n\u0131 ve at\u0131klar\u0131n de\u011ferlendirilmesini, atmosferde cereyan eden enteresan olaylar\u0131, g\u00fcne\u015f enerjisi transferini, do\u011fal radyoaktivite ve end\u00fcstriyel ekolojiyi ihtiva etmektedir. <\/p>\n","protected":false},"excerpt":{"rendered":"<p>Kaleme al\u0131nan bu kitap, 1994 y\u0131l\u0131nda ilk bask\u0131s\u0131 yap\u0131lan &#8220;\u00c7evre Sorunlar\u0131&#8221; adl\u0131 eserin g\u00fcncelle\u015ftirilmesi sonucu ortaya \u00e7\u0131km\u0131\u015f olmas\u0131na ra\u011fmen, hem i\u00e7erik hem de hacim bak\u0131m\u0131ndan ondan<span class=\"excerpt-hellip\"> [\u2026]<\/span><\/p>\n","protected":false},"featured_media":0,"template":"","meta":{"_monsterinsights_skip_tracking":false,"_monsterinsights_sitenote_active":false,"_monsterinsights_sitenote_note":"","_monsterinsights_sitenote_category":0},"product_brand":[],"product_cat":[12573,12566],"product_tag":[],"class_list":{"0":"post-696182","1":"product","2":"type-product","3":"status-publish","5":"product_cat-akademik-kitaplar","6":"product_cat-egitim","7":"pa_cilt-ciltli","8":"pa_tur-kitap","9":"pa_yayinevi-gazi-kitabevi","10":"pa_yazar-turgut-gunduz","12":"first","13":"instock","14":"sale","15":"shipping-taxable","16":"purchasable","17":"product-type-simple"},"_links":{"self":[{"href":"https:\/\/roveyayinevi.com.tr\/index.php\/wp-json\/wp\/v2\/product\/696182","targetHints":{"allow":["GET"]}}],"collection":[{"href":"https:\/\/roveyayinevi.com.tr\/index.php\/wp-json\/wp\/v2\/product"}],"about":[{"href":"https:\/\/roveyayinevi.com.tr\/index.php\/wp-json\/wp\/v2\/types\/product"}],"wp:attachment":[{"href":"https:\/\/roveyayinevi.com.tr\/index.php\/wp-json\/wp\/v2\/media?parent=696182"}],"wp:term":[{"taxonomy":"product_brand","embeddable":true,"href":"https:\/\/roveyayinevi.com.tr\/index.php\/wp-json\/wp\/v2\/product_brand?post=696182"},{"taxonomy":"product_cat","embeddable":true,"href":"https:\/\/roveyayinevi.com.tr\/index.php\/wp-json\/wp\/v2\/product_cat?post=696182"},{"taxonomy":"product_tag","embeddable":true,"href":"https:\/\/roveyayinevi.com.tr\/index.php\/wp-json\/wp\/v2\/product_tag?post=696182"}],"curies":[{"name":"wp","href":"https:\/\/api.w.org\/{rel}","templated":true}]}}