{"id":696181,"date":"2025-08-27T14:33:13","date_gmt":"2025-08-27T11:33:13","guid":{"rendered":"https:\/\/roveyayinevi.com.tr\/index.php\/urun\/biyokimya\/"},"modified":"2026-04-16T02:06:14","modified_gmt":"2026-04-15T23:06:14","slug":"biyokimya","status":"publish","type":"product","link":"https:\/\/roveyayinevi.com.tr\/index.php\/urun\/biyokimya\/","title":{"rendered":"Biyokimya"},"content":{"rendered":"<p>Biyokimya canl\u0131 organizmalarda meydana gelen olaylar\u0131 molek\u00fcler d\u00fczeyde inceleyen ve bu olaylar\u0131 kimyasal ve fizikokimyasal kanunlar ve kavramlar yard\u0131m\u0131yla a\u00e7\u0131klamaya \u00e7al\u0131\u015fan bir bilim dal\u0131d\u0131r.Canl\u0131 varl\u0131klar\u0131 cans\u0131zlardan ay\u0131ran farklar\u0131n neler oldu\u011fu as\u0131rlarca tam olarak a\u00e7\u0131klanmam\u0131\u015ft\u0131r. 19. y\u00fczy\u0131l\u0131n ba\u015f\u0131na kadar canl\u0131larda \u00f6zel bir hayat kuvvetinin varl\u0131\u011f\u0131na inan\u0131lm\u0131\u015f, canl\u0131 yap\u0131daki molek\u00fcllerin bu kuvvet sayesinde sentezlendi\u011fi, reaksiyonlar\u0131n bu kuvvetle meydana getirildi\u011fi d\u00fc\u015f\u00fcn\u00fclm\u00fc\u015ft\u00fcr. <\/p>\n","protected":false},"excerpt":{"rendered":"<p>Biyokimya canl\u0131 organizmalarda meydana gelen olaylar\u0131 molek\u00fcler d\u00fczeyde inceleyen ve bu olaylar\u0131 kimyasal ve fizikokimyasal kanunlar ve kavramlar yard\u0131m\u0131yla a\u00e7\u0131klamaya \u00e7al\u0131\u015fan bir bilim dal\u0131d\u0131r.Canl\u0131 varl\u0131klar\u0131 cans\u0131zlardan<span class=\"excerpt-hellip\"> [\u2026]<\/span><\/p>\n","protected":false},"featured_media":0,"template":"","meta":{"_monsterinsights_skip_tracking":false,"_monsterinsights_sitenote_active":false,"_monsterinsights_sitenote_note":"","_monsterinsights_sitenote_category":0},"product_brand":[],"product_cat":[12573,12566],"product_tag":[],"class_list":{"0":"post-696181","1":"product","2":"type-product","3":"status-publish","5":"product_cat-akademik-kitaplar","6":"product_cat-egitim","7":"pa_cilt-ciltsiz","8":"pa_tur-kitap","9":"pa_yayinevi-gazi-kitabevi","10":"pa_yazar-fahrunnisa-pamuk","12":"first","13":"instock","14":"sale","15":"shipping-taxable","16":"purchasable","17":"product-type-simple"},"_links":{"self":[{"href":"https:\/\/roveyayinevi.com.tr\/index.php\/wp-json\/wp\/v2\/product\/696181","targetHints":{"allow":["GET"]}}],"collection":[{"href":"https:\/\/roveyayinevi.com.tr\/index.php\/wp-json\/wp\/v2\/product"}],"about":[{"href":"https:\/\/roveyayinevi.com.tr\/index.php\/wp-json\/wp\/v2\/types\/product"}],"wp:attachment":[{"href":"https:\/\/roveyayinevi.com.tr\/index.php\/wp-json\/wp\/v2\/media?parent=696181"}],"wp:term":[{"taxonomy":"product_brand","embeddable":true,"href":"https:\/\/roveyayinevi.com.tr\/index.php\/wp-json\/wp\/v2\/product_brand?post=696181"},{"taxonomy":"product_cat","embeddable":true,"href":"https:\/\/roveyayinevi.com.tr\/index.php\/wp-json\/wp\/v2\/product_cat?post=696181"},{"taxonomy":"product_tag","embeddable":true,"href":"https:\/\/roveyayinevi.com.tr\/index.php\/wp-json\/wp\/v2\/product_tag?post=696181"}],"curies":[{"name":"wp","href":"https:\/\/api.w.org\/{rel}","templated":true}]}}