{"id":696166,"date":"2025-08-27T14:33:09","date_gmt":"2025-08-27T11:33:09","guid":{"rendered":"https:\/\/roveyayinevi.com.tr\/index.php\/urun\/turkish-grammar-for-foreign-students\/"},"modified":"2026-04-16T02:06:13","modified_gmt":"2026-04-15T23:06:13","slug":"turkish-grammar-for-foreign-students","status":"publish","type":"product","link":"https:\/\/roveyayinevi.com.tr\/index.php\/urun\/turkish-grammar-for-foreign-students\/","title":{"rendered":"Turkish Grammar For Foreign Students"},"content":{"rendered":"<p>Kitapta, T\u00fcrk\u00e7e dilbilgisinin herkes taraf\u0131ndan kolayl\u0131kla anla\u015f\u0131labilmesi i\u00e7in a\u00e7\u0131k ve yal\u0131n bir dil kullan\u0131lm\u0131\u015ft\u0131r. Ayr\u0131ca bol \u00f6rnek verilerek, konu sonlar\u0131na \u00f6zetler konulmu\u015ftur. \u00d6\u011frencilere kolayl\u0131k sa\u011flamas\u0131 bak\u0131m\u0131ndan kitapta ge\u00e7en dilbilgisi terimlerinin \u0130ngilizce, Almanca ve Frans\u0131zca kar\u015f\u0131l\u0131klar\u0131 verilmi\u015ftir. Bu y\u00f6n\u00fcyle kitap benzerlerinden \u00e7ok daha farkl\u0131 bir \u00f6zellik kazanm\u0131\u015ft\u0131r. 2000 y\u0131l\u0131na girerken yay\u0131mlanan bu kitapta, \u00e7a\u011f\u0131n b\u00fct\u00fcn yeniliklerinin uygulamas\u0131na \u00f6zen g\u00f6sterilmi\u015ftir. Bu kitaba paralel \u00fc\u00e7 kitaptan olu\u015fan al\u0131\u015ft\u0131rma kitaplar\u0131 da haz\u0131rlanmaktad\u0131r. <\/p>\n","protected":false},"excerpt":{"rendered":"<p>Kitapta, T\u00fcrk\u00e7e dilbilgisinin herkes taraf\u0131ndan kolayl\u0131kla anla\u015f\u0131labilmesi i\u00e7in a\u00e7\u0131k ve yal\u0131n bir dil kullan\u0131lm\u0131\u015ft\u0131r. Ayr\u0131ca bol \u00f6rnek verilerek, konu sonlar\u0131na \u00f6zetler konulmu\u015ftur. \u00d6\u011frencilere kolayl\u0131k sa\u011flamas\u0131 bak\u0131m\u0131ndan<span class=\"excerpt-hellip\"> [\u2026]<\/span><\/p>\n","protected":false},"featured_media":0,"template":"","meta":{"_monsterinsights_skip_tracking":false,"_monsterinsights_sitenote_active":false,"_monsterinsights_sitenote_note":"","_monsterinsights_sitenote_category":0},"product_brand":[],"product_cat":[12364],"product_tag":[],"class_list":{"0":"post-696166","1":"product","2":"type-product","3":"status-publish","5":"product_cat-genel-konular","6":"pa_tur-kitap","7":"pa_yayinevi-engin-yayinevi","8":"pa_yazar-mehmet-hengirmen","10":"first","11":"instock","12":"sale","13":"shipping-taxable","14":"purchasable","15":"product-type-simple"},"_links":{"self":[{"href":"https:\/\/roveyayinevi.com.tr\/index.php\/wp-json\/wp\/v2\/product\/696166","targetHints":{"allow":["GET"]}}],"collection":[{"href":"https:\/\/roveyayinevi.com.tr\/index.php\/wp-json\/wp\/v2\/product"}],"about":[{"href":"https:\/\/roveyayinevi.com.tr\/index.php\/wp-json\/wp\/v2\/types\/product"}],"wp:attachment":[{"href":"https:\/\/roveyayinevi.com.tr\/index.php\/wp-json\/wp\/v2\/media?parent=696166"}],"wp:term":[{"taxonomy":"product_brand","embeddable":true,"href":"https:\/\/roveyayinevi.com.tr\/index.php\/wp-json\/wp\/v2\/product_brand?post=696166"},{"taxonomy":"product_cat","embeddable":true,"href":"https:\/\/roveyayinevi.com.tr\/index.php\/wp-json\/wp\/v2\/product_cat?post=696166"},{"taxonomy":"product_tag","embeddable":true,"href":"https:\/\/roveyayinevi.com.tr\/index.php\/wp-json\/wp\/v2\/product_tag?post=696166"}],"curies":[{"name":"wp","href":"https:\/\/api.w.org\/{rel}","templated":true}]}}