{"id":696155,"date":"2025-08-27T14:33:06","date_gmt":"2025-08-27T11:33:06","guid":{"rendered":"https:\/\/roveyayinevi.com.tr\/index.php\/urun\/hezarfen\/"},"modified":"2026-04-16T02:06:13","modified_gmt":"2026-04-15T23:06:13","slug":"hezarfen","status":"publish","type":"product","link":"https:\/\/roveyayinevi.com.tr\/index.php\/urun\/hezarfen\/","title":{"rendered":"Hezarfen"},"content":{"rendered":"<p>U\u00e7an ilk insan olarak ad\u0131n\u0131 tarihe alt\u0131n harflerle yazd\u0131ran cesur Hezarfen&#8217;in etkileyici hik\u00e2yesini usta yazar Ahmet \u00d6nel kaleminden okuyun!  Y\u0131llar y\u0131llar \u00f6nce, \u00fclkeleri padi\u015fahlar\u0131n y\u00f6netti\u011fi d\u00f6nemde, \u0130stanbul&#8217;da Ahmet \u00c7elebi ad\u0131nda gen\u00e7 bir adam ya\u015farm\u0131\u015f. Hayaller kuran ve bilime de merakl\u0131 bu adam\u0131n lakab\u0131 &#8220;bin bilimli&#8221; anlam\u0131na gelen Hezarfen&#8217;mi\u015f.  Hezarfen&#8217;in en b\u00fcy\u00fck hayali u\u00e7makm\u0131\u015f. Ku\u015flar\u0131 izler, insano\u011flu u\u00e7amaz m\u0131 diye d\u00fc\u015f\u00fcn\u00fcp dururmu\u015f. &#8220;Ku\u015flar\u0131n kanatlar\u0131 varsa insano\u011flunun da akl\u0131 var&#8221; dermi\u015f. G\u00fcnlerden bir g\u00fcn Hezarfen de u\u00e7mu\u015f. U\u00e7an ilk insan olarak tarihe ad\u0131n\u0131 yazd\u0131ran Hezarfen&#8217;le tan\u0131\u015faca\u011f\u0131n\u0131z bu \u00f6yk\u00fcde hayallerinizin sizi nas\u0131l kanatland\u0131raca\u011f\u0131n\u0131 g\u00f6receksiniz. <\/p>\n","protected":false},"excerpt":{"rendered":"<p>U\u00e7an ilk insan olarak ad\u0131n\u0131 tarihe alt\u0131n harflerle yazd\u0131ran cesur Hezarfen&#8217;in etkileyici hik\u00e2yesini usta yazar Ahmet \u00d6nel kaleminden okuyun! Y\u0131llar y\u0131llar \u00f6nce, \u00fclkeleri padi\u015fahlar\u0131n y\u00f6netti\u011fi d\u00f6nemde,<span class=\"excerpt-hellip\"> [\u2026]<\/span><\/p>\n","protected":false},"featured_media":0,"template":"","meta":{"_monsterinsights_skip_tracking":false,"_monsterinsights_sitenote_active":false,"_monsterinsights_sitenote_note":"","_monsterinsights_sitenote_category":0},"product_brand":[],"product_cat":[12275,12274],"product_tag":[],"class_list":{"0":"post-696155","1":"product","2":"type-product","3":"status-publish","5":"product_cat-6-12-yas-kitaplari","6":"product_cat-cocuk-ve-genclik-kitaplari","7":"pa_cilt-ciltsiz","8":"pa_tur-kitap","9":"pa_yayinevi-elma-cocuk","10":"pa_yazar-ahmet-onel","12":"first","13":"instock","14":"sale","15":"shipping-taxable","16":"purchasable","17":"product-type-simple"},"_links":{"self":[{"href":"https:\/\/roveyayinevi.com.tr\/index.php\/wp-json\/wp\/v2\/product\/696155","targetHints":{"allow":["GET"]}}],"collection":[{"href":"https:\/\/roveyayinevi.com.tr\/index.php\/wp-json\/wp\/v2\/product"}],"about":[{"href":"https:\/\/roveyayinevi.com.tr\/index.php\/wp-json\/wp\/v2\/types\/product"}],"wp:attachment":[{"href":"https:\/\/roveyayinevi.com.tr\/index.php\/wp-json\/wp\/v2\/media?parent=696155"}],"wp:term":[{"taxonomy":"product_brand","embeddable":true,"href":"https:\/\/roveyayinevi.com.tr\/index.php\/wp-json\/wp\/v2\/product_brand?post=696155"},{"taxonomy":"product_cat","embeddable":true,"href":"https:\/\/roveyayinevi.com.tr\/index.php\/wp-json\/wp\/v2\/product_cat?post=696155"},{"taxonomy":"product_tag","embeddable":true,"href":"https:\/\/roveyayinevi.com.tr\/index.php\/wp-json\/wp\/v2\/product_tag?post=696155"}],"curies":[{"name":"wp","href":"https:\/\/api.w.org\/{rel}","templated":true}]}}