{"id":696154,"date":"2025-08-27T14:33:06","date_gmt":"2025-08-27T11:33:06","guid":{"rendered":"https:\/\/roveyayinevi.com.tr\/index.php\/urun\/arzavul-tepesi\/"},"modified":"2026-04-16T02:06:13","modified_gmt":"2026-04-15T23:06:13","slug":"arzavul-tepesi","status":"publish","type":"product","link":"https:\/\/roveyayinevi.com.tr\/index.php\/urun\/arzavul-tepesi\/","title":{"rendered":"Arzavul Tepesi"},"content":{"rendered":"<p>Bu kitab\u0131; \u00e7ocuklar, \u00e7ocuk geli\u015fim uzmanlar\u0131, \u00f6\u011fretmenler ve aileler okuyup be\u011fendi. Ercan, Sel\u00e7uk, \u0130brahim ve Davut&#8230; Onlar Karadeniz&#8217;in tepe k\u00f6ylerinden K\u0131ranba\u015f\u0131&#8217;nda ya\u015fayan d\u00f6rt kafadard\u0131lar. Hayatlar\u0131 k\u00f6ylerindeki di\u011fer \u00e7ocuklar\u0131nkinden farks\u0131zd\u0131. Ta ki Arzavul Tepesi&#8217;nde garip \u0131\u015f\u0131klar fark edene kadar. Arzavul \u0131\u015f\u0131k sa\u00e7\u0131yor, u\u011fulduyor, \u00e2deta a\u011fl\u0131yordu. \u0130nsanlar \u00e7evrelerinde olup bitenlere al\u0131\u015fm\u0131\u015flar, hi\u00e7bir \u015feyi ara\u015ft\u0131rmaz olmu\u015flard\u0131. Onlar, bu yanl\u0131\u015f inanc\u0131 y\u0131kt\u0131lar ve Mustafa Dede&#8217;nin de deste\u011fi ile korkun\u00e7 Arzavul&#8217;u g\u00f6zlerine kestirdiler. \u00c7antalar\u0131n\u0131 haz\u0131rlad\u0131lar ve yola koyuldular. Sen de Karadeniz&#8217;in ye\u015fil tepelerinde yol almak, karanl\u0131k ormanlardan ge\u00e7mek, dik kayal\u0131klara t\u0131rmanmak ve yol boyunca kar\u015f\u0131na \u00e7\u0131kacak engellerle m\u00fccadele etmek istiyorsan bu kitab\u0131 mutlaka oku. Arzavul&#8217;un zirvesinde seni bamba\u015fka s\u00fcrprizler bekliyor! <\/p>\n","protected":false},"excerpt":{"rendered":"<p>Bu kitab\u0131; \u00e7ocuklar, \u00e7ocuk geli\u015fim uzmanlar\u0131, \u00f6\u011fretmenler ve aileler okuyup be\u011fendi. Ercan, Sel\u00e7uk, \u0130brahim ve Davut&#8230; Onlar Karadeniz&#8217;in tepe k\u00f6ylerinden K\u0131ranba\u015f\u0131&#8217;nda ya\u015fayan d\u00f6rt kafadard\u0131lar. Hayatlar\u0131 k\u00f6ylerindeki<span class=\"excerpt-hellip\"> [\u2026]<\/span><\/p>\n","protected":false},"featured_media":0,"template":"","meta":{"_monsterinsights_skip_tracking":false,"_monsterinsights_sitenote_active":false,"_monsterinsights_sitenote_note":"","_monsterinsights_sitenote_category":0},"product_brand":[],"product_cat":[12275,12274],"product_tag":[],"class_list":{"0":"post-696154","1":"product","2":"type-product","3":"status-publish","5":"product_cat-6-12-yas-kitaplari","6":"product_cat-cocuk-ve-genclik-kitaplari","7":"pa_cilt-ciltsiz","8":"pa_tur-kitap","9":"pa_yayinevi-elma-cocuk","10":"pa_yazar-mehmet-erkan","12":"first","13":"instock","14":"sale","15":"shipping-taxable","16":"purchasable","17":"product-type-simple"},"_links":{"self":[{"href":"https:\/\/roveyayinevi.com.tr\/index.php\/wp-json\/wp\/v2\/product\/696154","targetHints":{"allow":["GET"]}}],"collection":[{"href":"https:\/\/roveyayinevi.com.tr\/index.php\/wp-json\/wp\/v2\/product"}],"about":[{"href":"https:\/\/roveyayinevi.com.tr\/index.php\/wp-json\/wp\/v2\/types\/product"}],"wp:attachment":[{"href":"https:\/\/roveyayinevi.com.tr\/index.php\/wp-json\/wp\/v2\/media?parent=696154"}],"wp:term":[{"taxonomy":"product_brand","embeddable":true,"href":"https:\/\/roveyayinevi.com.tr\/index.php\/wp-json\/wp\/v2\/product_brand?post=696154"},{"taxonomy":"product_cat","embeddable":true,"href":"https:\/\/roveyayinevi.com.tr\/index.php\/wp-json\/wp\/v2\/product_cat?post=696154"},{"taxonomy":"product_tag","embeddable":true,"href":"https:\/\/roveyayinevi.com.tr\/index.php\/wp-json\/wp\/v2\/product_tag?post=696154"}],"curies":[{"name":"wp","href":"https:\/\/api.w.org\/{rel}","templated":true}]}}