{"id":696141,"date":"2025-08-27T14:33:03","date_gmt":"2025-08-27T11:33:03","guid":{"rendered":"https:\/\/roveyayinevi.com.tr\/index.php\/urun\/faust-tam-metin\/"},"modified":"2026-04-16T02:05:53","modified_gmt":"2026-04-15T23:05:53","slug":"faust-tam-metin","status":"publish","type":"product","link":"https:\/\/roveyayinevi.com.tr\/index.php\/urun\/faust-tam-metin\/","title":{"rendered":"Faust (Tam Metin)"},"content":{"rendered":"<p>\u00d6nce halk efsanelerinde, ad\u0131 me\u00e7hule kar\u0131\u015fm\u0131\u015f ozanlar s\u00f6ylediler bu \u00e2te\u015f\u00een hik\u00e2yeyi. Sonra edebiyat\u00e7\u0131lar ke\u015ffettiler, eski kroniklerin i\u00e7inde ilgin\u00e7 \u00f6yk\u00fcler ararlarken. Kimler kalemini sivriltmedi ki \u015feytanla insan\u0131n gizli mukavelesini ademo\u011fluna f\u0131s\u0131ldamak i\u00e7in. Ama i\u00e7lerinde en \u00f6l\u00fcms\u00fcz olan\u0131, m\u00fcjdeyi ve l\u00e2neti t\u00fcm ruhlar\u0131 sarsarcas\u0131na hayk\u0131ran\u0131, Goethe\u2019nin Faust\u2019uydu.   Faust, modernitenin trajedisini haber veren ilk b\u00fcy\u00fck yap\u0131t oldu. Kimin kazand\u0131\u011f\u0131 ve kimin kimi kand\u0131rd\u0131\u011f\u0131 belli olmayan bir irade sava\u015f\u0131yd\u0131 anlat\u0131lan.   Hik\u00e2yenin \u00f6zeti \u015fuydu: \u015eeytan Tanr\u0131\u2019ya meydan okudu, sava\u015f\u0131n sonunu bile bile. \u00c7\u00fcnk\u00fc yarat\u0131l\u0131\u015f \u00f6yk\u00fcs\u00fcn\u00fc bilmeyen melek olamazd\u0131. L\u00e2kin kendi \u00f6yk\u00fcs\u00fcn\u00fc unutan insan devreye girdi\u011finde bu meydan okuma, b\u00fcy\u00fck bir soru i\u015faretine d\u00f6n\u00fc\u015ft\u00fc. Belki \u015feytan i\u00e7in de\u011fil, ama kesinlikle insan i\u00e7in&#8230;   \u015eeytan bir soru i\u015fareti, ruh bir soru i\u015fareti, insan: ard\u0131 s\u0131ra dizili soru i\u015faretleri&#8230; Ve insan\u0131n yery\u00fcz\u00fcndeki devr-i d\u00e2imi ba\u015flad\u0131\u011f\u0131 anda, ruhun \u00fczerine yap\u0131lan pazarl\u0131klar ve olas\u0131 mukavelelerin de d\u00f6nemi a\u00e7\u0131ld\u0131. Bu mukaveleden habersiz bir ademo\u011flu olmad\u0131. O, her zaman, pazarl\u0131\u011f\u0131n bir taraf\u0131yd\u0131. Belki de bu y\u00fczden, kendini okumak isteyen herkes p\u00fcr dikkat, kulak kesildi bu hik\u00e2yeye: \u201cKimdir Faust? \u015eeytan\u2019a m\u0131 verdi ruhunu? Nas\u0131l bir s\u00f6zle\u015fmeydi bu?\u201d   Kendimizi ba\u015fkalar\u0131ndan dinlemek, en sevdi\u011fimiz mesle\u011fimiz de\u011fil midir? O halde herkesin v\u00e2k\u0131f oldu\u011fu bir temay\u0131, ya\u015fam\u0131 efsanele\u015fmi\u015f bir karakterin omuzlar\u0131na y\u00fckleyerek anlatan Goethe\u2019ye kulak verelim&#8230; T\u00fcm ya\u015fam\u0131n\u0131 adad\u0131\u011f\u0131 \u00f6l\u00fcms\u00fcz eseri Faust\u2019a&#8230; <\/p>\n","protected":false},"excerpt":{"rendered":"<p>\u00d6nce halk efsanelerinde, ad\u0131 me\u00e7hule kar\u0131\u015fm\u0131\u015f ozanlar s\u00f6ylediler bu \u00e2te\u015f\u00een hik\u00e2yeyi. Sonra edebiyat\u00e7\u0131lar ke\u015ffettiler, eski kroniklerin i\u00e7inde ilgin\u00e7 \u00f6yk\u00fcler ararlarken. Kimler kalemini sivriltmedi ki \u015feytanla insan\u0131n<span class=\"excerpt-hellip\"> [\u2026]<\/span><\/p>\n","protected":false},"featured_media":0,"template":"","meta":{"_monsterinsights_skip_tracking":false,"_monsterinsights_sitenote_active":false,"_monsterinsights_sitenote_note":"","_monsterinsights_sitenote_category":0},"product_brand":[],"product_cat":[12782,12291],"product_tag":[],"class_list":{"0":"post-696141","1":"product","2":"type-product","3":"status-publish","5":"product_cat-alman-edebiyati","6":"product_cat-edebiyat","7":"pa_cilt-ciltsiz","8":"pa_tur-kitap","9":"pa_yayinevi-dogu-bati-yayinlari","10":"pa_yazar-johann-wolfgang-von-goethe","12":"first","13":"instock","14":"sale","15":"shipping-taxable","16":"purchasable","17":"product-type-simple"},"_links":{"self":[{"href":"https:\/\/roveyayinevi.com.tr\/index.php\/wp-json\/wp\/v2\/product\/696141","targetHints":{"allow":["GET"]}}],"collection":[{"href":"https:\/\/roveyayinevi.com.tr\/index.php\/wp-json\/wp\/v2\/product"}],"about":[{"href":"https:\/\/roveyayinevi.com.tr\/index.php\/wp-json\/wp\/v2\/types\/product"}],"wp:attachment":[{"href":"https:\/\/roveyayinevi.com.tr\/index.php\/wp-json\/wp\/v2\/media?parent=696141"}],"wp:term":[{"taxonomy":"product_brand","embeddable":true,"href":"https:\/\/roveyayinevi.com.tr\/index.php\/wp-json\/wp\/v2\/product_brand?post=696141"},{"taxonomy":"product_cat","embeddable":true,"href":"https:\/\/roveyayinevi.com.tr\/index.php\/wp-json\/wp\/v2\/product_cat?post=696141"},{"taxonomy":"product_tag","embeddable":true,"href":"https:\/\/roveyayinevi.com.tr\/index.php\/wp-json\/wp\/v2\/product_tag?post=696141"}],"curies":[{"name":"wp","href":"https:\/\/api.w.org\/{rel}","templated":true}]}}