{"id":696137,"date":"2025-08-27T14:33:01","date_gmt":"2025-08-27T11:33:01","guid":{"rendered":"https:\/\/roveyayinevi.com.tr\/index.php\/urun\/bay-how-ne-yapmali\/"},"modified":"2026-04-16T02:05:53","modified_gmt":"2026-04-15T23:05:53","slug":"bay-how-ne-yapmali","status":"publish","type":"product","link":"https:\/\/roveyayinevi.com.tr\/index.php\/urun\/bay-how-ne-yapmali\/","title":{"rendered":"Bay How Ne Yapmal\u0131?"},"content":{"rendered":"<p>Silah\u0131n\u0131 ate\u015flerken eli titreyen bir katil, ger\u00e7ek bir katil say\u0131l\u0131r m\u0131? Bir da\u011f nas\u0131l depresyona girer? Ben bir ba\u015fkas\u0131ysam, ba\u015fkas\u0131 kimin nesidir? Oyuncaklarla oynayan \u00e7ocuklar, kendileriyle oynayan yeti\u015fkinlerin oyuncaklar\u0131 m\u0131? Uyanacak kimse olmasa ba\u015flayacak bir hayat olur muydu? Baz\u0131 pencereler bakmamak i\u00e7in mi yap\u0131lm\u0131\u015ft\u0131r? Yoksa kald\u0131r\u0131m ta\u015flar\u0131 bizden daha m\u0131 huzurlu? Sonlu olmak hangi durumlarda sonsuz olmaktan daha iyidir? Bir evl\u00e2d\u0131n hayat\u0131n\u0131n bedeli b\u00fct\u00fcn bir hayat olabilir mi? Bezdirici al\u0131\u015fkanl\u0131klar\u0131n i\u00e7inde ne tip bilgelikler bulunabilir? \u0130nsanlar k\u00f6t\u00fc dedikleri \u015feyleri neden hep karanl\u0131kta yaparlar? Bir sabah uyand\u0131\u011f\u0131nda nereden ba\u015flayaca\u011f\u0131n\u0131 bilemeyen bir haf\u0131zayla ne yapars\u0131n? \u0130nsanlar\u0131n \u00f6lmemek i\u00e7in durmadan \u00f6l\u00fcm hik\u00e2yeleri yazmalar\u0131 \u00f6lmemelerini sa\u011flar m\u0131? Bir insan\u0131n hayat anlay\u0131\u015f\u0131nda yer almayan tek \u015fey insansa o insan\u0131n h\u00e2li nicedir? Ellerini hareket ettirmeyi d\u00fc\u015f\u00fcnmeden ellerini hareket ettirmek bir yetenek midir, ya\u015fl\u0131l\u0131k belirtisi mi? \u015eu insano\u011flu kendi elini kendi elinde nas\u0131l ta\u015f\u0131yor? Bir g\u00fcn g\u00f6k yar\u0131l\u0131p herkesin birbirine \u00e7ektirdi\u011fi ac\u0131lar, \u00fcz\u00fcnt\u00fc ve s\u0131k\u0131nt\u0131lar sa\u011fanak halinde \u00fcst\u00fcm\u00fcze ya\u011fsa, bu ya\u011fmurun a\u011f\u0131rl\u0131\u011f\u0131n\u0131 ta\u015f\u0131yacak bir beden bulunabilir mi?Bir son eser kadar yo\u011fun, bir soy eser kadar kafa kar\u0131\u015ft\u0131r\u0131c\u0131 sorular sorduran bir ilk eser. \u00d6zcan Do\u011fan&#8217;\u0131n ilk \u00f6yk\u00fc kitab\u0131\u2026 Bay How Ne Yapmal\u0131? Huzuru bozulan bir tembel, nas\u0131l \u00f6ld\u00fcr\u00fcc\u00fc bir gayretke\u015fe d\u00f6n\u00fc\u015f\u00fcr?    <\/p>\n","protected":false},"excerpt":{"rendered":"<p>Silah\u0131n\u0131 ate\u015flerken eli titreyen bir katil, ger\u00e7ek bir katil say\u0131l\u0131r m\u0131? Bir da\u011f nas\u0131l depresyona girer? Ben bir ba\u015fkas\u0131ysam, ba\u015fkas\u0131 kimin nesidir? Oyuncaklarla oynayan \u00e7ocuklar, kendileriyle<span class=\"excerpt-hellip\"> [\u2026]<\/span><\/p>\n","protected":false},"featured_media":0,"template":"","meta":{"_monsterinsights_skip_tracking":false,"_monsterinsights_sitenote_active":false,"_monsterinsights_sitenote_note":"","_monsterinsights_sitenote_category":0},"product_brand":[],"product_cat":[12291,12292],"product_tag":[],"class_list":{"0":"post-696137","1":"product","2":"type-product","3":"status-publish","5":"product_cat-edebiyat","6":"product_cat-turk-edebiyati","7":"pa_cilt-ciltsiz","8":"pa_tur-kitap","9":"pa_yayinevi-dogu-bati-yayinlari","10":"pa_yazar-ozcan-dogan","12":"first","13":"instock","14":"sale","15":"shipping-taxable","16":"purchasable","17":"product-type-simple"},"_links":{"self":[{"href":"https:\/\/roveyayinevi.com.tr\/index.php\/wp-json\/wp\/v2\/product\/696137","targetHints":{"allow":["GET"]}}],"collection":[{"href":"https:\/\/roveyayinevi.com.tr\/index.php\/wp-json\/wp\/v2\/product"}],"about":[{"href":"https:\/\/roveyayinevi.com.tr\/index.php\/wp-json\/wp\/v2\/types\/product"}],"wp:attachment":[{"href":"https:\/\/roveyayinevi.com.tr\/index.php\/wp-json\/wp\/v2\/media?parent=696137"}],"wp:term":[{"taxonomy":"product_brand","embeddable":true,"href":"https:\/\/roveyayinevi.com.tr\/index.php\/wp-json\/wp\/v2\/product_brand?post=696137"},{"taxonomy":"product_cat","embeddable":true,"href":"https:\/\/roveyayinevi.com.tr\/index.php\/wp-json\/wp\/v2\/product_cat?post=696137"},{"taxonomy":"product_tag","embeddable":true,"href":"https:\/\/roveyayinevi.com.tr\/index.php\/wp-json\/wp\/v2\/product_tag?post=696137"}],"curies":[{"name":"wp","href":"https:\/\/api.w.org\/{rel}","templated":true}]}}