{"id":696134,"date":"2025-08-27T14:33:01","date_gmt":"2025-08-27T11:33:01","guid":{"rendered":"https:\/\/roveyayinevi.com.tr\/index.php\/urun\/somurgecilik-tarihi\/"},"modified":"2026-04-16T02:05:53","modified_gmt":"2026-04-15T23:05:53","slug":"somurgecilik-tarihi","status":"publish","type":"product","link":"https:\/\/roveyayinevi.com.tr\/index.php\/urun\/somurgecilik-tarihi\/","title":{"rendered":"S\u00f6m\u00fcrgecilik Tarihi"},"content":{"rendered":"<p>S\u00f6m\u00fcrgecilik sorununa ve ge\u00e7irmi\u015f oldu\u011fu s\u00fcrece ele\u015ftirel g\u00f6zle bakmak, be\u015f k\u0131tan\u0131n son be\u015f y\u00fcz y\u0131ll\u0131k tarihini g\u00f6zden ge\u00e7irmek, yaln\u0131z s\u00f6m\u00fcrenlerin de\u011fil s\u00f6m\u00fcr\u00fclenlerin de tarihini irdelemektedir. Daha d\u00fcne kadar Bat\u0131l\u0131 klasik tarih\u00e7iler i\u00e7in s\u00f6m\u00fcr\u00fc &#8220;\u00f6tekine&#8221; &#8220;uygarl\u0131k g\u00f6t\u00fcrme&#8221; olarak g\u00f6sterilmi\u015ftir.   Oysa Avrupa kral ve krali\u00e7elerinin yeni g\u00fc\u00e7 ve iktidar alanlar\u0131na ihtiya\u00e7lar\u0131 vard\u0131. Bilinmeyene yolculuk, efsanelerde ve masallarda i\u015fitilen, hep a\u011f\u0131z suland\u0131ran o g\u00f6rkemli hazineler, alt\u0131n yollar, de\u011ferli madenler i\u00e7in ba\u015flad\u0131. Yeni yerlerin bulunmas\u0131 Bat\u0131l\u0131 \u00fclkelerin i\u015ftahlar\u0131n\u0131 daha da kabartt\u0131. Ve sermaye birikimi her ge\u00e7en g\u00fcn artan g\u00fcc\u00fcyle, her sistemin dinami\u011fini olu\u015fturan ve e\u015f zamanl\u0131 olarak de\u011ferleri de yok eden y\u0131k\u0131c\u0131 bir s\u00fcreci ba\u015flatt\u0131: Uygarl\u0131klar\u0131n talan\u0131, k\u00fclt\u00fcrlerin y\u0131k\u0131m\u0131 ve soyk\u0131r\u0131m\u0131&#8230;Ge\u00e7mi\u015ften g\u00fcn\u00fcm\u00fcze anlat\u0131lan uygarl\u0131k masallar\u0131na bug\u00fcn art\u0131k kimse inanm\u0131yor ve &#8220;avc\u0131&#8221; taraf\u0131ndan yaz\u0131lan tarihe eski kavramlarla bakm\u0131yor. Amerika, Afrika, Asya yerlileri t\u00fcm bu tarihin nesneleri olarak kald\u0131lar. \u00d6zne ise hep Bat\u0131&#8217;yd\u0131.   &#8220;Yeni D\u00fcnya D\u00fczeni&#8221; ve &#8220;Globelle\u015fme&#8221;nin bir feti\u015f haline getirildi\u011fi, &#8220;tek kutuplu&#8221; duruma gelmi\u015f bir d\u00fcnyada ge\u00e7mi\u015fi hat\u0131rlamak, bug\u00fcnlere nas\u0131l gelindi\u011fini anlamak i\u00e7in elinizdeki kitap klasikle\u015fmi\u015f, &#8220;de\u011fi\u015fen d\u00fcnya ko\u015fullar\u0131nda&#8221; da g\u00fcncelli\u011fini koruyan \u00f6nemli bir kaynakt\u0131r. <\/p>\n","protected":false},"excerpt":{"rendered":"<p>S\u00f6m\u00fcrgecilik sorununa ve ge\u00e7irmi\u015f oldu\u011fu s\u00fcrece ele\u015ftirel g\u00f6zle bakmak, be\u015f k\u0131tan\u0131n son be\u015f y\u00fcz y\u0131ll\u0131k tarihini g\u00f6zden ge\u00e7irmek, yaln\u0131z s\u00f6m\u00fcrenlerin de\u011fil s\u00f6m\u00fcr\u00fclenlerin de tarihini irdelemektedir. Daha<span class=\"excerpt-hellip\"> [\u2026]<\/span><\/p>\n","protected":false},"featured_media":0,"template":"","meta":{"_monsterinsights_skip_tracking":false,"_monsterinsights_sitenote_active":false,"_monsterinsights_sitenote_note":"","_monsterinsights_sitenote_category":0},"product_brand":[],"product_cat":[12305,12304],"product_tag":[],"class_list":{"0":"post-696134","1":"product","2":"type-product","3":"status-publish","5":"product_cat-dunya-tarihi","6":"product_cat-tarih","7":"pa_cilt-ciltsiz","8":"pa_tur-kitap","9":"pa_yayinevi-e-yayinlari","10":"pa_yazar-raimondo-luraghi","12":"first","13":"instock","14":"sale","15":"shipping-taxable","16":"purchasable","17":"product-type-simple"},"_links":{"self":[{"href":"https:\/\/roveyayinevi.com.tr\/index.php\/wp-json\/wp\/v2\/product\/696134","targetHints":{"allow":["GET"]}}],"collection":[{"href":"https:\/\/roveyayinevi.com.tr\/index.php\/wp-json\/wp\/v2\/product"}],"about":[{"href":"https:\/\/roveyayinevi.com.tr\/index.php\/wp-json\/wp\/v2\/types\/product"}],"wp:attachment":[{"href":"https:\/\/roveyayinevi.com.tr\/index.php\/wp-json\/wp\/v2\/media?parent=696134"}],"wp:term":[{"taxonomy":"product_brand","embeddable":true,"href":"https:\/\/roveyayinevi.com.tr\/index.php\/wp-json\/wp\/v2\/product_brand?post=696134"},{"taxonomy":"product_cat","embeddable":true,"href":"https:\/\/roveyayinevi.com.tr\/index.php\/wp-json\/wp\/v2\/product_cat?post=696134"},{"taxonomy":"product_tag","embeddable":true,"href":"https:\/\/roveyayinevi.com.tr\/index.php\/wp-json\/wp\/v2\/product_tag?post=696134"}],"curies":[{"name":"wp","href":"https:\/\/api.w.org\/{rel}","templated":true}]}}