{"id":696125,"date":"2025-08-27T14:32:58","date_gmt":"2025-08-27T11:32:58","guid":{"rendered":"https:\/\/roveyayinevi.com.tr\/index.php\/urun\/wittgenstein-ve-dilin-sinirlari\/"},"modified":"2026-04-16T02:05:53","modified_gmt":"2026-04-15T23:05:53","slug":"wittgenstein-ve-dilin-sinirlari","status":"publish","type":"product","link":"https:\/\/roveyayinevi.com.tr\/index.php\/urun\/wittgenstein-ve-dilin-sinirlari\/","title":{"rendered":"Wittgenstein ve Dilin S\u0131n\u0131rlar\u0131"},"content":{"rendered":"<p>B\u00fcy\u00fck antik felsefe uzman\u0131 Pierre Hadot, bu k\u00fc\u00e7\u00fck ama derin kitapta Wittgenstein ile ilgili birbiri i\u00e7ine ge\u00e7en \u00fc\u00e7 felsefi hik\u00e2ye sunmaktad\u0131r okuyucuya: \u0130lkin, Wittgenstein felsefesinin neredeyse hi\u00e7 bilinmedi\u011fi bir d\u00f6nemde, onun dile getirdi\u011fi yepyeni bir anlay\u0131\u015f\u0131n bir filozofun d\u00fc\u015f\u00fcnce g\u00fczerg\u00e2h\u0131nda oynad\u0131\u011f\u0131 belirleyici rol ve bu ke\u015ffin yaratt\u0131\u011f\u0131 a\u00e7\u0131l\u0131mlar. \u0130kinci olarak, gerek d\u00fcnya felsefe tarihi i\u00e7indeki yeri, gerekse y\u00fczy\u0131l\u0131m\u0131z\u0131n d\u00fc\u015f\u00fcnce ikliminde yaratt\u0131\u011f\u0131 etkisi tart\u0131\u015f\u0131lmaz derecede \u00f6nemli olan bu b\u00fcy\u00fck filozofun devrimci boyutu\u2026Nihayet ve belki de en \u00f6nemlisi, Wittgenstein\u2019\u0131n birbirinden farkl\u0131 olan ama birbirini tamamlayan iki ayr\u0131 d\u00f6nemindeki tezlerinin son derece \u00f6zetleyici ve anla\u015f\u0131l\u0131r bir izah\u0131.Tractatus logico Philosphicus\u2019a hasredilen ilk iki metin, Wittgenstien\u2019\u0131n dile getirdi\u011fi \u201cDil i\u00e7inde ifade edilen, dil ile ifade edilemez\u201d form\u00fcl\u00fcnden hareketle, s\u00f6ze s\u0131\u011fmayan \u00fczerine bir d\u00fc\u015f\u00fcn\u00fcm geli\u015ftirir. Wittgenstein\u2019\u0131n ikinci d\u00f6nem d\u00fc\u015f\u00fcncesini temsil eden Felsefi Soru\u015fturmalar\u2019\u0131 konu alan son iki makale ise, bu metinde a\u00e7\u0131k ifadesini bulan devrimci dil teorisinin dil ve d\u00fc\u015f\u00fcnce anlay\u0131\u015f\u0131m\u0131zda yaratt\u0131\u011f\u0131 b\u00fcy\u00fck etkiler \u00fczerine odaklan\u0131r: dil oyunlar\u0131 mefhumu ve ya\u015fam bi\u00e7imi anlay\u0131\u015f\u0131 Hadot\u2019yu felsef\u00ee s\u00f6ylemin do\u011fas\u0131 \u00fczerine d\u00fc\u015f\u00fcnmeye g\u00f6t\u00fcr\u00fcr. \u0130\u015flevi nesneleri g\u00f6stermek ve d\u00fc\u015f\u00fcncelere terc\u00fcman olmak olan bir dil yoktur, ama ba\u015fka \u015feyler aras\u0131nda, dinleyici \u00fczerinde bir etki yaratmaya y\u00f6nelik dil oyunlar\u0131 vard\u0131r\u2026 Felsefi dil belli bir etkinlik perspektifi i\u00e7inde \u201cruhsal bir talim\u201d olarak anla\u015f\u0131lmal\u0131d\u0131r.Daha \u00f6nemlisi, felsefi s\u00f6ylem belli bir ya\u015fam tarz\u0131n\u0131n se\u00e7iminden ba\u011f\u0131ms\u0131z salt teorik bir etkinlik de\u011fildir. Aksine s\u00f6z ve eylem, felsefi s\u00f6ylem ve filozof\u00e7a ya\u015fam, birbirinden ayr\u0131lmaz tamamlay\u0131c\u0131 bir b\u00fct\u00fcnd\u00fcr. Ve felsefe hayretle ba\u015flar: \u201cD\u00fcnyan\u0131n nas\u0131l oldu\u011fu de\u011fildir gizemli olan, olmas\u0131d\u0131r.\u201d\u2026Wittgenstein\u2019\u0131n analitik-pozitivist d\u00fc\u015f\u00fcncesinin \u00f6tesinde mistik olana dair getirdi\u011fi a\u00e7\u0131l\u0131ma kulak vermek isteyenler i\u00e7in&#8230;    <\/p>\n","protected":false},"excerpt":{"rendered":"<p>B\u00fcy\u00fck antik felsefe uzman\u0131 Pierre Hadot, bu k\u00fc\u00e7\u00fck ama derin kitapta Wittgenstein ile ilgili birbiri i\u00e7ine ge\u00e7en \u00fc\u00e7 felsefi hik\u00e2ye sunmaktad\u0131r okuyucuya: \u0130lkin, Wittgenstein felsefesinin neredeyse<span class=\"excerpt-hellip\"> [\u2026]<\/span><\/p>\n","protected":false},"featured_media":0,"template":"","meta":{"_monsterinsights_skip_tracking":false,"_monsterinsights_sitenote_active":false,"_monsterinsights_sitenote_note":"","_monsterinsights_sitenote_category":0},"product_brand":[],"product_cat":[12388,26788],"product_tag":[],"class_list":{"0":"post-696125","1":"product","2":"type-product","3":"status-publish","5":"product_cat-felsefe","6":"product_cat-filozoflar","7":"pa_cilt-ciltsiz","8":"pa_tur-dergi","9":"pa_yayinevi-dogu-bati-yayinlari","10":"pa_yazar-pierre-hadot","12":"first","13":"instock","14":"sale","15":"shipping-taxable","16":"purchasable","17":"product-type-simple"},"_links":{"self":[{"href":"https:\/\/roveyayinevi.com.tr\/index.php\/wp-json\/wp\/v2\/product\/696125","targetHints":{"allow":["GET"]}}],"collection":[{"href":"https:\/\/roveyayinevi.com.tr\/index.php\/wp-json\/wp\/v2\/product"}],"about":[{"href":"https:\/\/roveyayinevi.com.tr\/index.php\/wp-json\/wp\/v2\/types\/product"}],"wp:attachment":[{"href":"https:\/\/roveyayinevi.com.tr\/index.php\/wp-json\/wp\/v2\/media?parent=696125"}],"wp:term":[{"taxonomy":"product_brand","embeddable":true,"href":"https:\/\/roveyayinevi.com.tr\/index.php\/wp-json\/wp\/v2\/product_brand?post=696125"},{"taxonomy":"product_cat","embeddable":true,"href":"https:\/\/roveyayinevi.com.tr\/index.php\/wp-json\/wp\/v2\/product_cat?post=696125"},{"taxonomy":"product_tag","embeddable":true,"href":"https:\/\/roveyayinevi.com.tr\/index.php\/wp-json\/wp\/v2\/product_tag?post=696125"}],"curies":[{"name":"wp","href":"https:\/\/api.w.org\/{rel}","templated":true}]}}