{"id":696123,"date":"2025-08-27T14:32:58","date_gmt":"2025-08-27T11:32:58","guid":{"rendered":"https:\/\/roveyayinevi.com.tr\/index.php\/urun\/bilim-sosyolojisi-incelemeleri\/"},"modified":"2025-10-16T10:49:54","modified_gmt":"2025-10-16T07:49:54","slug":"bilim-sosyolojisi-incelemeleri","status":"publish","type":"product","link":"https:\/\/roveyayinevi.com.tr\/index.php\/urun\/bilim-sosyolojisi-incelemeleri\/","title":{"rendered":"Bilim Sosyolojisi \u0130ncelemeleri"},"content":{"rendered":"<p>Genel olarak bilim sosyolojisi literat\u00fcr\u00fcnde \u00fc\u00e7 gelenekten s\u00f6z edilebilir. \u0130lki; bilimsel do\u011fruluk ve ge\u00e7erlik kriterlerinin hi\u00e7bir tarihsel-sosyal k\u00f6kene ba\u011flanamayaca\u011f\u0131n\u0131 savunan; ve dolay\u0131s\u0131yla, bilim toplulu\u011funun \u2018kendine has\u2019 normlara sahip, \u2018\u00f6zg\u00fcr\u2019 birey ara\u015ft\u0131rmac\u0131lardan olu\u015fan \u2018\u00f6zel t\u00fcrden\u2019 bir topluluk oldu\u011funu iddia eden pozitivist bilim sosyolojisi yakla\u015f\u0131mlar\u0131d\u0131r. Bunun tam kar\u015f\u0131s\u0131nda, bilim toplulu\u011funun ve bilimsel e\u011fitimin kat\u0131 hiyerar\u015fik yap\u0131s\u0131na, bilimsel bilginin konvansiyonel karakterine odaklanarak bilim toplulu\u011funu egzotik bir kabileye \u00e7eviren konvansiyonalist \/ r\u00f6lativist gelenekler yer al\u0131r. Bilim etkinli\u011fini akademi i\u00e7ine kilitleyip orada soru\u015fturan bu her iki gelene\u011fe kar\u015f\u0131, Marks\u00e7\u0131ele\u015ftirel gelenek ise, bilim etkinli\u011fini genel toplumsal s\u00fcre\u00e7lerle ba\u011flant\u0131ya sokan kurumsal, politik ve normatif ili\u015fkiler \u00fczerine yo\u011funla\u015f\u0131r. R\u00f6lativist gelene\u011fin \u00fclkemizdeki temsilcileri a\u00e7\u0131s\u0131ndan ise, pozitivizm ele\u015ftirisi temelinde yorumcu ve post-pozitivist anlay\u0131\u015flarla temasa ge\u00e7me ve empirik ara\u015ft\u0131rmaya d\u00f6n\u00fck bir \u00f6nyarg\u0131ya teslim olma durumu s\u00f6zkonusudur. \u00dclkemizdeki r\u00f6lativistler, sosyolojik pozitivizmle \u00f6zde\u015fle\u015ftirdikleri saha ara\u015ft\u0131rmas\u0131na kar\u015f\u0131 \u00f6\u011frenilmi\u015f bir k\u00fc\u00e7\u00fcmsemeyi yaratarak ve yayarak, felsefe yapma kayg\u0131s\u0131na d\u00fc\u015fm\u00fc\u015f ve kendilerini bir t\u00fcr sosyal felsefeci olarak konumland\u0131rm\u0131\u015flard\u0131r. Oysa ki Bat\u0131\u2019da deneyimlenen, normatif bir perspektife ve daha genel toplumsal-felsef\u00ee ilgilere do\u011fru \u00e7ifte hareket, T\u00fcrkiye ger\u00e7ekleriyle uygun bir bi\u00e7imde de\u011ferlendirildi\u011fi noktada, verimli imk\u00e2nlar sunar. Zira bu y\u00f6nelim, alandaki sorunlar\u0131n kayna\u011f\u0131 oldu\u011funu g\u00f6rd\u00fc\u011f\u00fcm\u00fcz darpolitik g\u00fczerg\u00e2hlardan bizleri kurtararak, akademinin ger\u00e7ek anlam\u0131yla politik bir bi\u00e7imde, yani salt s\u00f6ylemsel d\u00fczlemde de\u011fil ama ayn\u0131 zamanda di\u011fer sosyal kurum ve yap\u0131larla, di\u011fer sosyal s\u00f6m\u00fcr\u00fc ve tahakk\u00fcm mekanizmalar\u0131yla ili\u015fkisi i\u00e7ersinde, kurumsal ve yap\u0131sal olarak analiz edilebilmesini sa\u011flayacakt\u0131r. B\u00f6ylesi bir yakla\u015f\u0131m, self-refleksif bilinci t\u00fcm bilim sahalar\u0131na yaymaya y\u00f6nelik ad\u0131mlara yol a\u00e7t\u0131\u011f\u0131 noktada, yerlerde tek melenen bilim tabelalar\u0131n\u0131n yerli yerine as\u0131lmas\u0131n\u0131 sa\u011flayacak ve \u00fclke ger\u00e7e\u011finde \u00f6nemli roller oynama potansiyeline sahip \u00f6zg\u00fcrle\u015fimci bir bilim prati\u011fini m\u00fcmk\u00fcn k\u0131lacakt\u0131r. \ufffcTan\u0131t\u0131m Metni<\/p>\n","protected":false},"excerpt":{"rendered":"<p>Genel olarak bilim sosyolojisi literat\u00fcr\u00fcnde \u00fc\u00e7 gelenekten s\u00f6z edilebilir. \u0130lki; bilimsel do\u011fruluk ve ge\u00e7erlik kriterlerinin hi\u00e7bir tarihsel-sosyal k\u00f6kene ba\u011flanamayaca\u011f\u0131n\u0131 savunan; ve dolay\u0131s\u0131yla, bilim toplulu\u011funun \u2018kendine has\u2019<span class=\"excerpt-hellip\"> [\u2026]<\/span><\/p>\n","protected":false},"featured_media":0,"template":"","meta":{"_monsterinsights_skip_tracking":false,"_monsterinsights_sitenote_active":false,"_monsterinsights_sitenote_note":"","_monsterinsights_sitenote_category":0},"product_brand":[],"product_cat":[13590,12337],"product_tag":[],"class_list":{"0":"post-696123","1":"product","2":"type-product","3":"status-publish","5":"product_cat-arastirma-inceleme-politika-siyaset","6":"product_cat-politika-siyaset","7":"pa_cilt-ciltsiz","8":"pa_tur-kitap","9":"pa_yayinevi-dogu-bati-yayinlari","10":"pa_yazar-kolektif","12":"first","13":"instock","14":"sale","15":"shipping-taxable","16":"purchasable","17":"product-type-simple"},"_links":{"self":[{"href":"https:\/\/roveyayinevi.com.tr\/index.php\/wp-json\/wp\/v2\/product\/696123","targetHints":{"allow":["GET"]}}],"collection":[{"href":"https:\/\/roveyayinevi.com.tr\/index.php\/wp-json\/wp\/v2\/product"}],"about":[{"href":"https:\/\/roveyayinevi.com.tr\/index.php\/wp-json\/wp\/v2\/types\/product"}],"wp:attachment":[{"href":"https:\/\/roveyayinevi.com.tr\/index.php\/wp-json\/wp\/v2\/media?parent=696123"}],"wp:term":[{"taxonomy":"product_brand","embeddable":true,"href":"https:\/\/roveyayinevi.com.tr\/index.php\/wp-json\/wp\/v2\/product_brand?post=696123"},{"taxonomy":"product_cat","embeddable":true,"href":"https:\/\/roveyayinevi.com.tr\/index.php\/wp-json\/wp\/v2\/product_cat?post=696123"},{"taxonomy":"product_tag","embeddable":true,"href":"https:\/\/roveyayinevi.com.tr\/index.php\/wp-json\/wp\/v2\/product_tag?post=696123"}],"curies":[{"name":"wp","href":"https:\/\/api.w.org\/{rel}","templated":true}]}}