{"id":696122,"date":"2025-08-27T14:32:57","date_gmt":"2025-08-27T11:32:57","guid":{"rendered":"https:\/\/roveyayinevi.com.tr\/index.php\/urun\/ernesto-che-guevara-punta-del-este\/"},"modified":"2025-12-30T09:45:32","modified_gmt":"2025-12-30T06:45:32","slug":"ernesto-che-guevara-punta-del-este","status":"publish","type":"product","link":"https:\/\/roveyayinevi.com.tr\/index.php\/urun\/ernesto-che-guevara-punta-del-este\/","title":{"rendered":"Ernesto Che Guevara Punta Del Este"},"content":{"rendered":"<p>K\u00fcba delegasyonu hakk\u0131nda Che \u015funlar\u0131 s\u00f6ylemi\u015fti:   B\u00fct\u00fcn\u00fcyle \u00e7ok sa\u011flam bir duru\u015f sergilediler; yolda\u015flar\u0131m\u0131n tamam\u0131 \u00e7ok \u00f6nemli bir g\u00f6revin \u00fcstesinden ba\u015far\u0131yla geldiler. Disiplin a\u00e7\u0131s\u0131ndan \u00f6rnek bir \u00e7al\u0131\u015fma ger\u00e7ekle\u015ftirdik diyebiliriz&#8230;   At\u00f6lyede, Magali Goza\u2019n\u0131n hat\u0131ralar\u0131n\u0131 dinlerken insanlar\u0131n g\u00f6z\u00fcnde canlanan i\u015fte bu kendini g\u00f6reve adama duygusuydu. Che\u2019nin tarz\u0131 ve etkisi b\u00fct\u00fcn \u00e7al\u0131\u015fma arkada\u015flar\u0131 \u00fczerinde b\u00fcy\u00fck bir iz b\u0131rakm\u0131\u015ft\u0131. <\/p>\n","protected":false},"excerpt":{"rendered":"<p>K\u00fcba delegasyonu hakk\u0131nda Che \u015funlar\u0131 s\u00f6ylemi\u015fti: B\u00fct\u00fcn\u00fcyle \u00e7ok sa\u011flam bir duru\u015f sergilediler; yolda\u015flar\u0131m\u0131n tamam\u0131 \u00e7ok \u00f6nemli bir g\u00f6revin \u00fcstesinden ba\u015far\u0131yla geldiler. Disiplin a\u00e7\u0131s\u0131ndan \u00f6rnek bir \u00e7al\u0131\u015fma<span class=\"excerpt-hellip\"> [\u2026]<\/span><\/p>\n","protected":false},"featured_media":0,"template":"","meta":{"_monsterinsights_skip_tracking":false,"_monsterinsights_sitenote_active":false,"_monsterinsights_sitenote_note":"","_monsterinsights_sitenote_category":0},"product_brand":[],"product_cat":[13059,12337],"product_tag":[],"class_list":{"0":"post-696122","1":"product","2":"type-product","3":"status-publish","5":"product_cat-diger-politika-siyaset","6":"product_cat-politika-siyaset","7":"pa_tur-kitap","8":"pa_yayinevi-everest-yayinlari","9":"pa_yazar-ernesto-che-guevara","11":"first","12":"instock","13":"sale","14":"shipping-taxable","15":"purchasable","16":"product-type-simple"},"_links":{"self":[{"href":"https:\/\/roveyayinevi.com.tr\/index.php\/wp-json\/wp\/v2\/product\/696122","targetHints":{"allow":["GET"]}}],"collection":[{"href":"https:\/\/roveyayinevi.com.tr\/index.php\/wp-json\/wp\/v2\/product"}],"about":[{"href":"https:\/\/roveyayinevi.com.tr\/index.php\/wp-json\/wp\/v2\/types\/product"}],"wp:attachment":[{"href":"https:\/\/roveyayinevi.com.tr\/index.php\/wp-json\/wp\/v2\/media?parent=696122"}],"wp:term":[{"taxonomy":"product_brand","embeddable":true,"href":"https:\/\/roveyayinevi.com.tr\/index.php\/wp-json\/wp\/v2\/product_brand?post=696122"},{"taxonomy":"product_cat","embeddable":true,"href":"https:\/\/roveyayinevi.com.tr\/index.php\/wp-json\/wp\/v2\/product_cat?post=696122"},{"taxonomy":"product_tag","embeddable":true,"href":"https:\/\/roveyayinevi.com.tr\/index.php\/wp-json\/wp\/v2\/product_tag?post=696122"}],"curies":[{"name":"wp","href":"https:\/\/api.w.org\/{rel}","templated":true}]}}

<p>Küba delegasyonu hakkında Che şunları söylemişti:   Bütünüyle çok sağlam bir duruş sergilediler; yoldaşlarımın tamamı çok önemli bir görevin üstesinden başarıyla geldiler. Disiplin açısından örnek bir çalışma gerçekleştirdik diyebiliriz&#8230;   Atölyede, Magali Goza’nın hatıralarını dinlerken insanların gözünde canlanan işte bu kendini göreve adama duygusuydu. Che’nin tarzı ve etkisi bütün çalışma arkadaşları üzerinde büyük bir iz bırakmıştı. </p>

<p>Küba delegasyonu hakkında Che şunları söylemişti: Bütünüyle çok sağlam bir duruş sergilediler; yoldaşlarımın tamamı çok önemli bir görevin üstesinden başarıyla geldiler. Disiplin açısından örnek bir çalışma<span class="excerpt-hellip"> […]</span></p>
