{"id":696082,"date":"2025-08-27T14:32:46","date_gmt":"2025-08-27T11:32:46","guid":{"rendered":"https:\/\/roveyayinevi.com.tr\/index.php\/urun\/balik-izlerinin-sesi\/"},"modified":"2025-10-30T09:41:19","modified_gmt":"2025-10-30T06:41:19","slug":"balik-izlerinin-sesi","status":"publish","type":"product","link":"https:\/\/roveyayinevi.com.tr\/index.php\/urun\/balik-izlerinin-sesi\/","title":{"rendered":"Bal\u0131k \u0130zlerinin Sesi"},"content":{"rendered":"<p>&#8211; Anne taraf\u0131ndan Afife Jale\u2019ye akraba oluyorum. Babam\u0131n k\u00f6kleri de Piri Reis\u2019in amcas\u0131 Kemal Reis\u2019e uzan\u0131r, dedim gururla. &#8211; Camile ve Kolomb gibi mi yani? dedi \u015fa\u015f\u0131rarak. &#8211; Hi\u00e7 kimse bir ba\u015fkas\u0131na benzemez! diye h\u0131r\u00e7\u0131nla\u015ft\u0131m. &#8211; Afife Piri! dedi hayranl\u0131kla. &#8211; Afife Piri! diye yineledim. &#8211; Denizlerin ser\u00fcvenci o\u011fluyla, sahne \u0131\u015f\u0131klar\u0131n\u0131n cesur, asi k\u0131z\u0131n\u0131n torunusun, m\u00fcthi\u015f&#8230; ola\u011fan\u00fcs\u00fc&#8230; Anlamal\u0131yd\u0131m&#8230; \u00c7oktan anlamal\u0131yd\u0131m&#8230; \ufffcTan\u0131t\u0131m Metni<\/p>\n","protected":false},"excerpt":{"rendered":"<p>&#8211; Anne taraf\u0131ndan Afife Jale\u2019ye akraba oluyorum. Babam\u0131n k\u00f6kleri de Piri Reis\u2019in amcas\u0131 Kemal Reis\u2019e uzan\u0131r, dedim gururla. &#8211; Camile ve Kolomb gibi mi yani? dedi<span class=\"excerpt-hellip\"> [\u2026]<\/span><\/p>\n","protected":false},"featured_media":0,"template":"","meta":{"_monsterinsights_skip_tracking":false,"_monsterinsights_sitenote_active":false,"_monsterinsights_sitenote_note":"","_monsterinsights_sitenote_category":0},"product_brand":[],"product_cat":[12291,12292],"product_tag":[],"class_list":{"0":"post-696082","1":"product","2":"type-product","3":"status-publish","5":"product_cat-edebiyat","6":"product_cat-turk-edebiyati","7":"pa_cilt-ciltsiz","8":"pa_tur-kitap","9":"pa_yayinevi-everest-yayinlari","10":"pa_yazar-buket-uzuner","12":"first","13":"instock","14":"sale","15":"shipping-taxable","16":"purchasable","17":"product-type-simple"},"_links":{"self":[{"href":"https:\/\/roveyayinevi.com.tr\/index.php\/wp-json\/wp\/v2\/product\/696082","targetHints":{"allow":["GET"]}}],"collection":[{"href":"https:\/\/roveyayinevi.com.tr\/index.php\/wp-json\/wp\/v2\/product"}],"about":[{"href":"https:\/\/roveyayinevi.com.tr\/index.php\/wp-json\/wp\/v2\/types\/product"}],"wp:attachment":[{"href":"https:\/\/roveyayinevi.com.tr\/index.php\/wp-json\/wp\/v2\/media?parent=696082"}],"wp:term":[{"taxonomy":"product_brand","embeddable":true,"href":"https:\/\/roveyayinevi.com.tr\/index.php\/wp-json\/wp\/v2\/product_brand?post=696082"},{"taxonomy":"product_cat","embeddable":true,"href":"https:\/\/roveyayinevi.com.tr\/index.php\/wp-json\/wp\/v2\/product_cat?post=696082"},{"taxonomy":"product_tag","embeddable":true,"href":"https:\/\/roveyayinevi.com.tr\/index.php\/wp-json\/wp\/v2\/product_tag?post=696082"}],"curies":[{"name":"wp","href":"https:\/\/api.w.org\/{rel}","templated":true}]}}