{"id":696069,"date":"2025-08-27T14:32:43","date_gmt":"2025-08-27T11:32:43","guid":{"rendered":"https:\/\/roveyayinevi.com.tr\/index.php\/urun\/babama\/"},"modified":"2026-04-03T02:09:15","modified_gmt":"2026-04-02T23:09:15","slug":"babama","status":"publish","type":"product","link":"https:\/\/roveyayinevi.com.tr\/index.php\/urun\/babama\/","title":{"rendered":"Babama"},"content":{"rendered":"<p>T\u00fcm \u00e7ocuklar\u0131na d\u00fcnyan\u0131nBabal\u0131 \u00e7ocuklar dilerim,Doyas\u0131ya ya\u015fayabilsinler diye\u00c7ocukluklar\u0131n\u0131.Doyas\u0131ya efelensinler diyeKom\u015fu \u00e7ocuklar\u0131na.De\u011fil mi kiBenim babam senin baban d\u00f6verEve gelince,Vars\u0131n sapanla k\u0131r\u0131ls\u0131n camlarT\u0131rmans\u0131nlar elma dallar\u0131naG\u00f6n\u00fcllerince. Ay\u015fe Kulin\u2019den babas\u0131na 80. ya\u015f g\u00fcn\u00fc arma\u011fan\u0131\u2026 <\/p>\n","protected":false},"excerpt":{"rendered":"<p>T\u00fcm \u00e7ocuklar\u0131na d\u00fcnyan\u0131nBabal\u0131 \u00e7ocuklar dilerim,Doyas\u0131ya ya\u015fayabilsinler diye\u00c7ocukluklar\u0131n\u0131.Doyas\u0131ya efelensinler diyeKom\u015fu \u00e7ocuklar\u0131na.De\u011fil mi kiBenim babam senin baban d\u00f6verEve gelince,Vars\u0131n sapanla k\u0131r\u0131ls\u0131n camlarT\u0131rmans\u0131nlar elma dallar\u0131naG\u00f6n\u00fcllerince. Ay\u015fe Kulin\u2019den babas\u0131na 80.<span class=\"excerpt-hellip\"> [\u2026]<\/span><\/p>\n","protected":false},"featured_media":0,"template":"","meta":{"_monsterinsights_skip_tracking":false,"_monsterinsights_sitenote_active":false,"_monsterinsights_sitenote_note":"","_monsterinsights_sitenote_category":0},"product_brand":[],"product_cat":[12291,12509],"product_tag":[],"class_list":{"0":"post-696069","1":"product","2":"type-product","3":"status-publish","5":"product_cat-edebiyat","6":"product_cat-siir","7":"pa_cilt-ciltsiz","8":"pa_tur-kitap","9":"pa_yayinevi-everest-yayinlari","10":"pa_yazar-ayse-kulin","12":"first","13":"instock","14":"sale","15":"shipping-taxable","16":"purchasable","17":"product-type-simple"},"_links":{"self":[{"href":"https:\/\/roveyayinevi.com.tr\/index.php\/wp-json\/wp\/v2\/product\/696069","targetHints":{"allow":["GET"]}}],"collection":[{"href":"https:\/\/roveyayinevi.com.tr\/index.php\/wp-json\/wp\/v2\/product"}],"about":[{"href":"https:\/\/roveyayinevi.com.tr\/index.php\/wp-json\/wp\/v2\/types\/product"}],"wp:attachment":[{"href":"https:\/\/roveyayinevi.com.tr\/index.php\/wp-json\/wp\/v2\/media?parent=696069"}],"wp:term":[{"taxonomy":"product_brand","embeddable":true,"href":"https:\/\/roveyayinevi.com.tr\/index.php\/wp-json\/wp\/v2\/product_brand?post=696069"},{"taxonomy":"product_cat","embeddable":true,"href":"https:\/\/roveyayinevi.com.tr\/index.php\/wp-json\/wp\/v2\/product_cat?post=696069"},{"taxonomy":"product_tag","embeddable":true,"href":"https:\/\/roveyayinevi.com.tr\/index.php\/wp-json\/wp\/v2\/product_tag?post=696069"}],"curies":[{"name":"wp","href":"https:\/\/api.w.org\/{rel}","templated":true}]}}