{"id":696064,"date":"2025-08-27T14:32:41","date_gmt":"2025-08-27T11:32:41","guid":{"rendered":"https:\/\/roveyayinevi.com.tr\/index.php\/urun\/arkadas-isliklari\/"},"modified":"2025-09-01T09:00:50","modified_gmt":"2025-09-01T06:00:50","slug":"arkadas-isliklari","status":"publish","type":"product","link":"https:\/\/roveyayinevi.com.tr\/index.php\/urun\/arkadas-isliklari\/","title":{"rendered":"Arkada\u015f Isl\u0131klar\u0131"},"content":{"rendered":"<p>Sokaktaki isimsiz ki\u015fileri hepimizin tan\u0131d\u0131\u011f\u0131 karakterlere d\u00f6n\u00fc\u015ft\u00fcren, onlar\u0131 en yak\u0131n\u0131m\u0131zdaki insanlar aras\u0131na sokan, hatta kendi verdi\u011fi adlarla toplumsal birer tipleme haline getiren Orhan Kemal, Arkada\u015f Isl\u0131klar\u0131 adl\u0131 bu kitab\u0131nda bir kez daha insan\u0131n ser\u00fcvenini ele al\u0131yor. Arkada\u015f Isl\u0131klar\u0131, gen\u00e7 bir delikanl\u0131n\u0131n ald\u0131\u011f\u0131 uzun yolu anlat\u0131rken bir yandan da arkada\u015flar\u0131m\u0131z\u0131n \u00e7ald\u0131\u011f\u0131 o \u0131sl\u0131klar\u0131n \u00fczerimizde nas\u0131l bir etki b\u0131rakt\u0131\u011f\u0131n\u0131 da dile getiriyor. Orhan Kemal\u2019in kitaplar\u0131 bir okurun hayatta rastlayabilece\u011fi o \u00e7ok nadir hazineler aras\u0131nda yer al\u0131r. \u00c7ok az yazar okurunun d\u00fcnyas\u0131nda onun kadar iz b\u0131rak\u0131r, okurunu onun kadar bi\u00e7imlendirir. Orhan Kemal umudu ve ayd\u0131nl\u0131\u011f\u0131 yeniden kazanmam\u0131z i\u00e7in yol g\u00f6sterir bize. Edebiyat\u0131m\u0131z\u0131n en de\u011ferli ustalar\u0131ndan biri olan Orhan Kemal\u2019in kitaplar\u0131n\u0131 yay\u0131mlamaktan onur duyuyoruz. \ufffcTan\u0131t\u0131m Metni<\/p>\n","protected":false},"excerpt":{"rendered":"<p>Sokaktaki isimsiz ki\u015fileri hepimizin tan\u0131d\u0131\u011f\u0131 karakterlere d\u00f6n\u00fc\u015ft\u00fcren, onlar\u0131 en yak\u0131n\u0131m\u0131zdaki insanlar aras\u0131na sokan, hatta kendi verdi\u011fi adlarla toplumsal birer tipleme haline getiren Orhan Kemal, Arkada\u015f Isl\u0131klar\u0131<span class=\"excerpt-hellip\"> [\u2026]<\/span><\/p>\n","protected":false},"featured_media":0,"template":"","meta":{"_monsterinsights_skip_tracking":false,"_monsterinsights_sitenote_active":false,"_monsterinsights_sitenote_note":"","_monsterinsights_sitenote_category":0},"product_brand":[],"product_cat":[12291,12292],"product_tag":[],"class_list":{"0":"post-696064","1":"product","2":"type-product","3":"status-publish","5":"product_cat-edebiyat","6":"product_cat-turk-edebiyati","7":"pa_cilt-ciltsiz","8":"pa_tur-kitap","9":"pa_yayinevi-everest-yayinlari","10":"pa_yazar-orhan-kemal","12":"first","13":"instock","14":"sale","15":"shipping-taxable","16":"purchasable","17":"product-type-simple"},"_links":{"self":[{"href":"https:\/\/roveyayinevi.com.tr\/index.php\/wp-json\/wp\/v2\/product\/696064","targetHints":{"allow":["GET"]}}],"collection":[{"href":"https:\/\/roveyayinevi.com.tr\/index.php\/wp-json\/wp\/v2\/product"}],"about":[{"href":"https:\/\/roveyayinevi.com.tr\/index.php\/wp-json\/wp\/v2\/types\/product"}],"wp:attachment":[{"href":"https:\/\/roveyayinevi.com.tr\/index.php\/wp-json\/wp\/v2\/media?parent=696064"}],"wp:term":[{"taxonomy":"product_brand","embeddable":true,"href":"https:\/\/roveyayinevi.com.tr\/index.php\/wp-json\/wp\/v2\/product_brand?post=696064"},{"taxonomy":"product_cat","embeddable":true,"href":"https:\/\/roveyayinevi.com.tr\/index.php\/wp-json\/wp\/v2\/product_cat?post=696064"},{"taxonomy":"product_tag","embeddable":true,"href":"https:\/\/roveyayinevi.com.tr\/index.php\/wp-json\/wp\/v2\/product_tag?post=696064"}],"curies":[{"name":"wp","href":"https:\/\/api.w.org\/{rel}","templated":true}]}}