{"id":696039,"date":"2025-08-27T14:32:34","date_gmt":"2025-08-27T11:32:34","guid":{"rendered":"https:\/\/roveyayinevi.com.tr\/index.php\/urun\/su-hortumlu-dunyada-fil-yalniz-bir-hayvandir\/"},"modified":"2026-04-16T02:05:51","modified_gmt":"2026-04-15T23:05:51","slug":"su-hortumlu-dunyada-fil-yalniz-bir-hayvandir","status":"publish","type":"product","link":"https:\/\/roveyayinevi.com.tr\/index.php\/urun\/su-hortumlu-dunyada-fil-yalniz-bir-hayvandir\/","title":{"rendered":"\u015eu Hortumlu D\u00fcnyada Fil Yaln\u0131z Bir Hayvand\u0131r"},"content":{"rendered":"<p>36 saat i\u00e7inde kitab\u0131n\u0131z\u0131 iki kere okudum. Okurken s\u00fcrekli g\u00f6zlerin doluyordu. Kitab\u0131 ikinci kez okuyu\u015fumda hayat\u0131mla ilgili radikal kararlar ald\u0131m. Sayenizde hayat\u0131m\u0131n en keyifli otob\u00fcs yolculu\u011funu yapt\u0131m.Bu kitab\u0131 niye yazd\u0131m?  Krushen diye bir Amerikal\u0131 dilbilimci seminerinde, \u0130ngiltere&#8217;de G\u00fczin Abla benzeri bir k\u00f6\u015fe yazar\u0131na giden mektubu anlatm\u0131\u015ft\u0131. Mektup \u015f\u00f6yleydi:  &#8220;Sevgili Kathy,  Biriyle ili\u015fkim var, fakat onunla evlenip evlenmemek konusunda karars\u0131z\u0131m. Beni \u00e7ok k\u0131skan\u0131yor. Birka\u00e7 kere \u015fiddet de uygulad\u0131. Kavgac\u0131. Ayr\u0131ca bana hi\u00e7 g\u00fcveni yok. Bir g\u00fcn beni eve b\u0131rakt\u0131ktan iki saat sonra telefon a\u00e7t\u0131, amac\u0131 benim evde olup olmad\u0131\u011f\u0131m\u0131 anlamakt\u0131. Bir sabah onu kap\u0131m\u0131n \u00f6n\u00fcnde uyurken buldum. Ayr\u0131ca \u00e7ok asabi; bu da karars\u0131zl\u0131\u011f\u0131m\u0131 artt\u0131r\u0131yor. En ufak bir \u015feyden parlayabiliyor. Asl\u0131nda d\u00fc\u015f\u00fcn\u00fcyorum da beni sevdi\u011fini g\u00f6steren hi\u00e7bir \u015fey yapm\u0131yor, niye onunla birlikteyim ki? Evet do\u011fruyu s\u00f6ylemek gerekirse, yanl\u0131\u015f ki\u015fiyle birlikteyim. Evet karar\u0131m\u0131 verdim. Neyse Kathy umar\u0131m sen iyisindir!! <\/p>\n","protected":false},"excerpt":{"rendered":"<p>36 saat i\u00e7inde kitab\u0131n\u0131z\u0131 iki kere okudum. Okurken s\u00fcrekli g\u00f6zlerin doluyordu. Kitab\u0131 ikinci kez okuyu\u015fumda hayat\u0131mla ilgili radikal kararlar ald\u0131m. Sayenizde hayat\u0131m\u0131n en keyifli otob\u00fcs yolculu\u011funu<span class=\"excerpt-hellip\"> [\u2026]<\/span><\/p>\n","protected":false},"featured_media":0,"template":"","meta":{"_monsterinsights_skip_tracking":false,"_monsterinsights_sitenote_active":false,"_monsterinsights_sitenote_note":"","_monsterinsights_sitenote_category":0},"product_brand":[],"product_cat":[12364,12376],"product_tag":[],"class_list":{"0":"post-696039","1":"product","2":"type-product","3":"status-publish","5":"product_cat-genel-konular","6":"product_cat-kisisel-gelisim","7":"pa_cilt-ciltsiz","8":"pa_tur-kitap","9":"pa_yayinevi-elma-yayinevi","10":"pa_yazar-ahmet-serif-izgoren","12":"first","13":"instock","14":"sale","15":"shipping-taxable","16":"purchasable","17":"product-type-simple"},"_links":{"self":[{"href":"https:\/\/roveyayinevi.com.tr\/index.php\/wp-json\/wp\/v2\/product\/696039","targetHints":{"allow":["GET"]}}],"collection":[{"href":"https:\/\/roveyayinevi.com.tr\/index.php\/wp-json\/wp\/v2\/product"}],"about":[{"href":"https:\/\/roveyayinevi.com.tr\/index.php\/wp-json\/wp\/v2\/types\/product"}],"wp:attachment":[{"href":"https:\/\/roveyayinevi.com.tr\/index.php\/wp-json\/wp\/v2\/media?parent=696039"}],"wp:term":[{"taxonomy":"product_brand","embeddable":true,"href":"https:\/\/roveyayinevi.com.tr\/index.php\/wp-json\/wp\/v2\/product_brand?post=696039"},{"taxonomy":"product_cat","embeddable":true,"href":"https:\/\/roveyayinevi.com.tr\/index.php\/wp-json\/wp\/v2\/product_cat?post=696039"},{"taxonomy":"product_tag","embeddable":true,"href":"https:\/\/roveyayinevi.com.tr\/index.php\/wp-json\/wp\/v2\/product_tag?post=696039"}],"curies":[{"name":"wp","href":"https:\/\/api.w.org\/{rel}","templated":true}]}}