{"id":696038,"date":"2025-08-27T14:32:33","date_gmt":"2025-08-27T11:32:33","guid":{"rendered":"https:\/\/roveyayinevi.com.tr\/index.php\/urun\/buz-adalari\/"},"modified":"2026-04-12T02:06:45","modified_gmt":"2026-04-11T23:06:45","slug":"buz-adalari","status":"publish","type":"product","link":"https:\/\/roveyayinevi.com.tr\/index.php\/urun\/buz-adalari\/","title":{"rendered":"Buz Adalar\u0131"},"content":{"rendered":"<p>Sizin i\u00e7in se\u00e7ti\u011fimiz b\u00f6l\u00fcmleri ayr\u0131 birer hik\u00e2ye olarak okuyabilirsiniz. Eseri yeniden kaleme al\u0131rken hik\u00e2yelerin \u00fcsl\u00fbbunu bozmad\u0131k. Ancak anla\u015f\u0131l\u0131r bir dil kullanmaya \u00e7al\u0131\u015ft\u0131k. MEB Talim ve Terbiye Kurulunun 2192 say\u0131l\u0131 Tebli\u011fler Dergisinde yay\u0131nlanan karar\u0131 ile ilk\u00f6\u011fretim okulu \u00f6\u011frencilerine tavsiye edilmi\u015ftir.<\/p>\n","protected":false},"excerpt":{"rendered":"<p>Sizin i\u00e7in se\u00e7ti\u011fimiz b\u00f6l\u00fcmleri ayr\u0131 birer hik\u00e2ye olarak okuyabilirsiniz. Eseri yeniden kaleme al\u0131rken hik\u00e2yelerin \u00fcsl\u00fbbunu bozmad\u0131k. Ancak anla\u015f\u0131l\u0131r bir dil kullanmaya \u00e7al\u0131\u015ft\u0131k. MEB Talim ve Terbiye<span class=\"excerpt-hellip\"> [\u2026]<\/span><\/p>\n","protected":false},"featured_media":0,"template":"","meta":{"_monsterinsights_skip_tracking":false,"_monsterinsights_sitenote_active":false,"_monsterinsights_sitenote_note":"","_monsterinsights_sitenote_category":0},"product_brand":[],"product_cat":[12274,12284],"product_tag":[],"class_list":{"0":"post-696038","1":"product","2":"type-product","3":"status-publish","5":"product_cat-cocuk-ve-genclik-kitaplari","6":"product_cat-hikayeler","7":"pa_cilt-ciltsiz","8":"pa_tur-kitap","9":"pa_yayinevi-erdem-cocuk","10":"pa_yazar-evliya-celebi","12":"first","13":"instock","14":"sale","15":"shipping-taxable","16":"purchasable","17":"product-type-simple"},"_links":{"self":[{"href":"https:\/\/roveyayinevi.com.tr\/index.php\/wp-json\/wp\/v2\/product\/696038","targetHints":{"allow":["GET"]}}],"collection":[{"href":"https:\/\/roveyayinevi.com.tr\/index.php\/wp-json\/wp\/v2\/product"}],"about":[{"href":"https:\/\/roveyayinevi.com.tr\/index.php\/wp-json\/wp\/v2\/types\/product"}],"wp:attachment":[{"href":"https:\/\/roveyayinevi.com.tr\/index.php\/wp-json\/wp\/v2\/media?parent=696038"}],"wp:term":[{"taxonomy":"product_brand","embeddable":true,"href":"https:\/\/roveyayinevi.com.tr\/index.php\/wp-json\/wp\/v2\/product_brand?post=696038"},{"taxonomy":"product_cat","embeddable":true,"href":"https:\/\/roveyayinevi.com.tr\/index.php\/wp-json\/wp\/v2\/product_cat?post=696038"},{"taxonomy":"product_tag","embeddable":true,"href":"https:\/\/roveyayinevi.com.tr\/index.php\/wp-json\/wp\/v2\/product_tag?post=696038"}],"curies":[{"name":"wp","href":"https:\/\/api.w.org\/{rel}","templated":true}]}}