{"id":696036,"date":"2025-08-27T14:32:33","date_gmt":"2025-08-27T11:32:33","guid":{"rendered":"https:\/\/roveyayinevi.com.tr\/index.php\/urun\/bogac-han\/"},"modified":"2026-04-05T02:06:43","modified_gmt":"2026-04-04T23:06:43","slug":"bogac-han","status":"publish","type":"product","link":"https:\/\/roveyayinevi.com.tr\/index.php\/urun\/bogac-han\/","title":{"rendered":"Bo\u011fa\u00e7 Han"},"content":{"rendered":"<p>Dede Korkut Hik\u00e2yeleri T\u00fcrk k\u00fclt\u00fcr\u00fcn\u00fcn anlat\u0131ld\u0131\u011f\u0131 kitaplard\u0131r. \u00dc\u00e7 hik\u00e2yenin yer ald\u0131\u011f\u0131 Bo\u011fa\u00e7 Han adl\u0131 kitapta, iyi ile k\u00f6t\u00fcn\u00fcn, sava\u015f\u00e7\u0131 ile bar\u0131\u015f\u00e7\u0131 toplumlar\u0131n \u00e7at\u0131\u015fmas\u0131 anlat\u0131l\u0131yor. Elbette galip gelen iyiler.<\/p>\n","protected":false},"excerpt":{"rendered":"<p>Dede Korkut Hik\u00e2yeleri T\u00fcrk k\u00fclt\u00fcr\u00fcn\u00fcn anlat\u0131ld\u0131\u011f\u0131 kitaplard\u0131r. \u00dc\u00e7 hik\u00e2yenin yer ald\u0131\u011f\u0131 Bo\u011fa\u00e7 Han adl\u0131 kitapta, iyi ile k\u00f6t\u00fcn\u00fcn, sava\u015f\u00e7\u0131 ile bar\u0131\u015f\u00e7\u0131 toplumlar\u0131n \u00e7at\u0131\u015fmas\u0131 anlat\u0131l\u0131yor. Elbette galip<span class=\"excerpt-hellip\"> [\u2026]<\/span><\/p>\n","protected":false},"featured_media":0,"template":"","meta":{"_monsterinsights_skip_tracking":false,"_monsterinsights_sitenote_active":false,"_monsterinsights_sitenote_note":"","_monsterinsights_sitenote_category":0},"product_brand":[],"product_cat":[12274,12284],"product_tag":[],"class_list":{"0":"post-696036","1":"product","2":"type-product","3":"status-publish","5":"product_cat-cocuk-ve-genclik-kitaplari","6":"product_cat-hikayeler","7":"pa_cilt-ciltsiz","8":"pa_tur-kitap","9":"pa_yayinevi-erdem-cocuk","10":"pa_yazar-kollektif","12":"first","13":"instock","14":"sale","15":"shipping-taxable","16":"purchasable","17":"product-type-simple"},"_links":{"self":[{"href":"https:\/\/roveyayinevi.com.tr\/index.php\/wp-json\/wp\/v2\/product\/696036","targetHints":{"allow":["GET"]}}],"collection":[{"href":"https:\/\/roveyayinevi.com.tr\/index.php\/wp-json\/wp\/v2\/product"}],"about":[{"href":"https:\/\/roveyayinevi.com.tr\/index.php\/wp-json\/wp\/v2\/types\/product"}],"wp:attachment":[{"href":"https:\/\/roveyayinevi.com.tr\/index.php\/wp-json\/wp\/v2\/media?parent=696036"}],"wp:term":[{"taxonomy":"product_brand","embeddable":true,"href":"https:\/\/roveyayinevi.com.tr\/index.php\/wp-json\/wp\/v2\/product_brand?post=696036"},{"taxonomy":"product_cat","embeddable":true,"href":"https:\/\/roveyayinevi.com.tr\/index.php\/wp-json\/wp\/v2\/product_cat?post=696036"},{"taxonomy":"product_tag","embeddable":true,"href":"https:\/\/roveyayinevi.com.tr\/index.php\/wp-json\/wp\/v2\/product_tag?post=696036"}],"curies":[{"name":"wp","href":"https:\/\/api.w.org\/{rel}","templated":true}]}}