{"id":696026,"date":"2025-08-27T14:32:21","date_gmt":"2025-08-27T11:32:21","guid":{"rendered":"https:\/\/roveyayinevi.com.tr\/index.php\/urun\/butun-kadinlarin-kafasi-karisiktir\/"},"modified":"2026-04-16T02:05:51","modified_gmt":"2026-04-15T23:05:51","slug":"butun-kadinlarin-kafasi-karisiktir","status":"publish","type":"product","link":"https:\/\/roveyayinevi.com.tr\/index.php\/urun\/butun-kadinlarin-kafasi-karisiktir\/","title":{"rendered":"B\u00fct\u00fcn Kad\u0131nlar\u0131n Kafas\u0131 Kar\u0131\u015f\u0131kt\u0131r"},"content":{"rendered":"<p>B\u00fct\u00fcn \u00c7ocuklar, bir kez olsun, anne ve babalar\u0131n\u0131 cezaland\u0131rmak i\u00e7in \u00f6lmeyi d\u00fc\u015f\u00fcnm\u00fc\u015ft\u00fcr mutlaka.Ve nedense hep a\u011flam\u0131\u015flard\u0131r d\u00fc\u015f\u00fcn sonunda.Belki bu \u00f6yk\u00fc de bir cezaland\u0131rma A\u011flama?Bunlar\u0131 oku. denize kar\u015f\u0131 bir sigara yak. tek \u015fekerli, demli bir \u00e7ay koy masaya, \u00e7ok ne\u015feli bir m\u00fczik \u00e7als\u0131n mutlaka, kapat g\u00f6zlerini, g\u00fcl\u00fcmse, \u00e7\u00fcnk\u00fc&#8230;B\u00dcT\u00dcN KADINLARIN KAFASI KARI\u015eIKTIR, \u00e7\u00fcnk\u00fc&#8230; bir g\u00fcn bir anda, baz\u0131 k\u0131zg\u0131nl\u0131klar\u0131n\u0131 unuttu\u011funun fark\u0131na varacaks\u0131n, art\u0131k pek d\u00fc\u015f\u00fcnmedi\u011fini, \u00e7\u00fcnk\u00fc art\u0131k bildi\u011fini anlay\u0131p, ellerini bir klarnet taksimi gibi uzatacaks\u0131n, h\u00e2l\u00e2 kafan kar\u0131\u015f\u0131k olacak, ama art\u0131k bunu seveceksin, sevmelisin de.KADINSIN&#8230;&#8230; Bir \u00c7i\u00e7e\u011fin Yan\u0131ndan Ge\u00e7er Gibi Ya\u015famal\u0131y\u0131z Asl\u0131nda. <\/p>\n","protected":false},"excerpt":{"rendered":"<p>B\u00fct\u00fcn \u00c7ocuklar, bir kez olsun, anne ve babalar\u0131n\u0131 cezaland\u0131rmak i\u00e7in \u00f6lmeyi d\u00fc\u015f\u00fcnm\u00fc\u015ft\u00fcr mutlaka.Ve nedense hep a\u011flam\u0131\u015flard\u0131r d\u00fc\u015f\u00fcn sonunda.Belki bu \u00f6yk\u00fc de bir cezaland\u0131rma A\u011flama?Bunlar\u0131 oku. denize<span class=\"excerpt-hellip\"> [\u2026]<\/span><\/p>\n","protected":false},"featured_media":0,"template":"","meta":{"_monsterinsights_skip_tracking":false,"_monsterinsights_sitenote_active":false,"_monsterinsights_sitenote_note":"","_monsterinsights_sitenote_category":0},"product_brand":[],"product_cat":[12364],"product_tag":[],"class_list":{"0":"post-696026","1":"product","2":"type-product","3":"status-publish","5":"product_cat-genel-konular","6":"pa_cilt-ciltsiz","7":"pa_tur-kitap","8":"pa_yayinevi-everest-yayinlari","9":"pa_yazar-ece-temelkuran","11":"first","12":"instock","13":"sale","14":"shipping-taxable","15":"purchasable","16":"product-type-simple"},"_links":{"self":[{"href":"https:\/\/roveyayinevi.com.tr\/index.php\/wp-json\/wp\/v2\/product\/696026","targetHints":{"allow":["GET"]}}],"collection":[{"href":"https:\/\/roveyayinevi.com.tr\/index.php\/wp-json\/wp\/v2\/product"}],"about":[{"href":"https:\/\/roveyayinevi.com.tr\/index.php\/wp-json\/wp\/v2\/types\/product"}],"wp:attachment":[{"href":"https:\/\/roveyayinevi.com.tr\/index.php\/wp-json\/wp\/v2\/media?parent=696026"}],"wp:term":[{"taxonomy":"product_brand","embeddable":true,"href":"https:\/\/roveyayinevi.com.tr\/index.php\/wp-json\/wp\/v2\/product_brand?post=696026"},{"taxonomy":"product_cat","embeddable":true,"href":"https:\/\/roveyayinevi.com.tr\/index.php\/wp-json\/wp\/v2\/product_cat?post=696026"},{"taxonomy":"product_tag","embeddable":true,"href":"https:\/\/roveyayinevi.com.tr\/index.php\/wp-json\/wp\/v2\/product_tag?post=696026"}],"curies":[{"name":"wp","href":"https:\/\/api.w.org\/{rel}","templated":true}]}}