{"id":696011,"date":"2025-08-27T14:32:17","date_gmt":"2025-08-27T11:32:17","guid":{"rendered":"https:\/\/roveyayinevi.com.tr\/index.php\/urun\/iste-mulakat\/"},"modified":"2026-04-16T02:05:50","modified_gmt":"2026-04-15T23:05:50","slug":"iste-mulakat","status":"publish","type":"product","link":"https:\/\/roveyayinevi.com.tr\/index.php\/urun\/iste-mulakat\/","title":{"rendered":"\u0130\u015fte M\u00fclakat"},"content":{"rendered":"<p>M\u00fclakat, \u0130nsan Kaynaklar\u0131&#8217;n\u0131n ger\u00e7eklerini \u00f6yk\u00fc tad\u0131nda anlat\u0131yor. Aday\u0131yla, m\u00fclakat\u00e7\u0131s\u0131yla, i\u015fvereniyle, i\u015fe al\u0131mda torpil isteyen siyasisiyle ve daha pek \u00e7ok karakteriyle kitaptaki her \u015fey bize ait. Yabanc\u0131 kaynakl\u0131, T\u00fcrkiye ger\u00e7eklerinden uzak i\u015f d\u00fcnyas\u0131 kitaplar\u0131ndan s\u0131k\u0131lanlar\u0131n ve farkl\u0131 bir \u015feyler okumak isteyenlerin mutlaka almas\u0131 gereken bir kitap. \u0130\u015f hayat\u0131ndaki herkesin bir \u015feyler \u00f6\u011frenebilece\u011fi, d\u00fc\u015f\u00fcnd\u00fcr\u00fcrken \u015fa\u015f\u0131rtan ve g\u00fcld\u00fcren ilgi \u00e7ekici bir kitap. \u00d6zellikle m\u00fclakatlara kat\u0131lacaklar, \u0130nsan Kaynaklar\u0131 alan\u0131nda \u00e7al\u0131\u015fmak isteyenler ve zaten bu b\u00f6l\u00fcmde \u00e7al\u0131\u015fanlar i\u00e7in olduk\u00e7a \u00f6\u011fretici. Serkan \u00c7akmakyapan Y\u00fcksek Lisans \u00d6\u011frencisi Ekme\u011fin aslan\u0131n a\u011fz\u0131ndan midesine do\u011fru indi\u011fi \u015fu g\u00fcnlerde, i\u015fe ihtiyac\u0131 olan diplomal\u0131 veya diplomas\u0131z olan i\u015fsiz arkada\u015flara i\u015f bulma konusunda ve girecekleri m\u00fclakatlar i\u00e7in fark yaratacak t\u00fcyolar\u0131n verildi\u011fi ak\u0131c\u0131 bir \u00fcslupla yaz\u0131lm\u0131\u015f bol \u00f6rnekli bir kitap. Ayr\u0131ca \u0130nsan Kaynaklar\u0131&#8217;n\u0131n ne i\u015f yapt\u0131\u011f\u0131 da anlat\u0131l\u0131yor. \u0130nsan\u0131m\u0131z\u0131n d\u00fcnya denizinde nelere sar\u0131ld\u0131\u011f\u0131n\u0131 g\u00f6steren, trajikomik ger\u00e7ek hayat \u00f6yk\u00fclerinin yer ald\u0131\u011f\u0131 bir T\u00fcrkiye klasi\u011fi. Atilla Arabac\u0131T\u00fcrk Dili ve Edebiyat\u0131 \u00d6\u011fretmeni <\/p>\n","protected":false},"excerpt":{"rendered":"<p>M\u00fclakat, \u0130nsan Kaynaklar\u0131&#8217;n\u0131n ger\u00e7eklerini \u00f6yk\u00fc tad\u0131nda anlat\u0131yor. Aday\u0131yla, m\u00fclakat\u00e7\u0131s\u0131yla, i\u015fvereniyle, i\u015fe al\u0131mda torpil isteyen siyasisiyle ve daha pek \u00e7ok karakteriyle kitaptaki her \u015fey bize ait. Yabanc\u0131<span class=\"excerpt-hellip\"> [\u2026]<\/span><\/p>\n","protected":false},"featured_media":0,"template":"","meta":{"_monsterinsights_skip_tracking":false,"_monsterinsights_sitenote_active":false,"_monsterinsights_sitenote_note":"","_monsterinsights_sitenote_category":0},"product_brand":[],"product_cat":[13043,17647],"product_tag":[],"class_list":{"0":"post-696011","1":"product","2":"type-product","3":"status-publish","5":"product_cat-ekonomi","6":"product_cat-is-dunyasi","7":"pa_cilt-ciltsiz","8":"pa_tur-kitap","9":"pa_yayinevi-elma-yayinevi","10":"pa_yazar-mehmet-erkan","12":"first","13":"instock","14":"sale","15":"shipping-taxable","16":"purchasable","17":"product-type-simple"},"_links":{"self":[{"href":"https:\/\/roveyayinevi.com.tr\/index.php\/wp-json\/wp\/v2\/product\/696011","targetHints":{"allow":["GET"]}}],"collection":[{"href":"https:\/\/roveyayinevi.com.tr\/index.php\/wp-json\/wp\/v2\/product"}],"about":[{"href":"https:\/\/roveyayinevi.com.tr\/index.php\/wp-json\/wp\/v2\/types\/product"}],"wp:attachment":[{"href":"https:\/\/roveyayinevi.com.tr\/index.php\/wp-json\/wp\/v2\/media?parent=696011"}],"wp:term":[{"taxonomy":"product_brand","embeddable":true,"href":"https:\/\/roveyayinevi.com.tr\/index.php\/wp-json\/wp\/v2\/product_brand?post=696011"},{"taxonomy":"product_cat","embeddable":true,"href":"https:\/\/roveyayinevi.com.tr\/index.php\/wp-json\/wp\/v2\/product_cat?post=696011"},{"taxonomy":"product_tag","embeddable":true,"href":"https:\/\/roveyayinevi.com.tr\/index.php\/wp-json\/wp\/v2\/product_tag?post=696011"}],"curies":[{"name":"wp","href":"https:\/\/api.w.org\/{rel}","templated":true}]}}