{"id":696005,"date":"2025-08-27T14:32:15","date_gmt":"2025-08-27T11:32:15","guid":{"rendered":"https:\/\/roveyayinevi.com.tr\/index.php\/urun\/eyvah-is-gorusmesi\/"},"modified":"2026-04-16T02:05:50","modified_gmt":"2026-04-15T23:05:50","slug":"eyvah-is-gorusmesi","status":"publish","type":"product","link":"https:\/\/roveyayinevi.com.tr\/index.php\/urun\/eyvah-is-gorusmesi\/","title":{"rendered":"Eyvah! \u0130\u015f G\u00f6r\u00fc\u015fmesi"},"content":{"rendered":"<p>Ahmet \u015eerif \u0130zg\u00f6ren ve Hakan Yaman&#8217;\u0131n engin mesleki deneyimlerinin \u00fcr\u00fcn\u00fc, m\u00fckemmel bir m\u00fclakat rehberi olan Eyvah! \u0130\u015f G\u00f6r\u00fc\u015fmesi Elma Yay\u0131nevi&#8217;nden \u00e7\u0131kt\u0131! Diyelim ki i\u015f g\u00f6r\u00fc\u015fmelerinde \u00e7ok iyisiniz. Her yan\u0131t m\u00fckemmel, performans\u0131n\u0131z da bir harika, peki g\u00f6r\u00fc\u015fmesini yapt\u0131\u011f\u0131n\u0131z i\u015f size uygun mu? \u0130\u015f g\u00f6r\u00fc\u015fmelerinde sorulan sorulara verilecek yan\u0131tlar\u0131 d\u00fc\u015f\u00fcnmeden \u00f6nce kendinize baz\u0131 sorular soruyor olmal\u0131s\u0131n\u0131z: &#8220;Benim yeteneklerim nelerdir?&#8221;, &#8220;Nas\u0131l bir i\u015fte mutlu olurum?&#8221; ve &#8220;Nas\u0131l bir kariyer istiyorum?&#8221; Eyvah! \u0130\u015f G\u00f6r\u00fc\u015fmesi, sadece i\u015f g\u00f6r\u00fc\u015fmelerindeki performans\u0131n\u0131z\u0131 art\u0131rmay\u0131 de\u011fil, daha y\u00fcksek profesyonel standartlara ula\u015fman\u0131z\u0131 hedefleyen bir kitap. \u0130\u015f hayat\u0131nda kar\u015f\u0131la\u015fabilece\u011finiz zorlu durumlarda neler yapabilece\u011finizi, sizin i\u00e7in do\u011fru olan i\u015fi nas\u0131l tespit edece\u011finizi anlat\u0131yor.Hem de okuyabilece\u011fiz en samimi ve n\u00fckteli yakla\u015f\u0131mla.  Hakan Yaman ve Ahmet \u015eerif \u0130zg\u00f6ren&#8217;in engin deneyimlerinin bir \u00fcr\u00fcn\u00fc olan bu kitapta ayr\u0131ca, 180 i\u015f g\u00f6r\u00fc\u015fmesi sorusu ve bunlara verilebilecek en do\u011fru yan\u0131tlar\u0131 da bulacaks\u0131n\u0131z. \u00c7ok uzun bir hayat de\u011fil dostlar\u0131m ve \u00f6mr\u00fcn\u00fcz\u00fcn yar\u0131s\u0131 neredeyse i\u015finizde ge\u00e7ecek. Ger\u00e7ekten isteyerek, mutlulukla ve keyif alarak yapaca\u011f\u0131n\u0131z ve yeteneklerinizi kataca\u011f\u0131n\u0131z bir i\u015f se\u00e7in. Gerisi \u00e7at\u0131r \u00e7at\u0131r gelir. Picasso&#8217;nun doktor, Einstein&#8217;\u0131n muhasebeci, Mimar Sinan&#8217;\u0131n manav oldu\u011funu d\u00fc\u015f\u00fcn\u00fcn, neler kaybederdi d\u00fcnya. Ahmet \u015eerif \u0130zg\u00f6ren <\/p>\n","protected":false},"excerpt":{"rendered":"<p>Ahmet \u015eerif \u0130zg\u00f6ren ve Hakan Yaman&#8217;\u0131n engin mesleki deneyimlerinin \u00fcr\u00fcn\u00fc, m\u00fckemmel bir m\u00fclakat rehberi olan Eyvah! \u0130\u015f G\u00f6r\u00fc\u015fmesi Elma Yay\u0131nevi&#8217;nden \u00e7\u0131kt\u0131! Diyelim ki i\u015f g\u00f6r\u00fc\u015fmelerinde \u00e7ok<span class=\"excerpt-hellip\"> [\u2026]<\/span><\/p>\n","protected":false},"featured_media":0,"template":"","meta":{"_monsterinsights_skip_tracking":false,"_monsterinsights_sitenote_active":false,"_monsterinsights_sitenote_note":"","_monsterinsights_sitenote_category":0},"product_brand":[],"product_cat":[13043,17647],"product_tag":[],"class_list":{"0":"post-696005","1":"product","2":"type-product","3":"status-publish","5":"product_cat-ekonomi","6":"product_cat-is-dunyasi","7":"pa_cilt-ciltsiz","8":"pa_tur-kitap","9":"pa_yayinevi-elma-yayinevi","10":"pa_yazar-ahmet-serif-izgoren","12":"first","13":"instock","14":"sale","15":"shipping-taxable","16":"purchasable","17":"product-type-simple"},"_links":{"self":[{"href":"https:\/\/roveyayinevi.com.tr\/index.php\/wp-json\/wp\/v2\/product\/696005","targetHints":{"allow":["GET"]}}],"collection":[{"href":"https:\/\/roveyayinevi.com.tr\/index.php\/wp-json\/wp\/v2\/product"}],"about":[{"href":"https:\/\/roveyayinevi.com.tr\/index.php\/wp-json\/wp\/v2\/types\/product"}],"wp:attachment":[{"href":"https:\/\/roveyayinevi.com.tr\/index.php\/wp-json\/wp\/v2\/media?parent=696005"}],"wp:term":[{"taxonomy":"product_brand","embeddable":true,"href":"https:\/\/roveyayinevi.com.tr\/index.php\/wp-json\/wp\/v2\/product_brand?post=696005"},{"taxonomy":"product_cat","embeddable":true,"href":"https:\/\/roveyayinevi.com.tr\/index.php\/wp-json\/wp\/v2\/product_cat?post=696005"},{"taxonomy":"product_tag","embeddable":true,"href":"https:\/\/roveyayinevi.com.tr\/index.php\/wp-json\/wp\/v2\/product_tag?post=696005"}],"curies":[{"name":"wp","href":"https:\/\/api.w.org\/{rel}","templated":true}]}}