{"id":695996,"date":"2025-08-27T14:32:13","date_gmt":"2025-08-27T11:32:13","guid":{"rendered":"https:\/\/roveyayinevi.com.tr\/index.php\/urun\/butun-pazarlamacilar-yalancidir-hikaye-anlatir\/"},"modified":"2026-04-16T02:05:50","modified_gmt":"2026-04-15T23:05:50","slug":"butun-pazarlamacilar-yalancidir-hikaye-anlatir","status":"publish","type":"product","link":"https:\/\/roveyayinevi.com.tr\/index.php\/urun\/butun-pazarlamacilar-yalancidir-hikaye-anlatir\/","title":{"rendered":"B\u00fct\u00fcn Pazarlamac\u0131lar Yalanc\u0131d\u0131r Hikaye Anlat\u0131r"},"content":{"rendered":"<p>B\u00dcT\u00dcN PAZARLAMACILAR YALANCIDIR Hik\u00e2ye Anlat\u0131rlar G\u00fcvenilmez D\u00fcnyada G\u00fcvenilir Hik\u00e2yeler Anlatman\u0131n G\u00fcc\u00fc Seth Godin \u00dcNL\u00dc MOR \u0130NEK?\u0130N YAZARI \u0130\u015f hayat\u0131ndaki ki\u015filerin d\u00fc\u015f\u00fcnce ve davran\u0131\u015f bi\u00e7imlerini de\u011fi\u015ftiren ve bir\u00e7ok uluslararas\u0131 \u00e7ok satan eserin yazar\u0131ndan pazarlama mesle\u011fine farkl\u0131 g\u00f6zlerle bakmam\u0131z\u0131 sa\u011flayacak \u00f6zg\u00fcn bir eser? Rekabetin olduk\u00e7a yo\u011fun oldu\u011fu g\u00fcn\u00fcm\u00fcz i\u015f hayat\u0131nda, klasik pazarlama y\u00f6ntem ve taktiklerinin iflas etti\u011fi s\u00f6ylenebilir. B\u00f6yle bir d\u00fcnyada tan\u0131t\u0131m ya da reklam yapmak, promosyon ya da hediyeler sunmak gibi eskiden cazip say\u0131lan taktikler, bilin\u00e7li t\u00fcketiciler \u00fczerinde eskisi kadar etki uyand\u0131rm\u0131yor. G\u00fcn\u00fcm\u00fcz pazarlamac\u0131s\u0131n\u0131n en i\u015fler takti\u011fi ise, Godin?e g\u00f6re, satmak istedi\u011fi \u00fcr\u00fcn\u00fcn kimli\u011fine yak\u0131\u015f\u0131r bir hik\u00e2ye bulmak, bu hik\u00e2yeyi \u00e7ok iyi kurgulay\u0131p giydirip ku\u015fatmak ve uygun t\u00fcketici kitleyi bulup, hik\u00e2yeyi onlar\u0131n anlayaca\u011f\u0131 dilden anlatmakt\u0131r. Anlat\u0131lan hik\u00e2yedeki mesaj do\u011fru bir frekanstan do\u011fru hedef kitleye ula\u015f\u0131rsa, o kitlenin bireyleri bu hik\u00e2yeye g\u00f6n\u00fclden inanacak ve bu hik\u00e2yeyi adeta benimseyeceklerdir. Hatta benimsemekle kalmay\u0131p bu hik\u00e2yeyi arkada\u015flar\u0131na, dostlar\u0131na da aktaracaklard\u0131r.\u0130ster pazarlama mesle\u011fi ile ilgilenin, ister t\u00fcketici olun, pazarlamac\u0131l\u0131\u011fa farkl\u0131 bir boyuttan ve esprili bir \u015fekilde yakla\u015fan bu kitab\u0131n her sayfas\u0131nda bir par\u00e7a kendinizi ve pazarlama s\u00fcrecinde ya\u015fad\u0131klar\u0131n\u0131z\u0131 bulacak ve tatl\u0131 tatl\u0131 tebess\u00fcm etmekten kendinizi alamayacaks\u0131n\u0131z. Ba\u015ftan sona b\u00fcy\u00fck bir keyifle bir solukta okunabilecek olan bu kitab\u0131 okurken, bir de hat\u0131rlatma yapmadan ge\u00e7meyelim. Godin bu kitab\u0131n\u0131 pazarlarken siz okuyuculara acaba nas\u0131l bir hik\u00e2ye anlat\u0131yor? Ve siz bu hik\u00e2yeye ne kadar inanacaks\u0131n\u0131z? <\/p>\n","protected":false},"excerpt":{"rendered":"<p>B\u00dcT\u00dcN PAZARLAMACILAR YALANCIDIR Hik\u00e2ye Anlat\u0131rlar G\u00fcvenilmez D\u00fcnyada G\u00fcvenilir Hik\u00e2yeler Anlatman\u0131n G\u00fcc\u00fc Seth Godin \u00dcNL\u00dc MOR \u0130NEK?\u0130N YAZARI \u0130\u015f hayat\u0131ndaki ki\u015filerin d\u00fc\u015f\u00fcnce ve davran\u0131\u015f bi\u00e7imlerini de\u011fi\u015ftiren ve<span class=\"excerpt-hellip\"> [\u2026]<\/span><\/p>\n","protected":false},"featured_media":0,"template":"","meta":{"_monsterinsights_skip_tracking":false,"_monsterinsights_sitenote_active":false,"_monsterinsights_sitenote_note":"","_monsterinsights_sitenote_category":0},"product_brand":[],"product_cat":[13043,14381],"product_tag":[],"class_list":{"0":"post-695996","1":"product","2":"type-product","3":"status-publish","5":"product_cat-ekonomi","6":"product_cat-isletme-muhasebe-maliye","7":"pa_cilt-ciltsiz","8":"pa_tur-kitap","9":"pa_yayinevi-elma-yayinevi","10":"pa_yazar-seth-godin","12":"first","13":"instock","14":"sale","15":"shipping-taxable","16":"purchasable","17":"product-type-simple"},"_links":{"self":[{"href":"https:\/\/roveyayinevi.com.tr\/index.php\/wp-json\/wp\/v2\/product\/695996","targetHints":{"allow":["GET"]}}],"collection":[{"href":"https:\/\/roveyayinevi.com.tr\/index.php\/wp-json\/wp\/v2\/product"}],"about":[{"href":"https:\/\/roveyayinevi.com.tr\/index.php\/wp-json\/wp\/v2\/types\/product"}],"wp:attachment":[{"href":"https:\/\/roveyayinevi.com.tr\/index.php\/wp-json\/wp\/v2\/media?parent=695996"}],"wp:term":[{"taxonomy":"product_brand","embeddable":true,"href":"https:\/\/roveyayinevi.com.tr\/index.php\/wp-json\/wp\/v2\/product_brand?post=695996"},{"taxonomy":"product_cat","embeddable":true,"href":"https:\/\/roveyayinevi.com.tr\/index.php\/wp-json\/wp\/v2\/product_cat?post=695996"},{"taxonomy":"product_tag","embeddable":true,"href":"https:\/\/roveyayinevi.com.tr\/index.php\/wp-json\/wp\/v2\/product_tag?post=695996"}],"curies":[{"name":"wp","href":"https:\/\/api.w.org\/{rel}","templated":true}]}}