{"id":695970,"date":"2025-08-27T14:32:06","date_gmt":"2025-08-27T11:32:06","guid":{"rendered":"https:\/\/roveyayinevi.com.tr\/index.php\/urun\/magic-dictionary-el-sozlugu\/"},"modified":"2026-04-16T02:05:49","modified_gmt":"2026-04-15T23:05:49","slug":"magic-dictionary-el-sozlugu","status":"publish","type":"product","link":"https:\/\/roveyayinevi.com.tr\/index.php\/urun\/magic-dictionary-el-sozlugu\/","title":{"rendered":"Magic Dictionary El S\u00f6zl\u00fc\u011f\u00fc"},"content":{"rendered":"<p>Over 110 000 words Antonyms and synonyms of the words Thousands of idioms and phrasal verbs Sample Sentences in English and Turkish Supplements on English Grammer Useful appendices on verbs, nouns, adjectives, puntuation and writing, linking words, conjunctions, articles and demonstratives. 110 000\u2019in \u00fczerinde s\u00f6zc\u00fck , S\u00f6zc\u00fcklerin e\u015f ve z\u0131t anlaml\u0131lar\u0131 \u0130ngilizce ve T\u00fcrk\u00e7e \u00f6rnek t\u00fcmceler \u0130ngilizce Dilbilgisine dair ek bilgiler Fiiller, isimler, s\u0131fatlar, imla, yazma, ba\u011fla\u00e7lar, edatlar, zamirler, tan\u0131m edatlar\u0131na dair ekler . <\/p>\n","protected":false},"excerpt":{"rendered":"<p>Over 110 000 words Antonyms and synonyms of the words Thousands of idioms and phrasal verbs Sample Sentences in English and Turkish Supplements on English Grammer<span class=\"excerpt-hellip\"> [\u2026]<\/span><\/p>\n","protected":false},"featured_media":0,"template":"","meta":{"_monsterinsights_skip_tracking":false,"_monsterinsights_sitenote_active":false,"_monsterinsights_sitenote_note":"","_monsterinsights_sitenote_category":0},"product_brand":[],"product_cat":[12364],"product_tag":[],"class_list":{"0":"post-695970","1":"product","2":"type-product","3":"status-publish","5":"product_cat-genel-konular","6":"pa_tur-kitap","7":"pa_yayinevi-engin-yayinevi","8":"pa_yazar-aycan-akcamete","10":"first","11":"instock","12":"sale","13":"shipping-taxable","14":"purchasable","15":"product-type-simple"},"_links":{"self":[{"href":"https:\/\/roveyayinevi.com.tr\/index.php\/wp-json\/wp\/v2\/product\/695970","targetHints":{"allow":["GET"]}}],"collection":[{"href":"https:\/\/roveyayinevi.com.tr\/index.php\/wp-json\/wp\/v2\/product"}],"about":[{"href":"https:\/\/roveyayinevi.com.tr\/index.php\/wp-json\/wp\/v2\/types\/product"}],"wp:attachment":[{"href":"https:\/\/roveyayinevi.com.tr\/index.php\/wp-json\/wp\/v2\/media?parent=695970"}],"wp:term":[{"taxonomy":"product_brand","embeddable":true,"href":"https:\/\/roveyayinevi.com.tr\/index.php\/wp-json\/wp\/v2\/product_brand?post=695970"},{"taxonomy":"product_cat","embeddable":true,"href":"https:\/\/roveyayinevi.com.tr\/index.php\/wp-json\/wp\/v2\/product_cat?post=695970"},{"taxonomy":"product_tag","embeddable":true,"href":"https:\/\/roveyayinevi.com.tr\/index.php\/wp-json\/wp\/v2\/product_tag?post=695970"}],"curies":[{"name":"wp","href":"https:\/\/api.w.org\/{rel}","templated":true}]}}