{"id":695963,"date":"2025-08-27T14:32:04","date_gmt":"2025-08-27T11:32:04","guid":{"rendered":"https:\/\/roveyayinevi.com.tr\/index.php\/urun\/soz-soyleme-ve-is-basarma-sanati\/"},"modified":"2026-04-16T02:05:49","modified_gmt":"2026-04-15T23:05:49","slug":"soz-soyleme-ve-is-basarma-sanati","status":"publish","type":"product","link":"https:\/\/roveyayinevi.com.tr\/index.php\/urun\/soz-soyleme-ve-is-basarma-sanati\/","title":{"rendered":"S\u00f6z S\u00f6yleme ve \u0130\u015f Ba\u015farma Sanat\u0131"},"content":{"rendered":"<p>\u201cS\u00f6z  S\u00f6yleme ve \u0130\u015f Ba\u015farma Sanat\u0131\u201d, hayat\u0131n\u0131zdaki \u00f6nemli ki\u015fileri, i\u015f d\u00fcnyas\u0131nda kar\u015f\u0131la\u015ft\u0131\u011f\u0131n\u0131z ki\u015fileri ve i\u015fverenlerinizi etkilemenizi sa\u011flayacak pek \u00e7ok pratik ve yararl\u0131 \u00f6neriye yer vermektedir. <\/p>\n","protected":false},"excerpt":{"rendered":"<p>\u201cS\u00f6z S\u00f6yleme ve \u0130\u015f Ba\u015farma Sanat\u0131\u201d, hayat\u0131n\u0131zdaki \u00f6nemli ki\u015fileri, i\u015f d\u00fcnyas\u0131nda kar\u015f\u0131la\u015ft\u0131\u011f\u0131n\u0131z ki\u015fileri ve i\u015fverenlerinizi etkilemenizi sa\u011flayacak pek \u00e7ok pratik ve yararl\u0131 \u00f6neriye yer vermektedir.<\/p>\n","protected":false},"featured_media":0,"template":"","meta":{"_monsterinsights_skip_tracking":false,"_monsterinsights_sitenote_active":false,"_monsterinsights_sitenote_note":"","_monsterinsights_sitenote_category":0},"product_brand":[],"product_cat":[12364,12376],"product_tag":[],"class_list":{"0":"post-695963","1":"product","2":"type-product","3":"status-publish","5":"product_cat-genel-konular","6":"product_cat-kisisel-gelisim","7":"pa_cilt-ciltsiz","8":"pa_tur-kitap","9":"pa_yayinevi-epsilon-yayinlari","10":"pa_yazar-dale-carnegie","12":"first","13":"instock","14":"sale","15":"shipping-taxable","16":"purchasable","17":"product-type-simple"},"_links":{"self":[{"href":"https:\/\/roveyayinevi.com.tr\/index.php\/wp-json\/wp\/v2\/product\/695963","targetHints":{"allow":["GET"]}}],"collection":[{"href":"https:\/\/roveyayinevi.com.tr\/index.php\/wp-json\/wp\/v2\/product"}],"about":[{"href":"https:\/\/roveyayinevi.com.tr\/index.php\/wp-json\/wp\/v2\/types\/product"}],"wp:attachment":[{"href":"https:\/\/roveyayinevi.com.tr\/index.php\/wp-json\/wp\/v2\/media?parent=695963"}],"wp:term":[{"taxonomy":"product_brand","embeddable":true,"href":"https:\/\/roveyayinevi.com.tr\/index.php\/wp-json\/wp\/v2\/product_brand?post=695963"},{"taxonomy":"product_cat","embeddable":true,"href":"https:\/\/roveyayinevi.com.tr\/index.php\/wp-json\/wp\/v2\/product_cat?post=695963"},{"taxonomy":"product_tag","embeddable":true,"href":"https:\/\/roveyayinevi.com.tr\/index.php\/wp-json\/wp\/v2\/product_tag?post=695963"}],"curies":[{"name":"wp","href":"https:\/\/api.w.org\/{rel}","templated":true}]}}