{"id":695947,"date":"2025-08-27T14:32:00","date_gmt":"2025-08-27T11:32:00","guid":{"rendered":"https:\/\/roveyayinevi.com.tr\/index.php\/urun\/butun-eserleri-8-tutkulu-percem\/"},"modified":"2026-04-16T02:05:49","modified_gmt":"2026-04-15T23:05:49","slug":"butun-eserleri-8-tutkulu-percem","status":"publish","type":"product","link":"https:\/\/roveyayinevi.com.tr\/index.php\/urun\/butun-eserleri-8-tutkulu-percem\/","title":{"rendered":"B\u00fct\u00fcn Eserleri 8 &#8211; Tutkulu Per\u00e7em"},"content":{"rendered":"<p>Tutkulu Per\u00e7em, ger\u00e7ekli\u011fin s\u0131k\u0131c\u0131 ve bunalt\u0131c\u0131 kurgusuna d\u00fcped\u00fcz \u201cdil\u201d \u00e7\u0131kartarak ba\u015fkald\u0131ran, \u00f6n\u00fcne \u00e7\u0131kan her \u015feye bir tekme atar gibi yaparken asl\u0131nda hepsine tak\u0131lan, d\u00fc\u015fecekken yaz\u0131ya tutunup y\u00fcr\u00fcyen ve \u00e7akt\u0131rmadan giden Sevgi Soysal\u2019\u0131n yola \u00e7\u0131k\u0131\u015f \u00f6yk\u00fcs\u00fcd\u00fcr&#8230;.<\/p>\n","protected":false},"excerpt":{"rendered":"<p>Tutkulu Per\u00e7em, ger\u00e7ekli\u011fin s\u0131k\u0131c\u0131 ve bunalt\u0131c\u0131 kurgusuna d\u00fcped\u00fcz \u201cdil\u201d \u00e7\u0131kartarak ba\u015fkald\u0131ran, \u00f6n\u00fcne \u00e7\u0131kan her \u015feye bir tekme atar gibi yaparken asl\u0131nda hepsine tak\u0131lan, d\u00fc\u015fecekken yaz\u0131ya tutunup<span class=\"excerpt-hellip\"> [\u2026]<\/span><\/p>\n","protected":false},"featured_media":0,"template":"","meta":{"_monsterinsights_skip_tracking":false,"_monsterinsights_sitenote_active":false,"_monsterinsights_sitenote_note":"","_monsterinsights_sitenote_category":0},"product_brand":[],"product_cat":[12291,12292],"product_tag":[],"class_list":{"0":"post-695947","1":"product","2":"type-product","3":"status-publish","5":"product_cat-edebiyat","6":"product_cat-turk-edebiyati","7":"pa_cilt-ciltsiz","8":"pa_tur-kitap","9":"pa_yayinevi-iletisim-yayinlari","10":"pa_yazar-sevgi-soysal","12":"first","13":"instock","14":"sale","15":"shipping-taxable","16":"purchasable","17":"product-type-simple"},"_links":{"self":[{"href":"https:\/\/roveyayinevi.com.tr\/index.php\/wp-json\/wp\/v2\/product\/695947","targetHints":{"allow":["GET"]}}],"collection":[{"href":"https:\/\/roveyayinevi.com.tr\/index.php\/wp-json\/wp\/v2\/product"}],"about":[{"href":"https:\/\/roveyayinevi.com.tr\/index.php\/wp-json\/wp\/v2\/types\/product"}],"wp:attachment":[{"href":"https:\/\/roveyayinevi.com.tr\/index.php\/wp-json\/wp\/v2\/media?parent=695947"}],"wp:term":[{"taxonomy":"product_brand","embeddable":true,"href":"https:\/\/roveyayinevi.com.tr\/index.php\/wp-json\/wp\/v2\/product_brand?post=695947"},{"taxonomy":"product_cat","embeddable":true,"href":"https:\/\/roveyayinevi.com.tr\/index.php\/wp-json\/wp\/v2\/product_cat?post=695947"},{"taxonomy":"product_tag","embeddable":true,"href":"https:\/\/roveyayinevi.com.tr\/index.php\/wp-json\/wp\/v2\/product_tag?post=695947"}],"curies":[{"name":"wp","href":"https:\/\/api.w.org\/{rel}","templated":true}]}}