{"id":695909,"date":"2025-08-27T14:31:50","date_gmt":"2025-08-27T11:31:50","guid":{"rendered":"https:\/\/roveyayinevi.com.tr\/index.php\/urun\/hayatimin-filmi\/"},"modified":"2026-04-16T02:05:48","modified_gmt":"2026-04-15T23:05:48","slug":"hayatimin-filmi","status":"publish","type":"product","link":"https:\/\/roveyayinevi.com.tr\/index.php\/urun\/hayatimin-filmi\/","title":{"rendered":"Hayat\u0131m\u0131n Filmi"},"content":{"rendered":"<p>Her Hollywood senaristi gibi David Armitage de zengin ve \u00fcnl\u00fc olmak istemektedir. Ge\u00e7en on bir sene boyunca elde edebildi\u011fi yeg\u00e2ne \u015fey ise ba\u015far\u0131s\u0131zl\u0131kt\u0131r. Ancak bir g\u00fcn \u015fans\u0131 d\u00f6ner ve senaryosu bir televizyon kanal\u0131 taraf\u0131ndan sat\u0131n al\u0131n\u0131r.H\u0131zla \u00fcnl\u00fc olarak Hollywood&#8217;un en \u00fcnl\u00fc yarat\u0131c\u0131 isimlerinden biri haline gelir. Gelen bu b\u00fcy\u00fck \u015f\u00f6hretle birlikte kendini de h\u0131zla yeniler; kar\u0131s\u0131n\u0131 ve k\u0131z\u0131n\u0131, seksi ve h\u0131rsl\u0131 gen\u00e7 bir y\u00f6netici u\u011fruna terk eder.David&#8217;in yolu, bir sinema delisi olan milyarder Philip Fleck ile kesi\u015fti\u011finde h\u0131zl\u0131 y\u00fckseli\u015fi bamba\u015fka bir ivme kazan\u0131r. Fakat David&#8217;in bilin\u00e7sizce yapt\u0131\u011f\u0131 bir hata sonucu hayat\u0131, ba\u015f kahraman\u0131n\u0131n ba\u015f\u0131na her t\u00fcrl\u00fc felaketin geldi\u011fi bir Hollywood filminden beter hale gelecektir.&#8221;Kennedy&#8217;nin yeni roman\u0131 \u00e7ok s\u00fcr\u00fckleyici.&#8221;Publishers Weekly&#8221;Kennedy&#8217;nin kitaplar\u0131 \u00e7ok heyecanl\u0131, al\u0131\u015fk\u0131n oldu\u011funuz ba\u015fucu kitaplar\u0131n\u0131zdan daha zekice yaz\u0131lm\u0131\u015f ve daha ba\u015far\u0131l\u0131; hi\u00e7 durmay\u0131n, hemen al\u0131n.&#8221;Library Journal <\/p>\n","protected":false},"excerpt":{"rendered":"<p>Her Hollywood senaristi gibi David Armitage de zengin ve \u00fcnl\u00fc olmak istemektedir. Ge\u00e7en on bir sene boyunca elde edebildi\u011fi yeg\u00e2ne \u015fey ise ba\u015far\u0131s\u0131zl\u0131kt\u0131r. Ancak bir g\u00fcn<span class=\"excerpt-hellip\"> [\u2026]<\/span><\/p>\n","protected":false},"featured_media":0,"template":"","meta":{"_monsterinsights_skip_tracking":false,"_monsterinsights_sitenote_active":false,"_monsterinsights_sitenote_note":"","_monsterinsights_sitenote_category":0},"product_brand":[],"product_cat":[12291,12711],"product_tag":[],"class_list":{"0":"post-695909","1":"product","2":"type-product","3":"status-publish","5":"product_cat-edebiyat","6":"product_cat-roman-oyku","7":"pa_cilt-ciltsiz","8":"pa_tur-kitap","9":"pa_yayinevi-epsilon-yayinlari","10":"pa_yazar-douglas-kennedy","12":"first","13":"instock","14":"sale","15":"shipping-taxable","16":"purchasable","17":"product-type-simple"},"_links":{"self":[{"href":"https:\/\/roveyayinevi.com.tr\/index.php\/wp-json\/wp\/v2\/product\/695909","targetHints":{"allow":["GET"]}}],"collection":[{"href":"https:\/\/roveyayinevi.com.tr\/index.php\/wp-json\/wp\/v2\/product"}],"about":[{"href":"https:\/\/roveyayinevi.com.tr\/index.php\/wp-json\/wp\/v2\/types\/product"}],"wp:attachment":[{"href":"https:\/\/roveyayinevi.com.tr\/index.php\/wp-json\/wp\/v2\/media?parent=695909"}],"wp:term":[{"taxonomy":"product_brand","embeddable":true,"href":"https:\/\/roveyayinevi.com.tr\/index.php\/wp-json\/wp\/v2\/product_brand?post=695909"},{"taxonomy":"product_cat","embeddable":true,"href":"https:\/\/roveyayinevi.com.tr\/index.php\/wp-json\/wp\/v2\/product_cat?post=695909"},{"taxonomy":"product_tag","embeddable":true,"href":"https:\/\/roveyayinevi.com.tr\/index.php\/wp-json\/wp\/v2\/product_tag?post=695909"}],"curies":[{"name":"wp","href":"https:\/\/api.w.org\/{rel}","templated":true}]}}