{"id":695877,"date":"2025-08-27T14:31:42","date_gmt":"2025-08-27T11:31:42","guid":{"rendered":"https:\/\/roveyayinevi.com.tr\/index.php\/urun\/ic-dunya-oyunlari\/"},"modified":"2026-04-16T02:05:47","modified_gmt":"2026-04-15T23:05:47","slug":"ic-dunya-oyunlari","status":"publish","type":"product","link":"https:\/\/roveyayinevi.com.tr\/index.php\/urun\/ic-dunya-oyunlari\/","title":{"rendered":"\u0130\u00e7 D\u00fcnya Oyunlar\u0131"},"content":{"rendered":"<p>\u0130lk kitab\u0131 B\u00fcy\u00fc D\u00fckk\u00e2n\u0131\u2019yla okuyucular\u0131 selamlayan Ye\u015fim T\u00fcrk\u00f6z, \u015fimdi de \u0130\u00e7 D\u00fcnya Oyunlar\u0131 ismini verdi\u011fi ikinci roman\u0131yla kar\u015f\u0131m\u0131zda. Klinik Psikolog ve Psikoterapist olan yazar, bu engin psikoloji bilgisini, kurmacan\u0131n ana besin kayna\u011f\u0131 olarak kullanmaya devam ediyor. \u00c7ocuklar oyunla b\u00fcy\u00fcr, ya b\u00fcy\u00fckler? Bazen b\u00fcy\u00fckler de Oyun s\u00f6zc\u00fc\u011f\u00fc beni her zaman b\u00fcy\u00fclemi\u015ftir. Onun as\u0131l b\u00fcy\u00fcs\u00fc, ciddiyetten uzak gibi g\u00f6r\u00fcn\u00fcrken, ciddi bir bi\u00e7imde ve ger\u00e7e\u011fin ta kendisi kadar etkilemesidir insan\u0131. Oyun g\u00fcld\u00fcr\u00fcr, k\u0131zd\u0131r\u0131r, \u00f6\u011fretir, a\u011flat\u0131r, iyile\u015ftirir, olgunla\u015ft\u0131r\u0131r&#8230; Tabii oyun oynamay\u0131, \u00e7ocuklar gibi ciddiye al\u0131yorsan\u0131z e\u011fer&#8230; \ufffcTan\u0131t\u0131m Metni<\/p>\n","protected":false},"excerpt":{"rendered":"<p>\u0130lk kitab\u0131 B\u00fcy\u00fc D\u00fckk\u00e2n\u0131\u2019yla okuyucular\u0131 selamlayan Ye\u015fim T\u00fcrk\u00f6z, \u015fimdi de \u0130\u00e7 D\u00fcnya Oyunlar\u0131 ismini verdi\u011fi ikinci roman\u0131yla kar\u015f\u0131m\u0131zda. Klinik Psikolog ve Psikoterapist olan yazar, bu engin<span class=\"excerpt-hellip\"> [\u2026]<\/span><\/p>\n","protected":false},"featured_media":0,"template":"","meta":{"_monsterinsights_skip_tracking":false,"_monsterinsights_sitenote_active":false,"_monsterinsights_sitenote_note":"","_monsterinsights_sitenote_category":0},"product_brand":[],"product_cat":[12291,12711],"product_tag":[],"class_list":{"0":"post-695877","1":"product","2":"type-product","3":"status-publish","5":"product_cat-edebiyat","6":"product_cat-roman-oyku","7":"pa_cilt-ciltsiz","8":"pa_tur-kitap","9":"pa_yayinevi-epsilon-yayinlari","10":"pa_yazar-yesim-turkoz","12":"first","13":"instock","14":"sale","15":"shipping-taxable","16":"purchasable","17":"product-type-simple"},"_links":{"self":[{"href":"https:\/\/roveyayinevi.com.tr\/index.php\/wp-json\/wp\/v2\/product\/695877","targetHints":{"allow":["GET"]}}],"collection":[{"href":"https:\/\/roveyayinevi.com.tr\/index.php\/wp-json\/wp\/v2\/product"}],"about":[{"href":"https:\/\/roveyayinevi.com.tr\/index.php\/wp-json\/wp\/v2\/types\/product"}],"wp:attachment":[{"href":"https:\/\/roveyayinevi.com.tr\/index.php\/wp-json\/wp\/v2\/media?parent=695877"}],"wp:term":[{"taxonomy":"product_brand","embeddable":true,"href":"https:\/\/roveyayinevi.com.tr\/index.php\/wp-json\/wp\/v2\/product_brand?post=695877"},{"taxonomy":"product_cat","embeddable":true,"href":"https:\/\/roveyayinevi.com.tr\/index.php\/wp-json\/wp\/v2\/product_cat?post=695877"},{"taxonomy":"product_tag","embeddable":true,"href":"https:\/\/roveyayinevi.com.tr\/index.php\/wp-json\/wp\/v2\/product_tag?post=695877"}],"curies":[{"name":"wp","href":"https:\/\/api.w.org\/{rel}","templated":true}]}}