{"id":695863,"date":"2025-08-27T14:31:38","date_gmt":"2025-08-27T11:31:38","guid":{"rendered":"https:\/\/roveyayinevi.com.tr\/index.php\/urun\/divan\/"},"modified":"2026-04-16T02:05:47","modified_gmt":"2026-04-15T23:05:47","slug":"divan","status":"publish","type":"product","link":"https:\/\/roveyayinevi.com.tr\/index.php\/urun\/divan\/","title":{"rendered":"Divan"},"content":{"rendered":"<p>\u0130talyan yazar ve \u015fair Francesco Petrarca (1304-1374) Arezzo\u2019da do\u011fdu. Petrarca Hukuk okumaya ba\u015flad\u0131 ve \u00f6\u011frenimini 1320-26 y\u0131llar\u0131 aras\u0131nda Bologna\u2019da s\u00fcrd\u00fcrd\u00fc. 6 Nisan 1327\u2019de Santa Chiara kilisesinde Laura ile kar\u015f\u0131la\u015ft\u0131. Laura uzun y\u0131llar sevdi\u011fi ve \u015fiirlerinin esin kayna\u011f\u0131n\u0131 olu\u015fturan kad\u0131nd\u0131r. Petrarca \u00f6zellikle Latin klasiklerini okudu. Petrarca bir ge\u00e7i\u015f d\u00f6nemi yazar \/ \u015fairi olarak tan\u0131mlanabilir. Bir yandan Orta\u00e7a\u011f k\u00fclt\u00fcr\u00fcn\u00fcn etkisi \u00f6te yandan Humanizmac\u0131 k\u00fclt\u00fcr\u00fcn ilk belirtilerinin ya\u015fand\u0131\u011f\u0131 bir d\u00f6nemde \u00fcr\u00fcn veren biri olarak Petrarca\u2019n\u0131n yap\u0131tlar\u0131nda iki k\u00fclt\u00fcr\u00fcnde etkisi g\u00f6r\u00fclebilir. Her ikisini birlikte g\u00f6t\u00fcrmek sevdas\u0131nda olan Petrarca\u2019n\u0131n i\u00e7sel uyu\u015fmazl\u0131\u011f\u0131n\u0131n temelinde bu iki k\u00fclt\u00fcr\u00fcn \u00e7at\u0131\u015fmas\u0131n\u0131n yatt\u0131\u011f\u0131n\u0131 s\u00f6ylemek olanakl\u0131d\u0131r. \ufffcTan\u0131t\u0131m Metni<\/p>\n","protected":false},"excerpt":{"rendered":"<p>\u0130talyan yazar ve \u015fair Francesco Petrarca (1304-1374) Arezzo\u2019da do\u011fdu. Petrarca Hukuk okumaya ba\u015flad\u0131 ve \u00f6\u011frenimini 1320-26 y\u0131llar\u0131 aras\u0131nda Bologna\u2019da s\u00fcrd\u00fcrd\u00fc. 6 Nisan 1327\u2019de Santa Chiara kilisesinde<span class=\"excerpt-hellip\"> [\u2026]<\/span><\/p>\n","protected":false},"featured_media":0,"template":"","meta":{"_monsterinsights_skip_tracking":false,"_monsterinsights_sitenote_active":false,"_monsterinsights_sitenote_note":"","_monsterinsights_sitenote_category":0},"product_brand":[],"product_cat":[12291,12509],"product_tag":[],"class_list":{"0":"post-695863","1":"product","2":"type-product","3":"status-publish","5":"product_cat-edebiyat","6":"product_cat-siir","7":"pa_tur-kitap","8":"pa_yayinevi-efil-yayinevi","9":"pa_yazar-francesco-petrarca","11":"first","12":"instock","13":"sale","14":"shipping-taxable","15":"purchasable","16":"product-type-simple"},"_links":{"self":[{"href":"https:\/\/roveyayinevi.com.tr\/index.php\/wp-json\/wp\/v2\/product\/695863","targetHints":{"allow":["GET"]}}],"collection":[{"href":"https:\/\/roveyayinevi.com.tr\/index.php\/wp-json\/wp\/v2\/product"}],"about":[{"href":"https:\/\/roveyayinevi.com.tr\/index.php\/wp-json\/wp\/v2\/types\/product"}],"wp:attachment":[{"href":"https:\/\/roveyayinevi.com.tr\/index.php\/wp-json\/wp\/v2\/media?parent=695863"}],"wp:term":[{"taxonomy":"product_brand","embeddable":true,"href":"https:\/\/roveyayinevi.com.tr\/index.php\/wp-json\/wp\/v2\/product_brand?post=695863"},{"taxonomy":"product_cat","embeddable":true,"href":"https:\/\/roveyayinevi.com.tr\/index.php\/wp-json\/wp\/v2\/product_cat?post=695863"},{"taxonomy":"product_tag","embeddable":true,"href":"https:\/\/roveyayinevi.com.tr\/index.php\/wp-json\/wp\/v2\/product_tag?post=695863"}],"curies":[{"name":"wp","href":"https:\/\/api.w.org\/{rel}","templated":true}]}}