{"id":695854,"date":"2025-08-27T14:31:36","date_gmt":"2025-08-27T11:31:36","guid":{"rendered":"https:\/\/roveyayinevi.com.tr\/index.php\/urun\/girdi-cikti-modellerine-giris\/"},"modified":"2026-04-16T02:05:47","modified_gmt":"2026-04-15T23:05:47","slug":"girdi-cikti-modellerine-giris","status":"publish","type":"product","link":"https:\/\/roveyayinevi.com.tr\/index.php\/urun\/girdi-cikti-modellerine-giris\/","title":{"rendered":"Girdi \u00c7\u0131kt\u0131 Modellerine Giri\u015f"},"content":{"rendered":"<p>Kitab\u0131n konusunu, \u00f6zellikle reel ekonominin sekt\u00f6rel d\u00fczeyde ve bir b\u00fct\u00fcn olarak incelenmesinde vazge\u00e7ilmez bir yere sahip olan girdi \u00e7\u0131kt\u0131 modelleri ve yayg\u0131n iktisadi uygulamalar\u0131 olu\u015fturmaktad\u0131r. G\u00fcn\u00fcm\u00fcz ekonomileri son derece karma\u015f\u0131k yap\u0131lard\u0131r; bu yap\u0131lar\u0131n sa\u011flam teorik temeller \u00fczerinde analiz edilmesi ve somut politika \u00f6nerilerinin geli\u015ftirilmesi iktisat\u0131n temel ama\u00e7lar\u0131ndand\u0131r. Ekonomik yap\u0131y\u0131 olu\u015fturan \u00fcretim ve t\u00fcketim birimleri aras\u0131ndaki kar\u015f\u0131l\u0131kl\u0131 al\u0131\u015fverilerin hem ekonomi-\u00e7ap\u0131nda, hem sekt\u00f6rel d\u00fczeyde ve hem de nicel olarak ele al\u0131nmas\u0131na olanak sa\u011flayan girdi \u00e7\u0131kt\u0131 (input-output) analizi bu a\u00e7\u0131dan \u00f6nemli bir yere sahiptir. Basit matematiksel yap\u0131s\u0131n\u0131n uygulamada sa\u011flad\u0131\u011f\u0131 kolayl\u0131k, input output veya Leontief olarak da adland\u0131r\u0131lan girdi \u00e7\u0131kt\u0131 modellerinin en kayda de\u011fer \u00f6zelliklerinden biridir. Kitab\u0131n di\u011fer \u00f6nemli bir \u00f6zelli\u011fi her altb\u00f6l\u00fcmde somut al\u0131\u015ft\u0131rma ve problemlere yer verilmi\u015f olmas\u0131d\u0131r. Ayr\u0131ca, her b\u00f6l\u00fcm\u00fcn sonunda konuyla ilgili temel ba\u015fvuru kaynaklar\u0131n\u0131n verilmi\u015f olmas\u0131, ilgili okuyucuya y\u00f6n g\u00f6stermek a\u00e7\u0131s\u0131ndan \u00f6nemli bir katk\u0131 sa\u011flamaktad\u0131r. \u00d6nemli hususlar\u0131n okuma ritmini bozmaks\u0131z\u0131n \u00e7e\u015fitli kutularda detayland\u0131r\u0131lm\u0131\u015f olmas\u0131 bir di\u011fer \u00f6nemli \u00f6zelliktir. T\u00fcm bu \u00f6zellikler ve kullan\u0131lan dilin sadeli\u011fi, berrakl\u0131\u011f\u0131 ve ak\u0131c\u0131l\u0131\u011f\u0131na ek olarak kitaba damgas\u0131n\u0131 vuran mant\u0131ksal insicam, hakl\u0131 olarak kitab\u0131n okuyucu dostu nitelenmesine olanak vermektedir. Bu kitab\u0131n hem lisans \u00f6\u011frencileri hem de konuya ilgi duyan uygulamac\u0131lar i\u00e7in temel bir kaynak olu\u015fturaca\u011f\u0131 muhakkakt\u0131r. <\/p>\n","protected":false},"excerpt":{"rendered":"<p>Kitab\u0131n konusunu, \u00f6zellikle reel ekonominin sekt\u00f6rel d\u00fczeyde ve bir b\u00fct\u00fcn olarak incelenmesinde vazge\u00e7ilmez bir yere sahip olan girdi \u00e7\u0131kt\u0131 modelleri ve yayg\u0131n iktisadi uygulamalar\u0131 olu\u015fturmaktad\u0131r. G\u00fcn\u00fcm\u00fcz<span class=\"excerpt-hellip\"> [\u2026]<\/span><\/p>\n","protected":false},"featured_media":0,"template":"","meta":{"_monsterinsights_skip_tracking":false,"_monsterinsights_sitenote_active":false,"_monsterinsights_sitenote_note":"","_monsterinsights_sitenote_category":0},"product_brand":[],"product_cat":[12573,12566],"product_tag":[],"class_list":{"0":"post-695854","1":"product","2":"type-product","3":"status-publish","5":"product_cat-akademik-kitaplar","6":"product_cat-egitim","7":"pa_tur-kitap","8":"pa_yayinevi-efil-yayinevi","9":"pa_yazar-osman-aydogus","11":"first","12":"instock","13":"sale","14":"shipping-taxable","15":"purchasable","16":"product-type-simple"},"_links":{"self":[{"href":"https:\/\/roveyayinevi.com.tr\/index.php\/wp-json\/wp\/v2\/product\/695854","targetHints":{"allow":["GET"]}}],"collection":[{"href":"https:\/\/roveyayinevi.com.tr\/index.php\/wp-json\/wp\/v2\/product"}],"about":[{"href":"https:\/\/roveyayinevi.com.tr\/index.php\/wp-json\/wp\/v2\/types\/product"}],"wp:attachment":[{"href":"https:\/\/roveyayinevi.com.tr\/index.php\/wp-json\/wp\/v2\/media?parent=695854"}],"wp:term":[{"taxonomy":"product_brand","embeddable":true,"href":"https:\/\/roveyayinevi.com.tr\/index.php\/wp-json\/wp\/v2\/product_brand?post=695854"},{"taxonomy":"product_cat","embeddable":true,"href":"https:\/\/roveyayinevi.com.tr\/index.php\/wp-json\/wp\/v2\/product_cat?post=695854"},{"taxonomy":"product_tag","embeddable":true,"href":"https:\/\/roveyayinevi.com.tr\/index.php\/wp-json\/wp\/v2\/product_tag?post=695854"}],"curies":[{"name":"wp","href":"https:\/\/api.w.org\/{rel}","templated":true}]}}