{"id":695846,"date":"2025-08-27T14:31:33","date_gmt":"2025-08-27T11:31:33","guid":{"rendered":"https:\/\/roveyayinevi.com.tr\/index.php\/urun\/guzelim-alacati\/"},"modified":"2026-04-16T02:05:47","modified_gmt":"2026-04-15T23:05:47","slug":"guzelim-alacati","status":"publish","type":"product","link":"https:\/\/roveyayinevi.com.tr\/index.php\/urun\/guzelim-alacati\/","title":{"rendered":"G\u00fczelim Ala\u00e7at\u0131"},"content":{"rendered":"<p>Mimar ve e\u011fitimci kimli\u011finin yan\u0131 s\u0131ra insan, do\u011fa ve Ala\u00e7at\u0131 sevdal\u0131s\u0131 olan Esen Onat bu kitab\u0131nda altm\u0131\u015f be\u015f \u015fiirini sunuyor. Yedi \u015fiirinde do\u011frudan Ala\u00e7at\u0131\u2019y\u0131 anlat\u0131yor. \u00d6teki \u015fiirleri do\u011fa, sevgi ve insanl\u0131k de\u011ferleri ile ilgili i\u00e7eriklerle ve insanc\u0131l duyarl\u0131l\u0131klarla y\u00fckl\u00fc. Onat bu kitab\u0131nda al\u0131\u015f\u0131lm\u0131\u015f\u0131n d\u0131\u015f\u0131nda bir yakla\u015f\u0131mla otuz sekiz \u015fiirini foto\u011fraflarla g\u00f6rselle\u015ftirerek okuyucuyla iki y\u00f6nl\u00fc ileti\u015fim kuruyor. <\/p>\n","protected":false},"excerpt":{"rendered":"<p>Mimar ve e\u011fitimci kimli\u011finin yan\u0131 s\u0131ra insan, do\u011fa ve Ala\u00e7at\u0131 sevdal\u0131s\u0131 olan Esen Onat bu kitab\u0131nda altm\u0131\u015f be\u015f \u015fiirini sunuyor. Yedi \u015fiirinde do\u011frudan Ala\u00e7at\u0131\u2019y\u0131 anlat\u0131yor. \u00d6teki<span class=\"excerpt-hellip\"> [\u2026]<\/span><\/p>\n","protected":false},"featured_media":0,"template":"","meta":{"_monsterinsights_skip_tracking":false,"_monsterinsights_sitenote_active":false,"_monsterinsights_sitenote_note":"","_monsterinsights_sitenote_category":0},"product_brand":[],"product_cat":[12291,12509],"product_tag":[],"class_list":{"0":"post-695846","1":"product","2":"type-product","3":"status-publish","5":"product_cat-edebiyat","6":"product_cat-siir","7":"pa_tur-kitap","8":"pa_yayinevi-efil-yayinevi","9":"pa_yazar-esen-onat","11":"first","12":"instock","13":"sale","14":"shipping-taxable","15":"purchasable","16":"product-type-simple"},"_links":{"self":[{"href":"https:\/\/roveyayinevi.com.tr\/index.php\/wp-json\/wp\/v2\/product\/695846","targetHints":{"allow":["GET"]}}],"collection":[{"href":"https:\/\/roveyayinevi.com.tr\/index.php\/wp-json\/wp\/v2\/product"}],"about":[{"href":"https:\/\/roveyayinevi.com.tr\/index.php\/wp-json\/wp\/v2\/types\/product"}],"wp:attachment":[{"href":"https:\/\/roveyayinevi.com.tr\/index.php\/wp-json\/wp\/v2\/media?parent=695846"}],"wp:term":[{"taxonomy":"product_brand","embeddable":true,"href":"https:\/\/roveyayinevi.com.tr\/index.php\/wp-json\/wp\/v2\/product_brand?post=695846"},{"taxonomy":"product_cat","embeddable":true,"href":"https:\/\/roveyayinevi.com.tr\/index.php\/wp-json\/wp\/v2\/product_cat?post=695846"},{"taxonomy":"product_tag","embeddable":true,"href":"https:\/\/roveyayinevi.com.tr\/index.php\/wp-json\/wp\/v2\/product_tag?post=695846"}],"curies":[{"name":"wp","href":"https:\/\/api.w.org\/{rel}","templated":true}]}}