{"id":695782,"date":"2025-08-27T14:31:09","date_gmt":"2025-08-27T11:31:09","guid":{"rendered":"https:\/\/roveyayinevi.com.tr\/index.php\/urun\/sanayi-ve-imparatorluk\/"},"modified":"2026-04-16T02:05:45","modified_gmt":"2026-04-15T23:05:45","slug":"sanayi-ve-imparatorluk","status":"publish","type":"product","link":"https:\/\/roveyayinevi.com.tr\/index.php\/urun\/sanayi-ve-imparatorluk\/","title":{"rendered":"Sanayi ve \u0130mparatorluk"},"content":{"rendered":"<p>End\u00fcstri Devrimi, d\u00fcnya tarihindeki en \u00f6nemli d\u00f6n\u00fc\u015f\u00fcmd\u00fcr. Bu devrimin tarihi, bir s\u00fcre i\u00e7in tek bir \u00fclkenin, \u0130ngiltere\u2019nin tarihiyle \u00f6rt\u00fc\u015ft\u00fc. Hobsbawm\u2019\u0131n bu yap\u0131t\u0131, \u0130ngiltere\u2019nin end\u00fcstri \u00e7a\u011f\u0131n\u0131n s\u00fcper g\u00fcc\u00fc olarak ortaya \u00e7\u0131k\u0131\u015f\u0131n\u0131, zamanla \u00f6nc\u00fc rol\u00fcn\u00fc kaybedi\u015fini ve di\u011fer \u00fclkelerle ili\u015fkilerini betimlerken, bu s\u00fcrecin dinamiklerini de a\u00e7\u0131kl\u0131yor. Yo\u011fun ara\u015ft\u0131rmalara ve ate\u015fli tart\u0131\u015fmalara konu olan son iki y\u00fczy\u0131ll\u0131k \u0130ngiliz toplumsal ve iktisadi tarihini \u00f6zetleyen kitap, Hobsbawm\u2019\u0131n da \u00f6ns\u00f6zde belirtti\u011fi gibi \u00f6zg\u00fcn bir ara\u015ft\u0131rmadan ziyade bir sentez niteli\u011fini ta\u015f\u0131maktad\u0131r. Ancak ayr\u0131nt\u0131 ve \u00f6rneklerden yana hi\u00e7 de yoksul de\u011fildir. \u201c\u0130nsanl\u0131k tarihi boyunca, yeni ta\u015f devrinde tar\u0131m\u0131n, metalurjinin ve kentlerin ortaya \u00e7\u0131kmas\u0131ndan beri hi\u00e7bir de\u011fi\u015fim sanayile\u015fmenin ortaya \u00e7\u0131kmas\u0131 kadar derin etki yapmam\u0131\u015ft\u0131r. Bu geli\u015fme zorunlu ve ge\u00e7ici olarak kapitalist bir ekonomi ve kapitalist bir toplum bi\u00e7iminde ger\u00e7ekle\u015fmi\u015ftir.\u201d <\/p>\n","protected":false},"excerpt":{"rendered":"<p>End\u00fcstri Devrimi, d\u00fcnya tarihindeki en \u00f6nemli d\u00f6n\u00fc\u015f\u00fcmd\u00fcr. Bu devrimin tarihi, bir s\u00fcre i\u00e7in tek bir \u00fclkenin, \u0130ngiltere\u2019nin tarihiyle \u00f6rt\u00fc\u015ft\u00fc. Hobsbawm\u2019\u0131n bu yap\u0131t\u0131, \u0130ngiltere\u2019nin end\u00fcstri \u00e7a\u011f\u0131n\u0131n s\u00fcper<span class=\"excerpt-hellip\"> [\u2026]<\/span><\/p>\n","protected":false},"featured_media":0,"template":"","meta":{"_monsterinsights_skip_tracking":false,"_monsterinsights_sitenote_active":false,"_monsterinsights_sitenote_note":"","_monsterinsights_sitenote_category":0},"product_brand":[],"product_cat":[13044,13043],"product_tag":[],"class_list":{"0":"post-695782","1":"product","2":"type-product","3":"status-publish","5":"product_cat-dunya-ekonomisi","6":"product_cat-ekonomi","7":"pa_cilt-ciltsiz","8":"pa_tur-kitap","9":"pa_yayinevi-dost-kitabevi-yayinlari","10":"pa_yazar-eric-j-hobsbawm","12":"first","13":"instock","14":"sale","15":"shipping-taxable","16":"purchasable","17":"product-type-simple"},"_links":{"self":[{"href":"https:\/\/roveyayinevi.com.tr\/index.php\/wp-json\/wp\/v2\/product\/695782","targetHints":{"allow":["GET"]}}],"collection":[{"href":"https:\/\/roveyayinevi.com.tr\/index.php\/wp-json\/wp\/v2\/product"}],"about":[{"href":"https:\/\/roveyayinevi.com.tr\/index.php\/wp-json\/wp\/v2\/types\/product"}],"wp:attachment":[{"href":"https:\/\/roveyayinevi.com.tr\/index.php\/wp-json\/wp\/v2\/media?parent=695782"}],"wp:term":[{"taxonomy":"product_brand","embeddable":true,"href":"https:\/\/roveyayinevi.com.tr\/index.php\/wp-json\/wp\/v2\/product_brand?post=695782"},{"taxonomy":"product_cat","embeddable":true,"href":"https:\/\/roveyayinevi.com.tr\/index.php\/wp-json\/wp\/v2\/product_cat?post=695782"},{"taxonomy":"product_tag","embeddable":true,"href":"https:\/\/roveyayinevi.com.tr\/index.php\/wp-json\/wp\/v2\/product_tag?post=695782"}],"curies":[{"name":"wp","href":"https:\/\/api.w.org\/{rel}","templated":true}]}}