{"id":695778,"date":"2025-08-27T14:31:08","date_gmt":"2025-08-27T11:31:08","guid":{"rendered":"https:\/\/roveyayinevi.com.tr\/index.php\/urun\/misir-yunan-ve-roma-antik-akdeniz-uygarliklari\/"},"modified":"2026-04-16T02:05:45","modified_gmt":"2026-04-15T23:05:45","slug":"misir-yunan-ve-roma-antik-akdeniz-uygarliklari","status":"publish","type":"product","link":"https:\/\/roveyayinevi.com.tr\/index.php\/urun\/misir-yunan-ve-roma-antik-akdeniz-uygarliklari\/","title":{"rendered":"M\u0131s\u0131r, Yunan ve Roma Antik Akdeniz Uygarl\u0131klar\u0131"},"content":{"rendered":"<p>Antik Akdeniz uygarl\u0131klar\u0131 ve onlar aras\u0131ndaki k\u00fclt\u00fcrel etkile\u015fimin \u00e7a\u011fda\u015f d\u00fcnyaya y\u00f6n veren bask\u0131n bir vurguya sahip oldu\u011fu sav\u0131ndan hareket eden bu kitap, sadece bu k\u00fclt\u00fcrel ve toplumsal ortak paydan\u0131n de\u011fil, ayn\u0131 zamanda bu uygarl\u0131klar\u0131n da kendi i\u00e7inde \u00e7\u00f6z\u00fcmlendi\u011fi ba\u015fl\u0131ca bir kaynak olma niteli\u011fini ta\u015f\u0131yor. \u0130\u00d6 3200 tarihiyle ba\u015flayan geni\u015f bir ba\u011flam i\u00e7inde, insanl\u0131k tarihinin bir\u00e7ok alandaki temel kazan\u0131mlar\u0131n\u0131n k\u00f6keni oldu\u011funda birle\u015filen kapsaml\u0131 bir uygarl\u0131k \u00e7\u00f6z\u00fcmlemesi ve konuyu anla\u015f\u0131l\u0131r k\u0131lma amac\u0131n\u0131 g\u00fcden tamamlay\u0131c\u0131 \u015fema, \u00e7izelge, resim ve planlarla esasl\u0131 bir ba\u015fvuru kitab\u0131. <\/p>\n","protected":false},"excerpt":{"rendered":"<p>Antik Akdeniz uygarl\u0131klar\u0131 ve onlar aras\u0131ndaki k\u00fclt\u00fcrel etkile\u015fimin \u00e7a\u011fda\u015f d\u00fcnyaya y\u00f6n veren bask\u0131n bir vurguya sahip oldu\u011fu sav\u0131ndan hareket eden bu kitap, sadece bu k\u00fclt\u00fcrel ve<span class=\"excerpt-hellip\"> [\u2026]<\/span><\/p>\n","protected":false},"featured_media":0,"template":"","meta":{"_monsterinsights_skip_tracking":false,"_monsterinsights_sitenote_active":false,"_monsterinsights_sitenote_note":"","_monsterinsights_sitenote_category":0},"product_brand":[],"product_cat":[12312,12304],"product_tag":[],"class_list":{"0":"post-695778","1":"product","2":"type-product","3":"status-publish","5":"product_cat-diger","6":"product_cat-tarih","7":"pa_cilt-ciltsiz","8":"pa_tur-kitap","9":"pa_yayinevi-dost-kitabevi-yayinlari","10":"pa_yazar-charles-freeman","12":"first","13":"instock","14":"sale","15":"shipping-taxable","16":"purchasable","17":"product-type-simple"},"_links":{"self":[{"href":"https:\/\/roveyayinevi.com.tr\/index.php\/wp-json\/wp\/v2\/product\/695778","targetHints":{"allow":["GET"]}}],"collection":[{"href":"https:\/\/roveyayinevi.com.tr\/index.php\/wp-json\/wp\/v2\/product"}],"about":[{"href":"https:\/\/roveyayinevi.com.tr\/index.php\/wp-json\/wp\/v2\/types\/product"}],"wp:attachment":[{"href":"https:\/\/roveyayinevi.com.tr\/index.php\/wp-json\/wp\/v2\/media?parent=695778"}],"wp:term":[{"taxonomy":"product_brand","embeddable":true,"href":"https:\/\/roveyayinevi.com.tr\/index.php\/wp-json\/wp\/v2\/product_brand?post=695778"},{"taxonomy":"product_cat","embeddable":true,"href":"https:\/\/roveyayinevi.com.tr\/index.php\/wp-json\/wp\/v2\/product_cat?post=695778"},{"taxonomy":"product_tag","embeddable":true,"href":"https:\/\/roveyayinevi.com.tr\/index.php\/wp-json\/wp\/v2\/product_tag?post=695778"}],"curies":[{"name":"wp","href":"https:\/\/api.w.org\/{rel}","templated":true}]}}