{"id":695774,"date":"2025-08-27T14:31:07","date_gmt":"2025-08-27T11:31:07","guid":{"rendered":"https:\/\/roveyayinevi.com.tr\/index.php\/urun\/eglenmek-bizim-de-hakkimiz\/"},"modified":"2026-04-16T02:05:45","modified_gmt":"2026-04-15T23:05:45","slug":"eglenmek-bizim-de-hakkimiz","status":"publish","type":"product","link":"https:\/\/roveyayinevi.com.tr\/index.php\/urun\/eglenmek-bizim-de-hakkimiz\/","title":{"rendered":"E\u011flenmek Bizim de Hakk\u0131m\u0131z"},"content":{"rendered":"<p>Okulda tuhafl\u0131klar devam ediyor! A.J. ve arkada\u015flar\u0131 Beden E\u011fitimi dersinde futbol ya da basketbol oynay\u0131p spor yapacaklar\u0131n\u0131 d\u00fc\u015f\u00fcn\u00fcrken \u00f6\u011fretmenleri onlara sa\u00e7ma oyunlar oynat\u0131p Tavuk Dans\u0131 yapt\u0131r\u0131yor. Neyse ki yeni m\u00fczik \u00f6\u011fretmenleri \u00e7ok m\u00fcthi\u015f biri! Onun sayesinde okul e\u011flenceli bir yere d\u00f6n\u00fc\u015f\u00fcyor. Ne de olsa e\u011flenmek bizim kafadarlar\u0131n da hakk\u0131, \u00f6yle de\u011fil mi? \ufffcTan\u0131t\u0131m Metni<\/p>\n","protected":false},"excerpt":{"rendered":"<p>Okulda tuhafl\u0131klar devam ediyor! A.J. ve arkada\u015flar\u0131 Beden E\u011fitimi dersinde futbol ya da basketbol oynay\u0131p spor yapacaklar\u0131n\u0131 d\u00fc\u015f\u00fcn\u00fcrken \u00f6\u011fretmenleri onlara sa\u00e7ma oyunlar oynat\u0131p Tavuk Dans\u0131 yapt\u0131r\u0131yor.<span class=\"excerpt-hellip\"> [\u2026]<\/span><\/p>\n","protected":false},"featured_media":0,"template":"","meta":{"_monsterinsights_skip_tracking":false,"_monsterinsights_sitenote_active":false,"_monsterinsights_sitenote_note":"","_monsterinsights_sitenote_category":0},"product_brand":[],"product_cat":[12274,12284],"product_tag":[],"class_list":{"0":"post-695774","1":"product","2":"type-product","3":"status-publish","5":"product_cat-cocuk-ve-genclik-kitaplari","6":"product_cat-hikayeler","7":"pa_cilt-ciltli","8":"pa_tur-kitap","9":"pa_yayinevi-epsilon-yayinlari","10":"pa_yazar-dan-gutman","12":"first","13":"instock","14":"sale","15":"shipping-taxable","16":"purchasable","17":"product-type-simple"},"_links":{"self":[{"href":"https:\/\/roveyayinevi.com.tr\/index.php\/wp-json\/wp\/v2\/product\/695774","targetHints":{"allow":["GET"]}}],"collection":[{"href":"https:\/\/roveyayinevi.com.tr\/index.php\/wp-json\/wp\/v2\/product"}],"about":[{"href":"https:\/\/roveyayinevi.com.tr\/index.php\/wp-json\/wp\/v2\/types\/product"}],"wp:attachment":[{"href":"https:\/\/roveyayinevi.com.tr\/index.php\/wp-json\/wp\/v2\/media?parent=695774"}],"wp:term":[{"taxonomy":"product_brand","embeddable":true,"href":"https:\/\/roveyayinevi.com.tr\/index.php\/wp-json\/wp\/v2\/product_brand?post=695774"},{"taxonomy":"product_cat","embeddable":true,"href":"https:\/\/roveyayinevi.com.tr\/index.php\/wp-json\/wp\/v2\/product_cat?post=695774"},{"taxonomy":"product_tag","embeddable":true,"href":"https:\/\/roveyayinevi.com.tr\/index.php\/wp-json\/wp\/v2\/product_tag?post=695774"}],"curies":[{"name":"wp","href":"https:\/\/api.w.org\/{rel}","templated":true}]}}