{"id":695751,"date":"2025-08-27T14:31:01","date_gmt":"2025-08-27T11:31:01","guid":{"rendered":"https:\/\/roveyayinevi.com.tr\/index.php\/urun\/dilbilgisi-ve-dilbilim-terimleri-sozlugu\/"},"modified":"2026-04-16T02:05:44","modified_gmt":"2026-04-15T23:05:44","slug":"dilbilgisi-ve-dilbilim-terimleri-sozlugu","status":"publish","type":"product","link":"https:\/\/roveyayinevi.com.tr\/index.php\/urun\/dilbilgisi-ve-dilbilim-terimleri-sozlugu\/","title":{"rendered":"Dilbilgisi ve Dilbilim Terimleri S\u00f6zl\u00fc\u011f\u00fc"},"content":{"rendered":"<p>Hengirmen\u2019in bu kitab\u0131, hem dilbilgisi hem de dilbilim terimler s\u00f6zl\u00fc\u011f\u00fcn\u00fc birarada veren ilk ve tek \u00e7al\u0131\u015fmad\u0131r. Hen\u00fcz bir birlik sa\u011flanamam\u0131\u015f terimler konusunda birlik sa\u011flamak ve T\u00fcrk\u00e7e\u2019deki karga\u015fay\u0131 \u00f6nlemek amac\u0131yla haz\u0131rlanan kitapta, ayn\u0131 anlama gelen terimlerin T\u00fcrk\u00e7e olanlar\u0131 ve yayg\u0131n olarak kullun\u0131lanlar\u0131 tercih edilmi\u015ftir. Kitapta yal\u0131n bir dil kullan\u0131l\u0131rken bol \u00f6rnek g\u00f6sterilmesine \u00f6zen g\u00f6sterilmi\u015ftir. Terimlerin \u0130ngilizce, Almanca ve Frans\u0131zca kar\u015f\u0131l\u0131klar\u0131 verilmi\u015ftir. <\/p>\n","protected":false},"excerpt":{"rendered":"<p>Hengirmen\u2019in bu kitab\u0131, hem dilbilgisi hem de dilbilim terimler s\u00f6zl\u00fc\u011f\u00fcn\u00fc birarada veren ilk ve tek \u00e7al\u0131\u015fmad\u0131r. Hen\u00fcz bir birlik sa\u011flanamam\u0131\u015f terimler konusunda birlik sa\u011flamak ve T\u00fcrk\u00e7e\u2019deki<span class=\"excerpt-hellip\"> [\u2026]<\/span><\/p>\n","protected":false},"featured_media":0,"template":"","meta":{"_monsterinsights_skip_tracking":false,"_monsterinsights_sitenote_active":false,"_monsterinsights_sitenote_note":"","_monsterinsights_sitenote_category":0},"product_brand":[],"product_cat":[12364],"product_tag":[],"class_list":{"0":"post-695751","1":"product","2":"type-product","3":"status-publish","5":"product_cat-genel-konular","6":"pa_tur-kitap","7":"pa_yayinevi-engin-yayinevi","8":"pa_yazar-mehmet-hengirmen","10":"first","11":"instock","12":"sale","13":"shipping-taxable","14":"purchasable","15":"product-type-simple"},"_links":{"self":[{"href":"https:\/\/roveyayinevi.com.tr\/index.php\/wp-json\/wp\/v2\/product\/695751","targetHints":{"allow":["GET"]}}],"collection":[{"href":"https:\/\/roveyayinevi.com.tr\/index.php\/wp-json\/wp\/v2\/product"}],"about":[{"href":"https:\/\/roveyayinevi.com.tr\/index.php\/wp-json\/wp\/v2\/types\/product"}],"wp:attachment":[{"href":"https:\/\/roveyayinevi.com.tr\/index.php\/wp-json\/wp\/v2\/media?parent=695751"}],"wp:term":[{"taxonomy":"product_brand","embeddable":true,"href":"https:\/\/roveyayinevi.com.tr\/index.php\/wp-json\/wp\/v2\/product_brand?post=695751"},{"taxonomy":"product_cat","embeddable":true,"href":"https:\/\/roveyayinevi.com.tr\/index.php\/wp-json\/wp\/v2\/product_cat?post=695751"},{"taxonomy":"product_tag","embeddable":true,"href":"https:\/\/roveyayinevi.com.tr\/index.php\/wp-json\/wp\/v2\/product_tag?post=695751"}],"curies":[{"name":"wp","href":"https:\/\/api.w.org\/{rel}","templated":true}]}}