{"id":695733,"date":"2025-08-27T14:30:57","date_gmt":"2025-08-27T11:30:57","guid":{"rendered":"https:\/\/roveyayinevi.com.tr\/index.php\/urun\/ilhan-abi\/"},"modified":"2026-04-16T02:05:44","modified_gmt":"2026-04-15T23:05:44","slug":"ilhan-abi","status":"publish","type":"product","link":"https:\/\/roveyayinevi.com.tr\/index.php\/urun\/ilhan-abi\/","title":{"rendered":"\u0130lhan Abi"},"content":{"rendered":"<p>Gelecekte T\u00fcrk Bas\u0131n Tarihi yaz\u0131ld\u0131\u011f\u0131 zaman   \u0130lhan Sel\u00e7uk\u2019tan \u00f6nce   ve   \u0130lhan Sel\u00e7uk\u2019tan sonra   diye kal\u0131n \u00e7izgilerle ayr\u0131lacakt\u0131r. Bu durum Cumhuriyet gazetesinin tarihi i\u00e7in de ge\u00e7erlidir. Kimilerine bu sav \u00e7ok abart\u0131l\u0131 gelebilir. Bir sav\u0131 kabul etmek ya da reddetmek tarihi kimin yazd\u0131\u011f\u0131 ile ilintilidir. Bizimkisi kendi \u00e7ap\u0131m\u0131zda tarihe not d\u00fc\u015fmek. Ba\u015fkalar\u0131 da kendi notlar\u0131n\u0131 d\u00fc\u015fecektir. D\u00fc\u015f\u00fcyor da&#8230; Hangi notun kayda de\u011fer oldu\u011funu elbette zaman g\u00f6sterecek. <\/p>\n","protected":false},"excerpt":{"rendered":"<p>Gelecekte T\u00fcrk Bas\u0131n Tarihi yaz\u0131ld\u0131\u011f\u0131 zaman \u0130lhan Sel\u00e7uk\u2019tan \u00f6nce ve \u0130lhan Sel\u00e7uk\u2019tan sonra diye kal\u0131n \u00e7izgilerle ayr\u0131lacakt\u0131r. Bu durum Cumhuriyet gazetesinin tarihi i\u00e7in de ge\u00e7erlidir. Kimilerine<span class=\"excerpt-hellip\"> [\u2026]<\/span><\/p>\n","protected":false},"featured_media":0,"template":"","meta":{"_monsterinsights_skip_tracking":false,"_monsterinsights_sitenote_active":false,"_monsterinsights_sitenote_note":"","_monsterinsights_sitenote_category":0},"product_brand":[],"product_cat":[14009,12291],"product_tag":[],"class_list":{"0":"post-695733","1":"product","2":"type-product","3":"status-publish","5":"product_cat-biyografi-otobiyografi-edebiyat","6":"product_cat-edebiyat","7":"pa_tur-kitap","8":"pa_yayinevi-cumhuriyet-kitaplari","9":"pa_yazar-miyase-ilknur","11":"first","12":"instock","13":"sale","14":"shipping-taxable","15":"purchasable","16":"product-type-simple"},"_links":{"self":[{"href":"https:\/\/roveyayinevi.com.tr\/index.php\/wp-json\/wp\/v2\/product\/695733","targetHints":{"allow":["GET"]}}],"collection":[{"href":"https:\/\/roveyayinevi.com.tr\/index.php\/wp-json\/wp\/v2\/product"}],"about":[{"href":"https:\/\/roveyayinevi.com.tr\/index.php\/wp-json\/wp\/v2\/types\/product"}],"wp:attachment":[{"href":"https:\/\/roveyayinevi.com.tr\/index.php\/wp-json\/wp\/v2\/media?parent=695733"}],"wp:term":[{"taxonomy":"product_brand","embeddable":true,"href":"https:\/\/roveyayinevi.com.tr\/index.php\/wp-json\/wp\/v2\/product_brand?post=695733"},{"taxonomy":"product_cat","embeddable":true,"href":"https:\/\/roveyayinevi.com.tr\/index.php\/wp-json\/wp\/v2\/product_cat?post=695733"},{"taxonomy":"product_tag","embeddable":true,"href":"https:\/\/roveyayinevi.com.tr\/index.php\/wp-json\/wp\/v2\/product_tag?post=695733"}],"curies":[{"name":"wp","href":"https:\/\/api.w.org\/{rel}","templated":true}]}}