{"id":695728,"date":"2025-08-27T14:30:56","date_gmt":"2025-08-27T11:30:56","guid":{"rendered":"https:\/\/roveyayinevi.com.tr\/index.php\/urun\/hayyam\/"},"modified":"2026-04-16T02:05:44","modified_gmt":"2026-04-15T23:05:44","slug":"hayyam","status":"publish","type":"product","link":"https:\/\/roveyayinevi.com.tr\/index.php\/urun\/hayyam\/","title":{"rendered":"Hayyam"},"content":{"rendered":"<p>\u00d6ner Ya\u011fc\u0131\u2019n\u0131n d\u00fcn\u00fc bug\u00fcne, bug\u00fcn\u00fc yar\u0131na ba\u011flama d\u00fc\u015f\u00fcncesi \u0131\u015f\u0131\u011f\u0131nda haz\u0131rlad\u0131\u011f\u0131 bu kitapta, ba\u011fnazl\u0131\u011fa kar\u015f\u0131 \u00f6zg\u00fcrl\u00fc\u011f\u00fcn simgelerinden biri olarak y\u00fczy\u0131llar\u0131 a\u015f\u0131p g\u00fcn\u00fcm\u00fcze kadar gelen d\u00f6rtl\u00fckleriyle \u00f6l\u00fcms\u00fcz ozanlar aras\u0131nda yerini alan, \ufffcTan\u0131t\u0131m Metni<\/p>\n","protected":false},"excerpt":{"rendered":"<p>\u00d6ner Ya\u011fc\u0131\u2019n\u0131n d\u00fcn\u00fc bug\u00fcne, bug\u00fcn\u00fc yar\u0131na ba\u011flama d\u00fc\u015f\u00fcncesi \u0131\u015f\u0131\u011f\u0131nda haz\u0131rlad\u0131\u011f\u0131 bu kitapta, ba\u011fnazl\u0131\u011fa kar\u015f\u0131 \u00f6zg\u00fcrl\u00fc\u011f\u00fcn simgelerinden biri olarak y\u00fczy\u0131llar\u0131 a\u015f\u0131p g\u00fcn\u00fcm\u00fcze kadar gelen d\u00f6rtl\u00fckleriyle \u00f6l\u00fcms\u00fcz ozanlar<span class=\"excerpt-hellip\"> [\u2026]<\/span><\/p>\n","protected":false},"featured_media":0,"template":"","meta":{"_monsterinsights_skip_tracking":false,"_monsterinsights_sitenote_active":false,"_monsterinsights_sitenote_note":"","_monsterinsights_sitenote_category":0},"product_brand":[],"product_cat":[14009,12291],"product_tag":[],"class_list":{"0":"post-695728","1":"product","2":"type-product","3":"status-publish","5":"product_cat-biyografi-otobiyografi-edebiyat","6":"product_cat-edebiyat","7":"pa_tur-kitap","8":"pa_yayinevi-cumhuriyet-kitaplari","9":"pa_yazar-oner-yagci","11":"first","12":"instock","13":"sale","14":"shipping-taxable","15":"purchasable","16":"product-type-simple"},"_links":{"self":[{"href":"https:\/\/roveyayinevi.com.tr\/index.php\/wp-json\/wp\/v2\/product\/695728","targetHints":{"allow":["GET"]}}],"collection":[{"href":"https:\/\/roveyayinevi.com.tr\/index.php\/wp-json\/wp\/v2\/product"}],"about":[{"href":"https:\/\/roveyayinevi.com.tr\/index.php\/wp-json\/wp\/v2\/types\/product"}],"wp:attachment":[{"href":"https:\/\/roveyayinevi.com.tr\/index.php\/wp-json\/wp\/v2\/media?parent=695728"}],"wp:term":[{"taxonomy":"product_brand","embeddable":true,"href":"https:\/\/roveyayinevi.com.tr\/index.php\/wp-json\/wp\/v2\/product_brand?post=695728"},{"taxonomy":"product_cat","embeddable":true,"href":"https:\/\/roveyayinevi.com.tr\/index.php\/wp-json\/wp\/v2\/product_cat?post=695728"},{"taxonomy":"product_tag","embeddable":true,"href":"https:\/\/roveyayinevi.com.tr\/index.php\/wp-json\/wp\/v2\/product_tag?post=695728"}],"curies":[{"name":"wp","href":"https:\/\/api.w.org\/{rel}","templated":true}]}}