{"id":695701,"date":"2025-08-27T14:30:49","date_gmt":"2025-08-27T11:30:49","guid":{"rendered":"https:\/\/roveyayinevi.com.tr\/index.php\/urun\/sacmaliklar-cagi\/"},"modified":"2026-04-16T02:05:43","modified_gmt":"2026-04-15T23:05:43","slug":"sacmaliklar-cagi","status":"publish","type":"product","link":"https:\/\/roveyayinevi.com.tr\/index.php\/urun\/sacmaliklar-cagi\/","title":{"rendered":"Sa\u00e7mal\u0131klar \u00c7a\u011f\u0131"},"content":{"rendered":"<p>Bug\u00fcne dek hi\u00e7 bu kadar fazlas\u0131 bu denli \u00e7ok ve \u015fiddetle istenmemi\u015fti&#8230; \u0130yi haber: b\u00fcy\u00fck d\u00fc\u015f\u00fcn\u00fcrlerin hepsi mutluluk konusunda benzer re\u00e7eteler \u00f6nermi\u015ftir. K\u00f6t\u00fc haber: Modern hayat bu re\u00e7eteleri uygulanamaz k\u0131lmak konusunda fazlas\u0131yla h\u00fcnerli. Bizden bolca t\u00fcketim, y\u00fcksek heyecanl\u0131 ili\u015fkiler ve ebedi gen\u00e7lik isteyen bug\u00fcn\u00fcn d\u00fcnyas\u0131nda kendimizi tatminsizlik ve yo\u011fun endi\u015fe hisleri i\u00e7erisinde bulmam\u0131z, herkesin bizden daha iyi vakit ge\u00e7irdi\u011fi korkusuna kap\u0131lmam\u0131z i\u015ften bile de\u011fil. Sa\u00e7mal\u0131klar \u00c7a\u011f\u0131 i\u015fte bu can yak\u0131c\u0131 sorunu konu ediyor. Yirmi birinci y\u00fczy\u0131lda \u00e7al\u0131\u015f\u0131r, sever ve ya\u015flan\u0131rken tatmin duygusunun nas\u0131l bizden h\u0131zla uzakla\u015ft\u0131\u011f\u0131na y\u00f6nelik e\u011flenceli ve zeki bir ara\u015ft\u0131rma sunuyor Michael Foley. En eski yaz\u0131lardan en son psikolojik ara\u015ft\u0131rmalara, G\u0131lgame\u015f Destan\u0131\u2019ndan Oz B\u00fcy\u00fcc\u00fcs\u00fc\u2019ne, Buda\u2019dan David Foster Wallace\u2019a uzanan geni\u015f bir kaynak yelpazesinden faydalanan Foley g\u00fcn\u00fcm\u00fcz\u00fcn k\u00fclt\u00fcrel \u015fartland\u0131rmalar\u0131n\u0131n abs\u00fcrd do\u011fas\u0131na alayc\u0131 bir \u0131\u015f\u0131k tutuyor ve \u00e7a\u011f\u0131m\u0131z\u0131 su\u00e7lu ilan edip reddetmek yerine modern ya\u015fam\u0131, i\u00e7eri\u011findeki yo\u011fun sa\u00e7mal\u0131\u011f\u0131 kavramak suretiyle sadece kabule de\u011fil, kucaklamaya da y\u00f6nelik bir tav\u0131r \u00f6neriyor. Buraya kitap i\u00e7in daha fazlas\u0131n\u0131 yazmak m\u00fcmk\u00fcn ama Foley hakl\u0131ysa buna gerek yok zira siz \u015fu anda yan taraftaki m\u00fczik reyonundan gelen \u015fark\u0131yla, telefonunuza gelen mesajla ya da yan\u0131n\u0131zaki bayan\u0131n size farkettirmek i\u00e7in u\u011fra\u015ft\u0131\u011f\u0131 yeni \u00e7antas\u0131yla \u00e7oktan ba\u015fka alemlere dald\u0131n\u0131z. &#8220;Modern hayat t\u00fcm mecralar\u0131yla sizi k\u0131r\u0131k hayaller, mutsuzluk kayna\u011f\u0131 h\u0131rslara iteliyor. Foley\u2019nin zeki ve fazlas\u0131yla e\u011flenceli kitab\u0131 bunun \u00fcstesinden gelmenize yard\u0131m edebilir.&#8221; -Guardian-<\/p>\n","protected":false},"excerpt":{"rendered":"<p>Bug\u00fcne dek hi\u00e7 bu kadar fazlas\u0131 bu denli \u00e7ok ve \u015fiddetle istenmemi\u015fti&#8230; \u0130yi haber: b\u00fcy\u00fck d\u00fc\u015f\u00fcn\u00fcrlerin hepsi mutluluk konusunda benzer re\u00e7eteler \u00f6nermi\u015ftir. K\u00f6t\u00fc haber: Modern hayat<span class=\"excerpt-hellip\"> [\u2026]<\/span><\/p>\n","protected":false},"featured_media":0,"template":"","meta":{"_monsterinsights_skip_tracking":false,"_monsterinsights_sitenote_active":false,"_monsterinsights_sitenote_note":"","_monsterinsights_sitenote_category":0},"product_brand":[],"product_cat":[12718,18102,12719],"product_tag":[],"class_list":{"0":"post-695701","1":"product","2":"type-product","3":"status-publish","5":"product_cat-din","6":"product_cat-edebiyat-roman","7":"product_cat-islam","8":"pa_cilt-ciltsiz","9":"pa_tur-kitap","10":"pa_yayinevi-domingo-yayinevi","11":"pa_yazar-michael-foley","13":"first","14":"instock","15":"sale","16":"shipping-taxable","17":"purchasable","18":"product-type-simple"},"_links":{"self":[{"href":"https:\/\/roveyayinevi.com.tr\/index.php\/wp-json\/wp\/v2\/product\/695701","targetHints":{"allow":["GET"]}}],"collection":[{"href":"https:\/\/roveyayinevi.com.tr\/index.php\/wp-json\/wp\/v2\/product"}],"about":[{"href":"https:\/\/roveyayinevi.com.tr\/index.php\/wp-json\/wp\/v2\/types\/product"}],"wp:attachment":[{"href":"https:\/\/roveyayinevi.com.tr\/index.php\/wp-json\/wp\/v2\/media?parent=695701"}],"wp:term":[{"taxonomy":"product_brand","embeddable":true,"href":"https:\/\/roveyayinevi.com.tr\/index.php\/wp-json\/wp\/v2\/product_brand?post=695701"},{"taxonomy":"product_cat","embeddable":true,"href":"https:\/\/roveyayinevi.com.tr\/index.php\/wp-json\/wp\/v2\/product_cat?post=695701"},{"taxonomy":"product_tag","embeddable":true,"href":"https:\/\/roveyayinevi.com.tr\/index.php\/wp-json\/wp\/v2\/product_tag?post=695701"}],"curies":[{"name":"wp","href":"https:\/\/api.w.org\/{rel}","templated":true}]}}